{"id":1367,"date":"2026-03-14T08:27:44","date_gmt":"2026-03-14T07:27:44","guid":{"rendered":"https:\/\/antykomunistyczni.pl\/index.php\/directory-antykomuna\/organizacje_antykomunistyczne\/stowarzyszenie-ojczyzna-zbiorowy-obowiazek\/"},"modified":"2026-03-14T17:10:48","modified_gmt":"2026-03-14T16:10:48","slug":"stowarzyszenie-ojczyzna-zbiorowy-obowiazek","status":"publish","type":"antykomuna_dir_ltg","link":"https:\/\/antykomunistyczni.pl\/index.php\/directory-antykomuna\/organizacje_antykomunistyczne\/stowarzyszenie-ojczyzna-zbiorowy-obowiazek\/","title":{"rendered":"Stowarzyszenie Ojczyzna Zbiorowy Obowi\u0105zek"},"author":0,"comment_status":"closed","ping_status":"closed","template":"","antykomuna_dir_tag":[],"antykomuna_loc_loc":[],"class_list":["post-1367","antykomuna_dir_ltg","type-antykomuna_dir_ltg","status-publish","hentry"],"yoast_head":"<!-- This site is optimized with the Yoast SEO plugin v28.4 - https:\/\/yoast.com\/product\/yoast-seo-wordpress\/ -->\n<title>Stowarzyszenie Ojczyzna Zbiorowy Obowi\u0105zek - Antykomunistyczni.pl<\/title>\n<meta name=\"robots\" content=\"index, follow, max-snippet:-1, max-image-preview:large, max-video-preview:-1\" \/>\n<link rel=\"canonical\" href=\"https:\/\/antykomunistyczni.pl\/index.php\/directory-antykomuna\/organizacje_antykomunistyczne\/stowarzyszenie-ojczyzna-zbiorowy-obowiazek\/\" \/>\n<meta property=\"og:locale\" content=\"pl_PL\" \/>\n<meta property=\"og:type\" content=\"article\" \/>\n<meta property=\"og:title\" content=\"Stowarzyszenie Ojczyzna Zbiorowy Obowi\u0105zek - Antykomunistyczni.pl\" \/>\n<meta property=\"og:description\" content=\"Ooddolna organizacja \u015brodowiska opozycji antykomunistycznej \u2013 skupiona na wsparciu prawnym i socjalnym dla represjonowanych PRL, upami\u0119tnianiu walki z komunizmem i obronie praw kombatanckich w III RP. Zrzesza osoby, kt\u00f3re walczy\u0142y z systemem komunistycznym w Polsce w okresie 1956\u20131989 (opozycja antykomunistyczna, represjonowani politycznie, wi\u0119\u017aniowie polityczni, dzia\u0142acze podziemia niepodleg\u0142o\u015bciowego). G\u0142\u00f3wne cele statutowe i dzia\u0142alno\u015b\u0107: Organizacja wpisana jest [&hellip;]\" \/>\n<meta property=\"og:url\" content=\"https:\/\/antykomunistyczni.pl\/index.php\/directory-antykomuna\/organizacje_antykomunistyczne\/stowarzyszenie-ojczyzna-zbiorowy-obowiazek\/\" \/>\n<meta property=\"og:site_name\" content=\"Antykomunistyczni.pl\" \/>\n<meta property=\"article:publisher\" content=\"https:\/\/www.facebook.com\/antykomunistyczni\/\" \/>\n<meta property=\"article:modified_time\" content=\"2026-03-14T16:10:48+00:00\" \/>\n<meta property=\"og:image\" content=\"https:\/\/antykomunistyczni.pl\/wp-content\/uploads\/2026\/02\/AntykomunistyczniLogoSquare.png\" \/>\n\t<meta property=\"og:image:width\" content=\"1024\" \/>\n\t<meta property=\"og:image:height\" content=\"1024\" \/>\n\t<meta property=\"og:image:type\" content=\"image\/png\" \/>\n<meta name=\"twitter:card\" content=\"summary_large_image\" \/>\n<meta name=\"twitter:site\" content=\"@anty_komunisci\" \/>\n<script type=\"application\/ld+json\" class=\"yoast-schema-graph\">{\"@context\":\"https:\\\/\\\/schema.org\",\"@graph\":[{\"@type\":\"WebPage\",\"@id\":\"https:\\\/\\\/antykomunistyczni.pl\\\/index.php\\\/directory-antykomuna\\\/organizacje_antykomunistyczne\\\/stowarzyszenie-ojczyzna-zbiorowy-obowiazek\\\/\",\"url\":\"https:\\\/\\\/antykomunistyczni.pl\\\/index.php\\\/directory-antykomuna\\\/organizacje_antykomunistyczne\\\/stowarzyszenie-ojczyzna-zbiorowy-obowiazek\\\/\",\"name\":\"Stowarzyszenie Ojczyzna Zbiorowy Obowi\u0105zek - Antykomunistyczni.pl\",\"isPartOf\":{\"@id\":\"https:\\\/\\\/antykomunistyczni.pl\\\/#website\"},\"datePublished\":\"2026-03-14T07:27:44+00:00\",\"dateModified\":\"2026-03-14T16:10:48+00:00\",\"breadcrumb\":{\"@id\":\"https:\\\/\\\/antykomunistyczni.pl\\\/index.php\\\/directory-antykomuna\\\/organizacje_antykomunistyczne\\\/stowarzyszenie-ojczyzna-zbiorowy-obowiazek\\\/#breadcrumb\"},\"inLanguage\":\"pl-PL\",\"potentialAction\":[{\"@type\":\"ReadAction\",\"target\":[\"https:\\\/\\\/antykomunistyczni.pl\\\/index.php\\\/directory-antykomuna\\\/organizacje_antykomunistyczne\\\/stowarzyszenie-ojczyzna-zbiorowy-obowiazek\\\/\"]}]},{\"@type\":\"BreadcrumbList\",\"@id\":\"https:\\\/\\\/antykomunistyczni.pl\\\/index.php\\\/directory-antykomuna\\\/organizacje_antykomunistyczne\\\/stowarzyszenie-ojczyzna-zbiorowy-obowiazek\\\/#breadcrumb\",\"itemListElement\":[{\"@type\":\"ListItem\",\"position\":1,\"name\":\"Strona g\u0142\u00f3wna\",\"item\":\"https:\\\/\\\/antykomunistyczni.pl\\\/\"},{\"@type\":\"ListItem\",\"position\":2,\"name\":\"Stowarzyszenie Ojczyzna Zbiorowy Obowi\u0105zek\"}]},{\"@type\":\"WebSite\",\"@id\":\"https:\\\/\\\/antykomunistyczni.pl\\\/#website\",\"url\":\"https:\\\/\\\/antykomunistyczni.pl\\\/\",\"name\":\"Antykomunistyczni.pl\",\"description\":\"\",\"publisher\":{\"@id\":\"https:\\\/\\\/antykomunistyczni.pl\\\/#organization\"},\"alternateName\":\"Historia PRL, zbrodnie komunistyczne w Polsce i na \u015bwiecie\",\"potentialAction\":[{\"@type\":\"SearchAction\",\"target\":{\"@type\":\"EntryPoint\",\"urlTemplate\":\"https:\\\/\\\/antykomunistyczni.pl\\\/?s={search_term_string}\"},\"query-input\":{\"@type\":\"PropertyValueSpecification\",\"valueRequired\":true,\"valueName\":\"search_term_string\"}}],\"inLanguage\":\"pl-PL\"},{\"@type\":\"Organization\",\"@id\":\"https:\\\/\\\/antykomunistyczni.pl\\\/#organization\",\"name\":\"Antykomunistyczni.pl\",\"url\":\"https:\\\/\\\/antykomunistyczni.pl\\\/\",\"logo\":{\"@type\":\"ImageObject\",\"inLanguage\":\"pl-PL\",\"@id\":\"https:\\\/\\\/antykomunistyczni.pl\\\/#\\\/schema\\\/logo\\\/image\\\/\",\"url\":\"https:\\\/\\\/antykomunistyczni.pl\\\/wp-content\\\/uploads\\\/2026\\\/02\\\/cropped-AntykomunistyczniLogoSquare150x150-2.png\",\"contentUrl\":\"https:\\\/\\\/antykomunistyczni.pl\\\/wp-content\\\/uploads\\\/2026\\\/02\\\/cropped-AntykomunistyczniLogoSquare150x150-2.png\",\"width\":150,\"height\":150,\"caption\":\"Antykomunistyczni.pl\"},\"image\":{\"@id\":\"https:\\\/\\\/antykomunistyczni.pl\\\/#\\\/schema\\\/logo\\\/image\\\/\"},\"sameAs\":[\"https:\\\/\\\/www.facebook.com\\\/antykomunistyczni\\\/\",\"https:\\\/\\\/x.com\\\/anty_komunisci\"]}]}<\/script>\n<!-- \/ Yoast SEO plugin. -->","yoast_head_json":{"title":"Stowarzyszenie Ojczyzna Zbiorowy Obowi\u0105zek - Antykomunistyczni.pl","robots":{"index":"index","follow":"follow","max-snippet":"max-snippet:-1","max-image-preview":"max-image-preview:large","max-video-preview":"max-video-preview:-1"},"canonical":"https:\/\/antykomunistyczni.pl\/index.php\/directory-antykomuna\/organizacje_antykomunistyczne\/stowarzyszenie-ojczyzna-zbiorowy-obowiazek\/","og_locale":"pl_PL","og_type":"article","og_title":"Stowarzyszenie Ojczyzna Zbiorowy Obowi\u0105zek - Antykomunistyczni.pl","og_description":"Ooddolna organizacja \u015brodowiska opozycji antykomunistycznej \u2013 skupiona na wsparciu prawnym i socjalnym dla represjonowanych PRL, upami\u0119tnianiu walki z komunizmem i obronie praw kombatanckich w III RP. Zrzesza osoby, kt\u00f3re walczy\u0142y z systemem komunistycznym w Polsce w okresie 1956\u20131989 (opozycja antykomunistyczna, represjonowani politycznie, wi\u0119\u017aniowie polityczni, dzia\u0142acze podziemia niepodleg\u0142o\u015bciowego). G\u0142\u00f3wne cele statutowe i dzia\u0142alno\u015b\u0107: Organizacja wpisana jest [&hellip;]","og_url":"https:\/\/antykomunistyczni.pl\/index.php\/directory-antykomuna\/organizacje_antykomunistyczne\/stowarzyszenie-ojczyzna-zbiorowy-obowiazek\/","og_site_name":"Antykomunistyczni.pl","article_publisher":"https:\/\/www.facebook.com\/antykomunistyczni\/","article_modified_time":"2026-03-14T16:10:48+00:00","og_image":[{"width":1024,"height":1024,"url":"https:\/\/antykomunistyczni.pl\/wp-content\/uploads\/2026\/02\/AntykomunistyczniLogoSquare.png","type":"image\/png"}],"twitter_card":"summary_large_image","twitter_site":"@anty_komunisci","schema":{"@context":"https:\/\/schema.org","@graph":[{"@type":"WebPage","@id":"https:\/\/antykomunistyczni.pl\/index.php\/directory-antykomuna\/organizacje_antykomunistyczne\/stowarzyszenie-ojczyzna-zbiorowy-obowiazek\/","url":"https:\/\/antykomunistyczni.pl\/index.php\/directory-antykomuna\/organizacje_antykomunistyczne\/stowarzyszenie-ojczyzna-zbiorowy-obowiazek\/","name":"Stowarzyszenie Ojczyzna Zbiorowy Obowi\u0105zek - Antykomunistyczni.pl","isPartOf":{"@id":"https:\/\/antykomunistyczni.pl\/#website"},"datePublished":"2026-03-14T07:27:44+00:00","dateModified":"2026-03-14T16:10:48+00:00","breadcrumb":{"@id":"https:\/\/antykomunistyczni.pl\/index.php\/directory-antykomuna\/organizacje_antykomunistyczne\/stowarzyszenie-ojczyzna-zbiorowy-obowiazek\/#breadcrumb"},"inLanguage":"pl-PL","potentialAction":[{"@type":"ReadAction","target":["https:\/\/antykomunistyczni.pl\/index.php\/directory-antykomuna\/organizacje_antykomunistyczne\/stowarzyszenie-ojczyzna-zbiorowy-obowiazek\/"]}]},{"@type":"BreadcrumbList","@id":"https:\/\/antykomunistyczni.pl\/index.php\/directory-antykomuna\/organizacje_antykomunistyczne\/stowarzyszenie-ojczyzna-zbiorowy-obowiazek\/#breadcrumb","itemListElement":[{"@type":"ListItem","position":1,"name":"Strona g\u0142\u00f3wna","item":"https:\/\/antykomunistyczni.pl\/"},{"@type":"ListItem","position":2,"name":"Stowarzyszenie Ojczyzna Zbiorowy Obowi\u0105zek"}]},{"@type":"WebSite","@id":"https:\/\/antykomunistyczni.pl\/#website","url":"https:\/\/antykomunistyczni.pl\/","name":"Antykomunistyczni.pl","description":"","publisher":{"@id":"https:\/\/antykomunistyczni.pl\/#organization"},"alternateName":"Historia PRL, zbrodnie komunistyczne w Polsce i na \u015bwiecie","potentialAction":[{"@type":"SearchAction","target":{"@type":"EntryPoint","urlTemplate":"https:\/\/antykomunistyczni.pl\/?s={search_term_string}"},"query-input":{"@type":"PropertyValueSpecification","valueRequired":true,"valueName":"search_term_string"}}],"inLanguage":"pl-PL"},{"@type":"Organization","@id":"https:\/\/antykomunistyczni.pl\/#organization","name":"Antykomunistyczni.pl","url":"https:\/\/antykomunistyczni.pl\/","logo":{"@type":"ImageObject","inLanguage":"pl-PL","@id":"https:\/\/antykomunistyczni.pl\/#\/schema\/logo\/image\/","url":"https:\/\/antykomunistyczni.pl\/wp-content\/uploads\/2026\/02\/cropped-AntykomunistyczniLogoSquare150x150-2.png","contentUrl":"https:\/\/antykomunistyczni.pl\/wp-content\/uploads\/2026\/02\/cropped-AntykomunistyczniLogoSquare150x150-2.png","width":150,"height":150,"caption":"Antykomunistyczni.pl"},"image":{"@id":"https:\/\/antykomunistyczni.pl\/#\/schema\/logo\/image\/"},"sameAs":["https:\/\/www.facebook.com\/antykomunistyczni\/","https:\/\/x.com\/anty_komunisci"]}]}},"drts_fields":{"field_phone":["+48 22 371 11 58"],"field_email":[],"field_website":[],"field_date_established":[],"location_address":[{"address":"6, Cieszy\u0144ska, Szopy Polskie, Ksawer\u00f3w, Mokot\u00f3w, Warszawa, wojew\u00f3dztwo mazowieckie, 02-716, Polska","street":"Cieszy\u0144ska 6 lok. 15","street2":"","city":"Warszawa","province":"wojew\u00f3dztwo mazowieckie","zip":"02-716","country":"Polska","timezone":"","zoom":10,"lat":52.183436,"lng":21.026678,"term_id":0,"display_address":"Cieszy\u0144ska 6 lok. 15, 02-716, Warszawa, Polska"}],"field_skrot_nazwy_popularna_nazwa2":[],"field_status_organizacji2":["U\u015bpiona"],"field_data_rozwiazania_delegalizacji2":[],"field_powod_delegalizacji2":[false],"field_szacunkowa_liczba_czlonkow2":[],"field_powiazania_miedzynarodowe2":false,"field_kluczowe_wydarzenia2":["2001 \u2013 rejestracja stowarzyszenia; pocz\u0105tek zrzeszania represjonowanych i opozycjonist\u00f3w.\r\n\r\n2009 \u2013 zbiorowa petycja do Senatu RP (118 podpis\u00f3w od stowarzyszenia + 53 osoby popieraj\u0105ce) w sprawie zmiany zasad waloryzacji rent\/emerytur \u017co\u0142nierzy i represjonowanych (skierowana do komisji KPCPP).\r\n\r\nLata 2010\u20132020 \u2013 reprezentowanie cz\u0142onk\u00f3w w sprawach kombatanckich (wnioski o status dzia\u0142acza opozycji, legitymacje, odznaki honorowe UdSKiOR).\r\n\r\n2021\u20132026 \u2013 kontynuacja statutowa (spotkania zarz\u0105du, pomoc cz\u0142onkom w procedurach rentowych i odszkodowawczych); brak g\u0142o\u015bnych akcji publicznych (niska widoczno\u015b\u0107 medialna)."],"field_liderzy_organizacji2":["Eugeniusz Brach \u2013 Prezes Zarz\u0105du od 25 czerwca 2001 r. najd\u0142u\u017cej urz\u0119duj\u0105cy i g\u0142\u00f3wna posta\u0107 stowarzyszenia"],"field_powiazania_miedzynarodowe_opis1":[false]},"_links":{"self":[{"href":"https:\/\/antykomunistyczni.pl\/index.php\/wp-json\/wp\/v2\/antykomuna_dir_ltg\/1367","targetHints":{"allow":["GET"]}}],"collection":[{"href":"https:\/\/antykomunistyczni.pl\/index.php\/wp-json\/wp\/v2\/antykomuna_dir_ltg"}],"about":[{"href":"https:\/\/antykomunistyczni.pl\/index.php\/wp-json\/wp\/v2\/types\/antykomuna_dir_ltg"}],"replies":[{"embeddable":true,"href":"https:\/\/antykomunistyczni.pl\/index.php\/wp-json\/wp\/v2\/comments?post=1367"}],"wp:attachment":[{"href":"https:\/\/antykomunistyczni.pl\/index.php\/wp-json\/wp\/v2\/media?parent=1367"}],"wp:term":[{"taxonomy":"antykomuna_dir_tag","embeddable":true,"href":"https:\/\/antykomunistyczni.pl\/index.php\/wp-json\/wp\/v2\/antykomuna_dir_tag?post=1367"},{"taxonomy":"antykomuna_loc_loc","embeddable":true,"href":"https:\/\/antykomunistyczni.pl\/index.php\/wp-json\/wp\/v2\/antykomuna_loc_loc?post=1367"}],"curies":[{"name":"wp","href":"https:\/\/api.w.org\/{rel}","templated":true}]}}

Stowarzyszenie Ojczyzna Zbiorowy Obowiązek

<!-- This site is optimized with the Yoast SEO plugin v28.4 - https://yoast.com/product/yoast-seo-wordpress/ -->
<title>Stowarzyszenie Ojczyzna Zbiorowy Obowiązek - Antykomunistyczni.pl</title>
<meta name="robots" content="index, follow, max-snippet:-1, max-image-preview:large, max-video-preview:-1" />
<link rel="canonical" href="https://antykomunistyczni.pl/index.php/directory-antykomuna/organizacje_antykomunistyczne/stowarzyszenie-ojczyzna-zbiorowy-obowiazek/" />
<meta property="og:locale" content="pl_PL" />
<meta property="og:type" content="article" />
<meta property="og:title" content="Stowarzyszenie Ojczyzna Zbiorowy Obowiązek - Antykomunistyczni.pl" />
<meta property="og:description" content="Ooddolna organizacja środowiska opozycji antykomunistycznej – skupiona na wsparciu prawnym i socjalnym dla represjonowanych PRL, upamiętnianiu walki z komunizmem i obronie praw kombatanckich w III RP. Zrzesza osoby, które walczyły z systemem komunistycznym w Polsce w okresie 1956–1989 (opozycja antykomunistyczna, represjonowani politycznie, więźniowie polityczni, działacze podziemia niepodległościowego). Główne cele statutowe i działalność: Organizacja wpisana jest [&hellip;]" />
<meta property="og:url" content="https://antykomunistyczni.pl/index.php/directory-antykomuna/organizacje_antykomunistyczne/stowarzyszenie-ojczyzna-zbiorowy-obowiazek/" />
<meta property="og:site_name" content="Antykomunistyczni.pl" />
<meta property="article:publisher" content="https://www.facebook.com/antykomunistyczni/" />
<meta property="article:modified_time" content="2026-03-14T16:10:48+00:00" />
<meta property="og:image" content="https://antykomunistyczni.pl/wp-content/uploads/2026/02/AntykomunistyczniLogoSquare.png" />
	<meta property="og:image:width" content="1024" />
	<meta property="og:image:height" content="1024" />
	<meta property="og:image:type" content="image/png" />
<meta name="twitter:card" content="summary_large_image" />
<meta name="twitter:site" content="@anty_komunisci" />
<script type="application/ld+json" class="yoast-schema-graph">{"@context":"https:\/\/schema.org","@graph":[{"@type":"WebPage","@id":"https:\/\/antykomunistyczni.pl\/index.php\/directory-antykomuna\/organizacje_antykomunistyczne\/stowarzyszenie-ojczyzna-zbiorowy-obowiazek\/","url":"https:\/\/antykomunistyczni.pl\/index.php\/directory-antykomuna\/organizacje_antykomunistyczne\/stowarzyszenie-ojczyzna-zbiorowy-obowiazek\/","name":"Stowarzyszenie Ojczyzna Zbiorowy Obowiązek - Antykomunistyczni.pl","isPartOf":{"@id":"https:\/\/antykomunistyczni.pl\/#website"},"datePublished":"2026-03-14T07:27:44+00:00","dateModified":"2026-03-14T16:10:48+00:00","breadcrumb":{"@id":"https:\/\/antykomunistyczni.pl\/index.php\/directory-antykomuna\/organizacje_antykomunistyczne\/stowarzyszenie-ojczyzna-zbiorowy-obowiazek\/#breadcrumb"},"inLanguage":"pl-PL","potentialAction":[{"@type":"ReadAction","target":["https:\/\/antykomunistyczni.pl\/index.php\/directory-antykomuna\/organizacje_antykomunistyczne\/stowarzyszenie-ojczyzna-zbiorowy-obowiazek\/"]}]},{"@type":"BreadcrumbList","@id":"https:\/\/antykomunistyczni.pl\/index.php\/directory-antykomuna\/organizacje_antykomunistyczne\/stowarzyszenie-ojczyzna-zbiorowy-obowiazek\/#breadcrumb","itemListElement":[{"@type":"ListItem","position":1,"name":"Strona główna","item":"https:\/\/antykomunistyczni.pl\/"},{"@type":"ListItem","position":2,"name":"Stowarzyszenie Ojczyzna Zbiorowy Obowiązek"}]},{"@type":"WebSite","@id":"https:\/\/antykomunistyczni.pl\/#website","url":"https:\/\/antykomunistyczni.pl\/","name":"Antykomunistyczni.pl","description":"","publisher":{"@id":"https:\/\/antykomunistyczni.pl\/#organization"},"alternateName":"Historia PRL, zbrodnie komunistyczne w Polsce i na świecie","potentialAction":[{"@type":"SearchAction","target":{"@type":"EntryPoint","urlTemplate":"https:\/\/antykomunistyczni.pl\/?s={search_term_string}"},"query-input":{"@type":"PropertyValueSpecification","valueRequired":true,"valueName":"search_term_string"}}],"inLanguage":"pl-PL"},{"@type":"Organization","@id":"https:\/\/antykomunistyczni.pl\/#organization","name":"Antykomunistyczni.pl","url":"https:\/\/antykomunistyczni.pl\/","logo":{"@type":"ImageObject","inLanguage":"pl-PL","@id":"https:\/\/antykomunistyczni.pl\/#\/schema\/logo\/image\/","url":"https:\/\/antykomunistyczni.pl\/wp-content\/uploads\/2026\/02\/cropped-AntykomunistyczniLogoSquare150x150-2.png","contentUrl":"https:\/\/antykomunistyczni.pl\/wp-content\/uploads\/2026\/02\/cropped-AntykomunistyczniLogoSquare150x150-2.png","width":150,"height":150,"caption":"Antykomunistyczni.pl"},"image":{"@id":"https:\/\/antykomunistyczni.pl\/#\/schema\/logo\/image\/"},"sameAs":["https:\/\/www.facebook.com\/antykomunistyczni\/","https:\/\/x.com\/anty_komunisci"]}]}</script>
<!-- / Yoast SEO plugin. -->

Stowarzyszenie Ojczyzna Zbiorowy Obowiązek - Antykomunistyczni.pl

Ooddolna organizacja środowiska opozycji antykomunistycznej – skupiona na wsparciu prawnym i socjalnym dla represjonowanych PRL, upamiętnianiu walki z komunizmem i obronie praw kombatanckich w III RP. Zrzesza osoby, które walczyły z systemem komunistycznym w Polsce w okresie 1956–1989 (opozycja antykomunistyczna, represjonowani politycznie, więźniowie polityczni, działacze podziemia niepodległościowego). Główne cele statutowe i działalność: Organizacja wpisana jest [&hellip;]

Strona główna

Historia PRL, zbrodnie komunistyczne w Polsce i na świecie

6, Cieszyńska, Szopy Polskie, Ksawerów, Mokotów, Warszawa, województwo mazowieckie, 02-716, Polska

Cieszyńska 6 lok. 15

województwo mazowieckie

Cieszyńska 6 lok. 15, 02-716, Warszawa, Polska

Uśpiona

2001 – rejestracja stowarzyszenia; początek zrzeszania represjonowanych i opozycjonistów.

2009 – zbiorowa petycja do Senatu RP (118 podpisów od stowarzyszenia + 53 osoby popierające) w sprawie zmiany zasad waloryzacji rent/emerytur żołnierzy i represjonowanych (skierowana do komisji KPCPP).

Lata 2010–2020 – reprezentowanie członków w sprawach kombatanckich (wnioski o status działacza opozycji, legitymacje, odznaki honorowe UdSKiOR).

2021–2026 – kontynuacja statutowa (spotkania zarządu, pomoc członkom w procedurach rentowych i odszkodowawczych); brak głośnych akcji publicznych (niska widoczność medialna).

Eugeniusz Brach – Prezes Zarządu od 25 czerwca 2001 r. najdłużej urzędujący i główna postać stowarzyszenia
