{"id":1385,"date":"2026-03-14T10:16:41","date_gmt":"2026-03-14T09:16:41","guid":{"rendered":"https:\/\/antykomunistyczni.pl\/index.php\/directory-antykomuna\/organizacje_antykomunistyczne\/konwent-seniorow-solidarnosci\/"},"modified":"2026-03-16T19:40:55","modified_gmt":"2026-03-16T18:40:55","slug":"konwent-seniorow-solidarnosci","status":"publish","type":"antykomuna_dir_ltg","link":"https:\/\/antykomunistyczni.pl\/index.php\/directory-antykomuna\/organizacje_antykomunistyczne\/konwent-seniorow-solidarnosci\/","title":{"rendered":"Konwent Senior\u00f3w Solidarno\u015bci"},"author":0,"comment_status":"closed","ping_status":"closed","template":"","antykomuna_dir_tag":[],"antykomuna_loc_loc":[],"class_list":["post-1385","antykomuna_dir_ltg","type-antykomuna_dir_ltg","status-publish","hentry"],"yoast_head":"<!-- This site is optimized with the Yoast SEO plugin v28.4 - https:\/\/yoast.com\/product\/yoast-seo-wordpress\/ -->\n<title>Konwent Senior\u00f3w Solidarno\u015bci - Antykomunistyczni.pl<\/title>\n<meta name=\"robots\" content=\"index, follow, max-snippet:-1, max-image-preview:large, max-video-preview:-1\" \/>\n<link rel=\"canonical\" href=\"https:\/\/antykomunistyczni.pl\/index.php\/directory-antykomuna\/organizacje_antykomunistyczne\/konwent-seniorow-solidarnosci\/\" \/>\n<meta property=\"og:locale\" content=\"pl_PL\" \/>\n<meta property=\"og:type\" content=\"article\" \/>\n<meta property=\"og:title\" content=\"Konwent Senior\u00f3w Solidarno\u015bci - Antykomunistyczni.pl\" \/>\n<meta property=\"og:description\" content=\"Konwent Senior\u00f3w Solidarno\u015bci to nieformalna, kole\u017ce\u0144ska grupa \/ \u015brodowisko os\u00f3b z najbli\u017cszego otoczenia Lecha Wa\u0142\u0119sy z okresu powstania NSZZ \u201eSolidarno\u015b\u0107\u201d (sierpie\u0144 1980 \u2013 stan wojenny 1981 i p\u00f3\u017aniej). G\u0142\u00f3wne elementy dzia\u0142alno\u015bci: Grupa nie ma formalnego statutu ani zarz\u0105du w KRS \u2013 dzia\u0142a jako lu\u017ane \u015brodowisko kole\u017ce\u0144skie z kontaktami mailowymi i profilem na Facebooku. W oficjalnych [&hellip;]\" \/>\n<meta property=\"og:url\" content=\"https:\/\/antykomunistyczni.pl\/index.php\/directory-antykomuna\/organizacje_antykomunistyczne\/konwent-seniorow-solidarnosci\/\" \/>\n<meta property=\"og:site_name\" content=\"Antykomunistyczni.pl\" \/>\n<meta property=\"article:publisher\" content=\"https:\/\/www.facebook.com\/antykomunistyczni\/\" \/>\n<meta property=\"article:modified_time\" content=\"2026-03-16T18:40:55+00:00\" \/>\n<meta property=\"og:image\" content=\"https:\/\/antykomunistyczni.pl\/wp-content\/uploads\/2026\/02\/AntykomunistyczniLogoSquare.png\" \/>\n\t<meta property=\"og:image:width\" content=\"1024\" \/>\n\t<meta property=\"og:image:height\" content=\"1024\" \/>\n\t<meta property=\"og:image:type\" content=\"image\/png\" \/>\n<meta name=\"twitter:card\" content=\"summary_large_image\" \/>\n<meta name=\"twitter:site\" content=\"@anty_komunisci\" \/>\n<meta name=\"twitter:label1\" content=\"Szacowany czas czytania\" \/>\n\t<meta name=\"twitter:data1\" content=\"1 minuta\" \/>\n<script type=\"application\/ld+json\" class=\"yoast-schema-graph\">{\"@context\":\"https:\\\/\\\/schema.org\",\"@graph\":[{\"@type\":\"WebPage\",\"@id\":\"https:\\\/\\\/antykomunistyczni.pl\\\/index.php\\\/directory-antykomuna\\\/organizacje_antykomunistyczne\\\/konwent-seniorow-solidarnosci\\\/\",\"url\":\"https:\\\/\\\/antykomunistyczni.pl\\\/index.php\\\/directory-antykomuna\\\/organizacje_antykomunistyczne\\\/konwent-seniorow-solidarnosci\\\/\",\"name\":\"Konwent Senior\u00f3w Solidarno\u015bci - Antykomunistyczni.pl\",\"isPartOf\":{\"@id\":\"https:\\\/\\\/antykomunistyczni.pl\\\/#website\"},\"datePublished\":\"2026-03-14T09:16:41+00:00\",\"dateModified\":\"2026-03-16T18:40:55+00:00\",\"breadcrumb\":{\"@id\":\"https:\\\/\\\/antykomunistyczni.pl\\\/index.php\\\/directory-antykomuna\\\/organizacje_antykomunistyczne\\\/konwent-seniorow-solidarnosci\\\/#breadcrumb\"},\"inLanguage\":\"pl-PL\",\"potentialAction\":[{\"@type\":\"ReadAction\",\"target\":[\"https:\\\/\\\/antykomunistyczni.pl\\\/index.php\\\/directory-antykomuna\\\/organizacje_antykomunistyczne\\\/konwent-seniorow-solidarnosci\\\/\"]}]},{\"@type\":\"BreadcrumbList\",\"@id\":\"https:\\\/\\\/antykomunistyczni.pl\\\/index.php\\\/directory-antykomuna\\\/organizacje_antykomunistyczne\\\/konwent-seniorow-solidarnosci\\\/#breadcrumb\",\"itemListElement\":[{\"@type\":\"ListItem\",\"position\":1,\"name\":\"Strona g\u0142\u00f3wna\",\"item\":\"https:\\\/\\\/antykomunistyczni.pl\\\/\"},{\"@type\":\"ListItem\",\"position\":2,\"name\":\"Konwent Senior\u00f3w Solidarno\u015bci\"}]},{\"@type\":\"WebSite\",\"@id\":\"https:\\\/\\\/antykomunistyczni.pl\\\/#website\",\"url\":\"https:\\\/\\\/antykomunistyczni.pl\\\/\",\"name\":\"Antykomunistyczni.pl\",\"description\":\"\",\"publisher\":{\"@id\":\"https:\\\/\\\/antykomunistyczni.pl\\\/#organization\"},\"alternateName\":\"Historia PRL, zbrodnie komunistyczne w Polsce i na \u015bwiecie\",\"potentialAction\":[{\"@type\":\"SearchAction\",\"target\":{\"@type\":\"EntryPoint\",\"urlTemplate\":\"https:\\\/\\\/antykomunistyczni.pl\\\/?s={search_term_string}\"},\"query-input\":{\"@type\":\"PropertyValueSpecification\",\"valueRequired\":true,\"valueName\":\"search_term_string\"}}],\"inLanguage\":\"pl-PL\"},{\"@type\":\"Organization\",\"@id\":\"https:\\\/\\\/antykomunistyczni.pl\\\/#organization\",\"name\":\"Antykomunistyczni.pl\",\"url\":\"https:\\\/\\\/antykomunistyczni.pl\\\/\",\"logo\":{\"@type\":\"ImageObject\",\"inLanguage\":\"pl-PL\",\"@id\":\"https:\\\/\\\/antykomunistyczni.pl\\\/#\\\/schema\\\/logo\\\/image\\\/\",\"url\":\"https:\\\/\\\/antykomunistyczni.pl\\\/wp-content\\\/uploads\\\/2026\\\/02\\\/cropped-AntykomunistyczniLogoSquare150x150-2.png\",\"contentUrl\":\"https:\\\/\\\/antykomunistyczni.pl\\\/wp-content\\\/uploads\\\/2026\\\/02\\\/cropped-AntykomunistyczniLogoSquare150x150-2.png\",\"width\":150,\"height\":150,\"caption\":\"Antykomunistyczni.pl\"},\"image\":{\"@id\":\"https:\\\/\\\/antykomunistyczni.pl\\\/#\\\/schema\\\/logo\\\/image\\\/\"},\"sameAs\":[\"https:\\\/\\\/www.facebook.com\\\/antykomunistyczni\\\/\",\"https:\\\/\\\/x.com\\\/anty_komunisci\"]}]}<\/script>\n<!-- \/ Yoast SEO plugin. -->","yoast_head_json":{"title":"Konwent Senior\u00f3w Solidarno\u015bci - Antykomunistyczni.pl","robots":{"index":"index","follow":"follow","max-snippet":"max-snippet:-1","max-image-preview":"max-image-preview:large","max-video-preview":"max-video-preview:-1"},"canonical":"https:\/\/antykomunistyczni.pl\/index.php\/directory-antykomuna\/organizacje_antykomunistyczne\/konwent-seniorow-solidarnosci\/","og_locale":"pl_PL","og_type":"article","og_title":"Konwent Senior\u00f3w Solidarno\u015bci - Antykomunistyczni.pl","og_description":"Konwent Senior\u00f3w Solidarno\u015bci to nieformalna, kole\u017ce\u0144ska grupa \/ \u015brodowisko os\u00f3b z najbli\u017cszego otoczenia Lecha Wa\u0142\u0119sy z okresu powstania NSZZ \u201eSolidarno\u015b\u0107\u201d (sierpie\u0144 1980 \u2013 stan wojenny 1981 i p\u00f3\u017aniej). G\u0142\u00f3wne elementy dzia\u0142alno\u015bci: Grupa nie ma formalnego statutu ani zarz\u0105du w KRS \u2013 dzia\u0142a jako lu\u017ane \u015brodowisko kole\u017ce\u0144skie z kontaktami mailowymi i profilem na Facebooku. W oficjalnych [&hellip;]","og_url":"https:\/\/antykomunistyczni.pl\/index.php\/directory-antykomuna\/organizacje_antykomunistyczne\/konwent-seniorow-solidarnosci\/","og_site_name":"Antykomunistyczni.pl","article_publisher":"https:\/\/www.facebook.com\/antykomunistyczni\/","article_modified_time":"2026-03-16T18:40:55+00:00","og_image":[{"width":1024,"height":1024,"url":"https:\/\/antykomunistyczni.pl\/wp-content\/uploads\/2026\/02\/AntykomunistyczniLogoSquare.png","type":"image\/png"}],"twitter_card":"summary_large_image","twitter_site":"@anty_komunisci","twitter_misc":{"Szacowany czas czytania":"1 minuta"},"schema":{"@context":"https:\/\/schema.org","@graph":[{"@type":"WebPage","@id":"https:\/\/antykomunistyczni.pl\/index.php\/directory-antykomuna\/organizacje_antykomunistyczne\/konwent-seniorow-solidarnosci\/","url":"https:\/\/antykomunistyczni.pl\/index.php\/directory-antykomuna\/organizacje_antykomunistyczne\/konwent-seniorow-solidarnosci\/","name":"Konwent Senior\u00f3w Solidarno\u015bci - Antykomunistyczni.pl","isPartOf":{"@id":"https:\/\/antykomunistyczni.pl\/#website"},"datePublished":"2026-03-14T09:16:41+00:00","dateModified":"2026-03-16T18:40:55+00:00","breadcrumb":{"@id":"https:\/\/antykomunistyczni.pl\/index.php\/directory-antykomuna\/organizacje_antykomunistyczne\/konwent-seniorow-solidarnosci\/#breadcrumb"},"inLanguage":"pl-PL","potentialAction":[{"@type":"ReadAction","target":["https:\/\/antykomunistyczni.pl\/index.php\/directory-antykomuna\/organizacje_antykomunistyczne\/konwent-seniorow-solidarnosci\/"]}]},{"@type":"BreadcrumbList","@id":"https:\/\/antykomunistyczni.pl\/index.php\/directory-antykomuna\/organizacje_antykomunistyczne\/konwent-seniorow-solidarnosci\/#breadcrumb","itemListElement":[{"@type":"ListItem","position":1,"name":"Strona g\u0142\u00f3wna","item":"https:\/\/antykomunistyczni.pl\/"},{"@type":"ListItem","position":2,"name":"Konwent Senior\u00f3w Solidarno\u015bci"}]},{"@type":"WebSite","@id":"https:\/\/antykomunistyczni.pl\/#website","url":"https:\/\/antykomunistyczni.pl\/","name":"Antykomunistyczni.pl","description":"","publisher":{"@id":"https:\/\/antykomunistyczni.pl\/#organization"},"alternateName":"Historia PRL, zbrodnie komunistyczne w Polsce i na \u015bwiecie","potentialAction":[{"@type":"SearchAction","target":{"@type":"EntryPoint","urlTemplate":"https:\/\/antykomunistyczni.pl\/?s={search_term_string}"},"query-input":{"@type":"PropertyValueSpecification","valueRequired":true,"valueName":"search_term_string"}}],"inLanguage":"pl-PL"},{"@type":"Organization","@id":"https:\/\/antykomunistyczni.pl\/#organization","name":"Antykomunistyczni.pl","url":"https:\/\/antykomunistyczni.pl\/","logo":{"@type":"ImageObject","inLanguage":"pl-PL","@id":"https:\/\/antykomunistyczni.pl\/#\/schema\/logo\/image\/","url":"https:\/\/antykomunistyczni.pl\/wp-content\/uploads\/2026\/02\/cropped-AntykomunistyczniLogoSquare150x150-2.png","contentUrl":"https:\/\/antykomunistyczni.pl\/wp-content\/uploads\/2026\/02\/cropped-AntykomunistyczniLogoSquare150x150-2.png","width":150,"height":150,"caption":"Antykomunistyczni.pl"},"image":{"@id":"https:\/\/antykomunistyczni.pl\/#\/schema\/logo\/image\/"},"sameAs":["https:\/\/www.facebook.com\/antykomunistyczni\/","https:\/\/x.com\/anty_komunisci"]}]}},"drts_fields":{"field_phone":[],"field_email":["gwozdz@oliwa.com.pl"],"field_website":["https:\/\/www.konwentsolidarnosci.pl\/"],"field_date_established":[],"location_address":[{"address":"Jack\u2019s Bar & Restaurant Fahrenheit Gda\u0144sk, 39\/40, D\u0142ugi Targ, G\u0142\u00f3wne Miasto, \u015ar\u00f3dmie\u015bcie, Gda\u0144sk, 80-828, Polska","street":"","street2":"","city":"Gda\u0144sk","province":"","zip":"","country":"Polska","timezone":"Europe\/Warsaw","zoom":10,"lat":54.348291000000003,"lng":18.654022999999999,"term_id":0,"display_address":"Gda\u0144sk, Polska"}],"field_skrot_nazwy_popularna_nazwa2":[],"field_status_organizacji2":["Aktywna"],"field_data_rozwiazania_delegalizacji2":[],"field_powod_delegalizacji2":[false],"field_szacunkowa_liczba_czlonkow2":[],"field_powiazania_miedzynarodowe2":false,"field_kluczowe_wydarzenia2":["Lata 2000\u20132010 \u2013 pierwsze spotkania Konwentu w Gda\u0144sku, Olsztynie, Warszawie (m.in. apel Wa\u0142\u0119sy o spisanie historii \u201eSolidarno\u015bci\u201d, 2008).\r\n\r\n2015 \u2013 obchody 35-lecia \u201eSolidarno\u015bci\u201d z udzia\u0142em Konwentu (Lake Forest, USA; Polska).\r\n\r\n2023 \u2013 wyst\u0105pienie Zbigniewa Bujaka na spotkaniu Konwentu (Gda\u0144sk, 13 kwietnia 2023).\r\n\r\n2025\u20132026 \u2013 aktywno\u015b\u0107 na Facebooku: krytyka zmian w ECS (np. Bogdan Lis jako szef Rady ECS), rocznice, apele solidarno\u015bciowe z Ukrain\u0105."],"field_liderzy_organizacji2":["Lech Wa\u0142\u0119sa \u2013 honorowy patron i centralna posta\u0107 (cz\u0119sto wspominany jako za\u0142o\u017cyciel idei Konwentu).\r\n\r\nZbigniew Bujak \u2013 aktywny m\u00f3wca i uczestnik spotka\u0144 (wyst\u0105pienia 2023).\r\n\r\nInni: Bogdan Lis, Tadeusz Jedynak (historyczni cz\u0142onkowie), Stefan Jurczak (powi\u0105zany z ECS i mediami)."],"field_powiazania_miedzynarodowe_opis1":[false]},"_links":{"self":[{"href":"https:\/\/antykomunistyczni.pl\/index.php\/wp-json\/wp\/v2\/antykomuna_dir_ltg\/1385","targetHints":{"allow":["GET"]}}],"collection":[{"href":"https:\/\/antykomunistyczni.pl\/index.php\/wp-json\/wp\/v2\/antykomuna_dir_ltg"}],"about":[{"href":"https:\/\/antykomunistyczni.pl\/index.php\/wp-json\/wp\/v2\/types\/antykomuna_dir_ltg"}],"replies":[{"embeddable":true,"href":"https:\/\/antykomunistyczni.pl\/index.php\/wp-json\/wp\/v2\/comments?post=1385"}],"wp:attachment":[{"href":"https:\/\/antykomunistyczni.pl\/index.php\/wp-json\/wp\/v2\/media?parent=1385"}],"wp:term":[{"taxonomy":"antykomuna_dir_tag","embeddable":true,"href":"https:\/\/antykomunistyczni.pl\/index.php\/wp-json\/wp\/v2\/antykomuna_dir_tag?post=1385"},{"taxonomy":"antykomuna_loc_loc","embeddable":true,"href":"https:\/\/antykomunistyczni.pl\/index.php\/wp-json\/wp\/v2\/antykomuna_loc_loc?post=1385"}],"curies":[{"name":"wp","href":"https:\/\/api.w.org\/{rel}","templated":true}]}}

Konwent Seniorów Solidarności

<!-- This site is optimized with the Yoast SEO plugin v28.4 - https://yoast.com/product/yoast-seo-wordpress/ -->
<title>Konwent Seniorów Solidarności - Antykomunistyczni.pl</title>
<meta name="robots" content="index, follow, max-snippet:-1, max-image-preview:large, max-video-preview:-1" />
<link rel="canonical" href="https://antykomunistyczni.pl/index.php/directory-antykomuna/organizacje_antykomunistyczne/konwent-seniorow-solidarnosci/" />
<meta property="og:locale" content="pl_PL" />
<meta property="og:type" content="article" />
<meta property="og:title" content="Konwent Seniorów Solidarności - Antykomunistyczni.pl" />
<meta property="og:description" content="Konwent Seniorów Solidarności to nieformalna, koleżeńska grupa / środowisko osób z najbliższego otoczenia Lecha Wałęsy z okresu powstania NSZZ „Solidarność” (sierpień 1980 – stan wojenny 1981 i później). Główne elementy działalności: Grupa nie ma formalnego statutu ani zarządu w KRS – działa jako luźne środowisko koleżeńskie z kontaktami mailowymi i profilem na Facebooku. W oficjalnych [&hellip;]" />
<meta property="og:url" content="https://antykomunistyczni.pl/index.php/directory-antykomuna/organizacje_antykomunistyczne/konwent-seniorow-solidarnosci/" />
<meta property="og:site_name" content="Antykomunistyczni.pl" />
<meta property="article:publisher" content="https://www.facebook.com/antykomunistyczni/" />
<meta property="article:modified_time" content="2026-03-16T18:40:55+00:00" />
<meta property="og:image" content="https://antykomunistyczni.pl/wp-content/uploads/2026/02/AntykomunistyczniLogoSquare.png" />
	<meta property="og:image:width" content="1024" />
	<meta property="og:image:height" content="1024" />
	<meta property="og:image:type" content="image/png" />
<meta name="twitter:card" content="summary_large_image" />
<meta name="twitter:site" content="@anty_komunisci" />
<meta name="twitter:label1" content="Szacowany czas czytania" />
	<meta name="twitter:data1" content="1 minuta" />
<script type="application/ld+json" class="yoast-schema-graph">{"@context":"https:\/\/schema.org","@graph":[{"@type":"WebPage","@id":"https:\/\/antykomunistyczni.pl\/index.php\/directory-antykomuna\/organizacje_antykomunistyczne\/konwent-seniorow-solidarnosci\/","url":"https:\/\/antykomunistyczni.pl\/index.php\/directory-antykomuna\/organizacje_antykomunistyczne\/konwent-seniorow-solidarnosci\/","name":"Konwent Seniorów Solidarności - Antykomunistyczni.pl","isPartOf":{"@id":"https:\/\/antykomunistyczni.pl\/#website"},"datePublished":"2026-03-14T09:16:41+00:00","dateModified":"2026-03-16T18:40:55+00:00","breadcrumb":{"@id":"https:\/\/antykomunistyczni.pl\/index.php\/directory-antykomuna\/organizacje_antykomunistyczne\/konwent-seniorow-solidarnosci\/#breadcrumb"},"inLanguage":"pl-PL","potentialAction":[{"@type":"ReadAction","target":["https:\/\/antykomunistyczni.pl\/index.php\/directory-antykomuna\/organizacje_antykomunistyczne\/konwent-seniorow-solidarnosci\/"]}]},{"@type":"BreadcrumbList","@id":"https:\/\/antykomunistyczni.pl\/index.php\/directory-antykomuna\/organizacje_antykomunistyczne\/konwent-seniorow-solidarnosci\/#breadcrumb","itemListElement":[{"@type":"ListItem","position":1,"name":"Strona główna","item":"https:\/\/antykomunistyczni.pl\/"},{"@type":"ListItem","position":2,"name":"Konwent Seniorów Solidarności"}]},{"@type":"WebSite","@id":"https:\/\/antykomunistyczni.pl\/#website","url":"https:\/\/antykomunistyczni.pl\/","name":"Antykomunistyczni.pl","description":"","publisher":{"@id":"https:\/\/antykomunistyczni.pl\/#organization"},"alternateName":"Historia PRL, zbrodnie komunistyczne w Polsce i na świecie","potentialAction":[{"@type":"SearchAction","target":{"@type":"EntryPoint","urlTemplate":"https:\/\/antykomunistyczni.pl\/?s={search_term_string}"},"query-input":{"@type":"PropertyValueSpecification","valueRequired":true,"valueName":"search_term_string"}}],"inLanguage":"pl-PL"},{"@type":"Organization","@id":"https:\/\/antykomunistyczni.pl\/#organization","name":"Antykomunistyczni.pl","url":"https:\/\/antykomunistyczni.pl\/","logo":{"@type":"ImageObject","inLanguage":"pl-PL","@id":"https:\/\/antykomunistyczni.pl\/#\/schema\/logo\/image\/","url":"https:\/\/antykomunistyczni.pl\/wp-content\/uploads\/2026\/02\/cropped-AntykomunistyczniLogoSquare150x150-2.png","contentUrl":"https:\/\/antykomunistyczni.pl\/wp-content\/uploads\/2026\/02\/cropped-AntykomunistyczniLogoSquare150x150-2.png","width":150,"height":150,"caption":"Antykomunistyczni.pl"},"image":{"@id":"https:\/\/antykomunistyczni.pl\/#\/schema\/logo\/image\/"},"sameAs":["https:\/\/www.facebook.com\/antykomunistyczni\/","https:\/\/x.com\/anty_komunisci"]}]}</script>
<!-- / Yoast SEO plugin. -->

Konwent Seniorów Solidarności - Antykomunistyczni.pl

Konwent Seniorów Solidarności to nieformalna, koleżeńska grupa / środowisko osób z najbliższego otoczenia Lecha Wałęsy z okresu powstania NSZZ „Solidarność” (sierpień 1980 – stan wojenny 1981 i później). Główne elementy działalności: Grupa nie ma formalnego statutu ani zarządu w KRS – działa jako luźne środowisko koleżeńskie z kontaktami mailowymi i profilem na Facebooku. W oficjalnych [&hellip;]

Strona główna

Historia PRL, zbrodnie komunistyczne w Polsce i na świecie

Jack’s Bar & Restaurant Fahrenheit Gdańsk, 39/40, Długi Targ, Główne Miasto, Śródmieście, Gdańsk, 80-828, Polska

Gdańsk

Gdańsk, Polska

Lata 2000–2010 – pierwsze spotkania Konwentu w Gdańsku, Olsztynie, Warszawie (m.in. apel Wałęsy o spisanie historii „Solidarności”, 2008).

2015 – obchody 35-lecia „Solidarności” z udziałem Konwentu (Lake Forest, USA; Polska).

2023 – wystąpienie Zbigniewa Bujaka na spotkaniu Konwentu (Gdańsk, 13 kwietnia 2023).

2025–2026 – aktywność na Facebooku: krytyka zmian w ECS (np. Bogdan Lis jako szef Rady ECS), rocznice, apele solidarnościowe z Ukrainą.

Lech Wałęsa – honorowy patron i centralna postać (często wspominany jako założyciel idei Konwentu).

Zbigniew Bujak – aktywny mówca i uczestnik spotkań (wystąpienia 2023).

Inni: Bogdan Lis, Tadeusz Jedynak (historyczni członkowie), Stefan Jurczak (powiązany z ECS i mediami).
