{"id":1404,"date":"2026-03-14T10:16:44","date_gmt":"2026-03-14T09:16:44","guid":{"rendered":"https:\/\/antykomunistyczni.pl\/index.php\/directory-antykomuna\/organizacje_antykomunistyczne\/stowarzyszenie-kobiet-internowanych-wiezionych-i-represjonowanych\/"},"modified":"2026-03-14T15:22:19","modified_gmt":"2026-03-14T14:22:19","slug":"stowarzyszenie-kobiet-internowanych-wiezionych-i-represjonowanych","status":"publish","type":"antykomuna_dir_ltg","link":"https:\/\/antykomunistyczni.pl\/index.php\/directory-antykomuna\/organizacje_antykomunistyczne\/stowarzyszenie-kobiet-internowanych-wiezionych-i-represjonowanych\/","title":{"rendered":"Stowarzyszenie Kobiet Internowanych, Wi\u0119zionych i Represjonowanych"},"author":0,"comment_status":"closed","ping_status":"closed","template":"","antykomuna_dir_tag":[],"antykomuna_loc_loc":[],"class_list":["post-1404","antykomuna_dir_ltg","type-antykomuna_dir_ltg","status-publish","hentry"],"yoast_head":"<!-- This site is optimized with the Yoast SEO plugin v28.4 - https:\/\/yoast.com\/product\/yoast-seo-wordpress\/ -->\n<title>Stowarzyszenie Kobiet Internowanych, Wi\u0119zionych i Represjonowanych - Antykomunistyczni.pl<\/title>\n<meta name=\"robots\" content=\"index, follow, max-snippet:-1, max-image-preview:large, max-video-preview:-1\" \/>\n<link rel=\"canonical\" href=\"https:\/\/antykomunistyczni.pl\/index.php\/directory-antykomuna\/organizacje_antykomunistyczne\/stowarzyszenie-kobiet-internowanych-wiezionych-i-represjonowanych\/\" \/>\n<meta property=\"og:locale\" content=\"pl_PL\" \/>\n<meta property=\"og:type\" content=\"article\" \/>\n<meta property=\"og:title\" content=\"Stowarzyszenie Kobiet Internowanych, Wi\u0119zionych i Represjonowanych - Antykomunistyczni.pl\" \/>\n<meta property=\"og:description\" content=\"Og\u00f3lnopolska (z silnym akcentem mazowieckim) organizacja zrzeszaj\u0105ca kobiety, kt\u00f3re w okresie stanu wojennego (1981\u20131983) oraz w szerszym okresie PRL by\u0142y internowane, wi\u0119zione, aresztowane, represjonowane lub szykanowane za dzia\u0142alno\u015b\u0107 opozycyjn\u0105, g\u0142\u00f3wnie w ramach NSZZ \u201eSolidarno\u015b\u0107\u201d. G\u0142\u00f3wne cele statutowe i praktyczne: W okresie stanu wojennego internowano i uwi\u0119ziono ponad 1000 kobiet (r\u00f3\u017cne szacunki: 1000\u20131200), w tym wiele [&hellip;]\" \/>\n<meta property=\"og:url\" content=\"https:\/\/antykomunistyczni.pl\/index.php\/directory-antykomuna\/organizacje_antykomunistyczne\/stowarzyszenie-kobiet-internowanych-wiezionych-i-represjonowanych\/\" \/>\n<meta property=\"og:site_name\" content=\"Antykomunistyczni.pl\" \/>\n<meta property=\"article:publisher\" content=\"https:\/\/www.facebook.com\/antykomunistyczni\/\" \/>\n<meta property=\"article:modified_time\" content=\"2026-03-14T14:22:19+00:00\" \/>\n<meta property=\"og:image\" content=\"https:\/\/antykomunistyczni.pl\/wp-content\/uploads\/2026\/02\/AntykomunistyczniLogoSquare.png\" \/>\n\t<meta property=\"og:image:width\" content=\"1024\" \/>\n\t<meta property=\"og:image:height\" content=\"1024\" \/>\n\t<meta property=\"og:image:type\" content=\"image\/png\" \/>\n<meta name=\"twitter:card\" content=\"summary_large_image\" \/>\n<meta name=\"twitter:site\" content=\"@anty_komunisci\" \/>\n<meta name=\"twitter:label1\" content=\"Szacowany czas czytania\" \/>\n\t<meta name=\"twitter:data1\" content=\"2 minuty\" \/>\n<script type=\"application\/ld+json\" class=\"yoast-schema-graph\">{\"@context\":\"https:\\\/\\\/schema.org\",\"@graph\":[{\"@type\":\"WebPage\",\"@id\":\"https:\\\/\\\/antykomunistyczni.pl\\\/index.php\\\/directory-antykomuna\\\/organizacje_antykomunistyczne\\\/stowarzyszenie-kobiet-internowanych-wiezionych-i-represjonowanych\\\/\",\"url\":\"https:\\\/\\\/antykomunistyczni.pl\\\/index.php\\\/directory-antykomuna\\\/organizacje_antykomunistyczne\\\/stowarzyszenie-kobiet-internowanych-wiezionych-i-represjonowanych\\\/\",\"name\":\"Stowarzyszenie Kobiet Internowanych, Wi\u0119zionych i Represjonowanych - Antykomunistyczni.pl\",\"isPartOf\":{\"@id\":\"https:\\\/\\\/antykomunistyczni.pl\\\/#website\"},\"datePublished\":\"2026-03-14T09:16:44+00:00\",\"dateModified\":\"2026-03-14T14:22:19+00:00\",\"breadcrumb\":{\"@id\":\"https:\\\/\\\/antykomunistyczni.pl\\\/index.php\\\/directory-antykomuna\\\/organizacje_antykomunistyczne\\\/stowarzyszenie-kobiet-internowanych-wiezionych-i-represjonowanych\\\/#breadcrumb\"},\"inLanguage\":\"pl-PL\",\"potentialAction\":[{\"@type\":\"ReadAction\",\"target\":[\"https:\\\/\\\/antykomunistyczni.pl\\\/index.php\\\/directory-antykomuna\\\/organizacje_antykomunistyczne\\\/stowarzyszenie-kobiet-internowanych-wiezionych-i-represjonowanych\\\/\"]}]},{\"@type\":\"BreadcrumbList\",\"@id\":\"https:\\\/\\\/antykomunistyczni.pl\\\/index.php\\\/directory-antykomuna\\\/organizacje_antykomunistyczne\\\/stowarzyszenie-kobiet-internowanych-wiezionych-i-represjonowanych\\\/#breadcrumb\",\"itemListElement\":[{\"@type\":\"ListItem\",\"position\":1,\"name\":\"Strona g\u0142\u00f3wna\",\"item\":\"https:\\\/\\\/antykomunistyczni.pl\\\/\"},{\"@type\":\"ListItem\",\"position\":2,\"name\":\"Stowarzyszenie Kobiet Internowanych, Wi\u0119zionych i Represjonowanych\"}]},{\"@type\":\"WebSite\",\"@id\":\"https:\\\/\\\/antykomunistyczni.pl\\\/#website\",\"url\":\"https:\\\/\\\/antykomunistyczni.pl\\\/\",\"name\":\"Antykomunistyczni.pl\",\"description\":\"\",\"publisher\":{\"@id\":\"https:\\\/\\\/antykomunistyczni.pl\\\/#organization\"},\"alternateName\":\"Historia PRL, zbrodnie komunistyczne w Polsce i na \u015bwiecie\",\"potentialAction\":[{\"@type\":\"SearchAction\",\"target\":{\"@type\":\"EntryPoint\",\"urlTemplate\":\"https:\\\/\\\/antykomunistyczni.pl\\\/?s={search_term_string}\"},\"query-input\":{\"@type\":\"PropertyValueSpecification\",\"valueRequired\":true,\"valueName\":\"search_term_string\"}}],\"inLanguage\":\"pl-PL\"},{\"@type\":\"Organization\",\"@id\":\"https:\\\/\\\/antykomunistyczni.pl\\\/#organization\",\"name\":\"Antykomunistyczni.pl\",\"url\":\"https:\\\/\\\/antykomunistyczni.pl\\\/\",\"logo\":{\"@type\":\"ImageObject\",\"inLanguage\":\"pl-PL\",\"@id\":\"https:\\\/\\\/antykomunistyczni.pl\\\/#\\\/schema\\\/logo\\\/image\\\/\",\"url\":\"https:\\\/\\\/antykomunistyczni.pl\\\/wp-content\\\/uploads\\\/2026\\\/02\\\/cropped-AntykomunistyczniLogoSquare150x150-2.png\",\"contentUrl\":\"https:\\\/\\\/antykomunistyczni.pl\\\/wp-content\\\/uploads\\\/2026\\\/02\\\/cropped-AntykomunistyczniLogoSquare150x150-2.png\",\"width\":150,\"height\":150,\"caption\":\"Antykomunistyczni.pl\"},\"image\":{\"@id\":\"https:\\\/\\\/antykomunistyczni.pl\\\/#\\\/schema\\\/logo\\\/image\\\/\"},\"sameAs\":[\"https:\\\/\\\/www.facebook.com\\\/antykomunistyczni\\\/\",\"https:\\\/\\\/x.com\\\/anty_komunisci\"]}]}<\/script>\n<!-- \/ Yoast SEO plugin. -->","yoast_head_json":{"title":"Stowarzyszenie Kobiet Internowanych, Wi\u0119zionych i Represjonowanych - Antykomunistyczni.pl","robots":{"index":"index","follow":"follow","max-snippet":"max-snippet:-1","max-image-preview":"max-image-preview:large","max-video-preview":"max-video-preview:-1"},"canonical":"https:\/\/antykomunistyczni.pl\/index.php\/directory-antykomuna\/organizacje_antykomunistyczne\/stowarzyszenie-kobiet-internowanych-wiezionych-i-represjonowanych\/","og_locale":"pl_PL","og_type":"article","og_title":"Stowarzyszenie Kobiet Internowanych, Wi\u0119zionych i Represjonowanych - Antykomunistyczni.pl","og_description":"Og\u00f3lnopolska (z silnym akcentem mazowieckim) organizacja zrzeszaj\u0105ca kobiety, kt\u00f3re w okresie stanu wojennego (1981\u20131983) oraz w szerszym okresie PRL by\u0142y internowane, wi\u0119zione, aresztowane, represjonowane lub szykanowane za dzia\u0142alno\u015b\u0107 opozycyjn\u0105, g\u0142\u00f3wnie w ramach NSZZ \u201eSolidarno\u015b\u0107\u201d. G\u0142\u00f3wne cele statutowe i praktyczne: W okresie stanu wojennego internowano i uwi\u0119ziono ponad 1000 kobiet (r\u00f3\u017cne szacunki: 1000\u20131200), w tym wiele [&hellip;]","og_url":"https:\/\/antykomunistyczni.pl\/index.php\/directory-antykomuna\/organizacje_antykomunistyczne\/stowarzyszenie-kobiet-internowanych-wiezionych-i-represjonowanych\/","og_site_name":"Antykomunistyczni.pl","article_publisher":"https:\/\/www.facebook.com\/antykomunistyczni\/","article_modified_time":"2026-03-14T14:22:19+00:00","og_image":[{"width":1024,"height":1024,"url":"https:\/\/antykomunistyczni.pl\/wp-content\/uploads\/2026\/02\/AntykomunistyczniLogoSquare.png","type":"image\/png"}],"twitter_card":"summary_large_image","twitter_site":"@anty_komunisci","twitter_misc":{"Szacowany czas czytania":"2 minuty"},"schema":{"@context":"https:\/\/schema.org","@graph":[{"@type":"WebPage","@id":"https:\/\/antykomunistyczni.pl\/index.php\/directory-antykomuna\/organizacje_antykomunistyczne\/stowarzyszenie-kobiet-internowanych-wiezionych-i-represjonowanych\/","url":"https:\/\/antykomunistyczni.pl\/index.php\/directory-antykomuna\/organizacje_antykomunistyczne\/stowarzyszenie-kobiet-internowanych-wiezionych-i-represjonowanych\/","name":"Stowarzyszenie Kobiet Internowanych, Wi\u0119zionych i Represjonowanych - Antykomunistyczni.pl","isPartOf":{"@id":"https:\/\/antykomunistyczni.pl\/#website"},"datePublished":"2026-03-14T09:16:44+00:00","dateModified":"2026-03-14T14:22:19+00:00","breadcrumb":{"@id":"https:\/\/antykomunistyczni.pl\/index.php\/directory-antykomuna\/organizacje_antykomunistyczne\/stowarzyszenie-kobiet-internowanych-wiezionych-i-represjonowanych\/#breadcrumb"},"inLanguage":"pl-PL","potentialAction":[{"@type":"ReadAction","target":["https:\/\/antykomunistyczni.pl\/index.php\/directory-antykomuna\/organizacje_antykomunistyczne\/stowarzyszenie-kobiet-internowanych-wiezionych-i-represjonowanych\/"]}]},{"@type":"BreadcrumbList","@id":"https:\/\/antykomunistyczni.pl\/index.php\/directory-antykomuna\/organizacje_antykomunistyczne\/stowarzyszenie-kobiet-internowanych-wiezionych-i-represjonowanych\/#breadcrumb","itemListElement":[{"@type":"ListItem","position":1,"name":"Strona g\u0142\u00f3wna","item":"https:\/\/antykomunistyczni.pl\/"},{"@type":"ListItem","position":2,"name":"Stowarzyszenie Kobiet Internowanych, Wi\u0119zionych i Represjonowanych"}]},{"@type":"WebSite","@id":"https:\/\/antykomunistyczni.pl\/#website","url":"https:\/\/antykomunistyczni.pl\/","name":"Antykomunistyczni.pl","description":"","publisher":{"@id":"https:\/\/antykomunistyczni.pl\/#organization"},"alternateName":"Historia PRL, zbrodnie komunistyczne w Polsce i na \u015bwiecie","potentialAction":[{"@type":"SearchAction","target":{"@type":"EntryPoint","urlTemplate":"https:\/\/antykomunistyczni.pl\/?s={search_term_string}"},"query-input":{"@type":"PropertyValueSpecification","valueRequired":true,"valueName":"search_term_string"}}],"inLanguage":"pl-PL"},{"@type":"Organization","@id":"https:\/\/antykomunistyczni.pl\/#organization","name":"Antykomunistyczni.pl","url":"https:\/\/antykomunistyczni.pl\/","logo":{"@type":"ImageObject","inLanguage":"pl-PL","@id":"https:\/\/antykomunistyczni.pl\/#\/schema\/logo\/image\/","url":"https:\/\/antykomunistyczni.pl\/wp-content\/uploads\/2026\/02\/cropped-AntykomunistyczniLogoSquare150x150-2.png","contentUrl":"https:\/\/antykomunistyczni.pl\/wp-content\/uploads\/2026\/02\/cropped-AntykomunistyczniLogoSquare150x150-2.png","width":150,"height":150,"caption":"Antykomunistyczni.pl"},"image":{"@id":"https:\/\/antykomunistyczni.pl\/#\/schema\/logo\/image\/"},"sameAs":["https:\/\/www.facebook.com\/antykomunistyczni\/","https:\/\/x.com\/anty_komunisci"]}]}},"drts_fields":{"field_phone":["503 768 669"],"field_email":[],"field_website":[],"field_date_established":[],"location_address":[{"address":"Buns & Bottles, 9, Lwowska, Koszyki, \u015ar\u00f3dmie\u015bcie Po\u0142udniowe, \u015ar\u00f3dmie\u015bcie, Warszawa, wojew\u00f3dztwo mazowieckie, 00-658, Polska","street":"Lwowska 2 m. 9","street2":"","city":"Warszawa","province":"wojew\u00f3dztwo mazowieckie","zip":"00-658","country":"","timezone":"","zoom":10,"lat":52.221232999999998,"lng":21.012391000000001,"term_id":0,"display_address":"Lwowska 2 m. 9, 00-658, Warszawa"}],"field_skrot_nazwy_popularna_nazwa2":[],"field_status_organizacji2":["U\u015bpiona"],"field_data_rozwiazania_delegalizacji2":[],"field_powod_delegalizacji2":[false],"field_szacunkowa_liczba_czlonkow2":[],"field_powiazania_miedzynarodowe2":false,"field_kluczowe_wydarzenia2":["2017 \u2013 ods\u0142oni\u0119cie tablicy pami\u0105tkowej w Areszcie \u015aledczym Warszawa-Groch\u00f3w (propozycja i wsp\u00f3\u0142organizacja Stowarzyszenia),\r\n\r\nregularne spotkania z m\u0142odzie\u017c\u0105 i studentami (relacje \u015bwiadk\u00f3w \u2013 \u201epanie opowiada\u0142y o walce, wi\u0119zieniu, internowaniu\u201d),\r\n\r\nudzia\u0142 w obchodach rocznic stanu wojennego z akcentem na kobiece historie,\r\n\r\nwyjazdy zagraniczne (np. delegacja na Litw\u0119 z przekazem o represjach),\r\n\r\nwsp\u00f3\u0142praca z IPN, NSZZ \u201eSolidarno\u015b\u0107\u201d, Fundacj\u0105 Totalizator Sportowy, samorz\u0105dami."],"field_liderzy_organizacji2":["Prezes: Alina Cybula-Borowi\u0144ska"],"field_powiazania_miedzynarodowe_opis1":[false]},"_links":{"self":[{"href":"https:\/\/antykomunistyczni.pl\/index.php\/wp-json\/wp\/v2\/antykomuna_dir_ltg\/1404","targetHints":{"allow":["GET"]}}],"collection":[{"href":"https:\/\/antykomunistyczni.pl\/index.php\/wp-json\/wp\/v2\/antykomuna_dir_ltg"}],"about":[{"href":"https:\/\/antykomunistyczni.pl\/index.php\/wp-json\/wp\/v2\/types\/antykomuna_dir_ltg"}],"replies":[{"embeddable":true,"href":"https:\/\/antykomunistyczni.pl\/index.php\/wp-json\/wp\/v2\/comments?post=1404"}],"wp:attachment":[{"href":"https:\/\/antykomunistyczni.pl\/index.php\/wp-json\/wp\/v2\/media?parent=1404"}],"wp:term":[{"taxonomy":"antykomuna_dir_tag","embeddable":true,"href":"https:\/\/antykomunistyczni.pl\/index.php\/wp-json\/wp\/v2\/antykomuna_dir_tag?post=1404"},{"taxonomy":"antykomuna_loc_loc","embeddable":true,"href":"https:\/\/antykomunistyczni.pl\/index.php\/wp-json\/wp\/v2\/antykomuna_loc_loc?post=1404"}],"curies":[{"name":"wp","href":"https:\/\/api.w.org\/{rel}","templated":true}]}}

Stowarzyszenie Kobiet Internowanych, Więzionych i Represjonowanych

<!-- This site is optimized with the Yoast SEO plugin v28.4 - https://yoast.com/product/yoast-seo-wordpress/ -->
<title>Stowarzyszenie Kobiet Internowanych, Więzionych i Represjonowanych - Antykomunistyczni.pl</title>
<meta name="robots" content="index, follow, max-snippet:-1, max-image-preview:large, max-video-preview:-1" />
<link rel="canonical" href="https://antykomunistyczni.pl/index.php/directory-antykomuna/organizacje_antykomunistyczne/stowarzyszenie-kobiet-internowanych-wiezionych-i-represjonowanych/" />
<meta property="og:locale" content="pl_PL" />
<meta property="og:type" content="article" />
<meta property="og:title" content="Stowarzyszenie Kobiet Internowanych, Więzionych i Represjonowanych - Antykomunistyczni.pl" />
<meta property="og:description" content="Ogólnopolska (z silnym akcentem mazowieckim) organizacja zrzeszająca kobiety, które w okresie stanu wojennego (1981–1983) oraz w szerszym okresie PRL były internowane, więzione, aresztowane, represjonowane lub szykanowane za działalność opozycyjną, głównie w ramach NSZZ „Solidarność”. Główne cele statutowe i praktyczne: W okresie stanu wojennego internowano i uwięziono ponad 1000 kobiet (różne szacunki: 1000–1200), w tym wiele [&hellip;]" />
<meta property="og:url" content="https://antykomunistyczni.pl/index.php/directory-antykomuna/organizacje_antykomunistyczne/stowarzyszenie-kobiet-internowanych-wiezionych-i-represjonowanych/" />
<meta property="og:site_name" content="Antykomunistyczni.pl" />
<meta property="article:publisher" content="https://www.facebook.com/antykomunistyczni/" />
<meta property="article:modified_time" content="2026-03-14T14:22:19+00:00" />
<meta property="og:image" content="https://antykomunistyczni.pl/wp-content/uploads/2026/02/AntykomunistyczniLogoSquare.png" />
	<meta property="og:image:width" content="1024" />
	<meta property="og:image:height" content="1024" />
	<meta property="og:image:type" content="image/png" />
<meta name="twitter:card" content="summary_large_image" />
<meta name="twitter:site" content="@anty_komunisci" />
<meta name="twitter:label1" content="Szacowany czas czytania" />
	<meta name="twitter:data1" content="2 minuty" />
<script type="application/ld+json" class="yoast-schema-graph">{"@context":"https:\/\/schema.org","@graph":[{"@type":"WebPage","@id":"https:\/\/antykomunistyczni.pl\/index.php\/directory-antykomuna\/organizacje_antykomunistyczne\/stowarzyszenie-kobiet-internowanych-wiezionych-i-represjonowanych\/","url":"https:\/\/antykomunistyczni.pl\/index.php\/directory-antykomuna\/organizacje_antykomunistyczne\/stowarzyszenie-kobiet-internowanych-wiezionych-i-represjonowanych\/","name":"Stowarzyszenie Kobiet Internowanych, Więzionych i Represjonowanych - Antykomunistyczni.pl","isPartOf":{"@id":"https:\/\/antykomunistyczni.pl\/#website"},"datePublished":"2026-03-14T09:16:44+00:00","dateModified":"2026-03-14T14:22:19+00:00","breadcrumb":{"@id":"https:\/\/antykomunistyczni.pl\/index.php\/directory-antykomuna\/organizacje_antykomunistyczne\/stowarzyszenie-kobiet-internowanych-wiezionych-i-represjonowanych\/#breadcrumb"},"inLanguage":"pl-PL","potentialAction":[{"@type":"ReadAction","target":["https:\/\/antykomunistyczni.pl\/index.php\/directory-antykomuna\/organizacje_antykomunistyczne\/stowarzyszenie-kobiet-internowanych-wiezionych-i-represjonowanych\/"]}]},{"@type":"BreadcrumbList","@id":"https:\/\/antykomunistyczni.pl\/index.php\/directory-antykomuna\/organizacje_antykomunistyczne\/stowarzyszenie-kobiet-internowanych-wiezionych-i-represjonowanych\/#breadcrumb","itemListElement":[{"@type":"ListItem","position":1,"name":"Strona główna","item":"https:\/\/antykomunistyczni.pl\/"},{"@type":"ListItem","position":2,"name":"Stowarzyszenie Kobiet Internowanych, Więzionych i Represjonowanych"}]},{"@type":"WebSite","@id":"https:\/\/antykomunistyczni.pl\/#website","url":"https:\/\/antykomunistyczni.pl\/","name":"Antykomunistyczni.pl","description":"","publisher":{"@id":"https:\/\/antykomunistyczni.pl\/#organization"},"alternateName":"Historia PRL, zbrodnie komunistyczne w Polsce i na świecie","potentialAction":[{"@type":"SearchAction","target":{"@type":"EntryPoint","urlTemplate":"https:\/\/antykomunistyczni.pl\/?s={search_term_string}"},"query-input":{"@type":"PropertyValueSpecification","valueRequired":true,"valueName":"search_term_string"}}],"inLanguage":"pl-PL"},{"@type":"Organization","@id":"https:\/\/antykomunistyczni.pl\/#organization","name":"Antykomunistyczni.pl","url":"https:\/\/antykomunistyczni.pl\/","logo":{"@type":"ImageObject","inLanguage":"pl-PL","@id":"https:\/\/antykomunistyczni.pl\/#\/schema\/logo\/image\/","url":"https:\/\/antykomunistyczni.pl\/wp-content\/uploads\/2026\/02\/cropped-AntykomunistyczniLogoSquare150x150-2.png","contentUrl":"https:\/\/antykomunistyczni.pl\/wp-content\/uploads\/2026\/02\/cropped-AntykomunistyczniLogoSquare150x150-2.png","width":150,"height":150,"caption":"Antykomunistyczni.pl"},"image":{"@id":"https:\/\/antykomunistyczni.pl\/#\/schema\/logo\/image\/"},"sameAs":["https:\/\/www.facebook.com\/antykomunistyczni\/","https:\/\/x.com\/anty_komunisci"]}]}</script>
<!-- / Yoast SEO plugin. -->

Stowarzyszenie Kobiet Internowanych, Więzionych i Represjonowanych - Antykomunistyczni.pl

Ogólnopolska (z silnym akcentem mazowieckim) organizacja zrzeszająca kobiety, które w okresie stanu wojennego (1981–1983) oraz w szerszym okresie PRL były internowane, więzione, aresztowane, represjonowane lub szykanowane za działalność opozycyjną, głównie w ramach NSZZ „Solidarność”. Główne cele statutowe i praktyczne: W okresie stanu wojennego internowano i uwięziono ponad 1000 kobiet (różne szacunki: 1000–1200), w tym wiele [&hellip;]

Strona główna

Historia PRL, zbrodnie komunistyczne w Polsce i na świecie

Buns & Bottles, 9, Lwowska, Koszyki, Śródmieście Południowe, Śródmieście, Warszawa, województwo mazowieckie, 00-658, Polska

województwo mazowieckie

Uśpiona

2017 – odsłonięcie tablicy pamiątkowej w Areszcie Śledczym Warszawa-Grochów (propozycja i współorganizacja Stowarzyszenia),

regularne spotkania z młodzieżą i studentami (relacje świadków – „panie opowiadały o walce, więzieniu, internowaniu”),

udział w obchodach rocznic stanu wojennego z akcentem na kobiece historie,

wyjazdy zagraniczne (np. delegacja na Litwę z przekazem o represjach),

współpraca z IPN, NSZZ „Solidarność”, Fundacją Totalizator Sportowy, samorządami.

Prezes: Alina Cybula-Borowińska
