{"id":1420,"date":"2026-03-14T10:16:47","date_gmt":"2026-03-14T09:16:47","guid":{"rendered":"https:\/\/antykomunistyczni.pl\/index.php\/directory-antykomuna\/organizacje_antykomunistyczne\/stowarzyszenie-osob-represjonowanych-w-stanie-wojennym-wojewodztwa-podkarpackiego\/"},"modified":"2026-03-14T13:11:07","modified_gmt":"2026-03-14T12:11:07","slug":"stowarzyszenie-osob-represjonowanych-w-stanie-wojennym-wojewodztwa-podkarpackiego","status":"publish","type":"antykomuna_dir_ltg","link":"https:\/\/antykomunistyczni.pl\/index.php\/directory-antykomuna\/organizacje_antykomunistyczne\/stowarzyszenie-osob-represjonowanych-w-stanie-wojennym-wojewodztwa-podkarpackiego\/","title":{"rendered":"Stowarzyszenie Os\u00f3b Represjonowanych w Stanie Wojennym Wojew\u00f3dztwa Podkarpackiego"},"author":0,"comment_status":"closed","ping_status":"closed","template":"","antykomuna_dir_tag":[],"antykomuna_loc_loc":[],"class_list":["post-1420","antykomuna_dir_ltg","type-antykomuna_dir_ltg","status-publish","hentry"],"yoast_head":"<!-- This site is optimized with the Yoast SEO plugin v28.4 - https:\/\/yoast.com\/product\/yoast-seo-wordpress\/ -->\n<title>Stowarzyszenie Os\u00f3b Represjonowanych w Stanie Wojennym Wojew\u00f3dztwa Podkarpackiego - Antykomunistyczni.pl<\/title>\n<meta name=\"robots\" content=\"index, follow, max-snippet:-1, max-image-preview:large, max-video-preview:-1\" \/>\n<link rel=\"canonical\" href=\"https:\/\/antykomunistyczni.pl\/index.php\/directory-antykomuna\/organizacje_antykomunistyczne\/stowarzyszenie-osob-represjonowanych-w-stanie-wojennym-wojewodztwa-podkarpackiego\/\" \/>\n<meta property=\"og:locale\" content=\"pl_PL\" \/>\n<meta property=\"og:type\" content=\"article\" \/>\n<meta property=\"og:title\" content=\"Stowarzyszenie Os\u00f3b Represjonowanych w Stanie Wojennym Wojew\u00f3dztwa Podkarpackiego - Antykomunistyczni.pl\" \/>\n<meta property=\"og:description\" content=\"Do Stowarzyszenia Os\u00f3b Represjonowanych w Stanie Wojennym Wojew\u00f3dztwa Podkarpackiego mog\u0105 przyst\u0105pi\u0107 osoby represjonowane przez komunist\u00f3w, posiadaj\u0105ce za\u015bwiadczenie o statusie pokrzywdzonego wydane przez IPN. Stowarzyszenie, dzia\u0142aj\u0105ce przy Zarz\u0105dzie Regionu Rzeszowskiego NSZZ \u201eSolidarno\u015b\u0107\u201d, zach\u0119ca do przyniesienia dokument\u00f3w potwierdzaj\u0105cych represje. Kontakt: Mieczys\u0142aw Liber (509 255 399), Janusz Trybus (608 175 359). Apeluje r\u00f3wnie\u017c do cz\u0142onk\u00f3w \u201eSolidarno\u015bci\u201d o promowanie [&hellip;]\" \/>\n<meta property=\"og:url\" content=\"https:\/\/antykomunistyczni.pl\/index.php\/directory-antykomuna\/organizacje_antykomunistyczne\/stowarzyszenie-osob-represjonowanych-w-stanie-wojennym-wojewodztwa-podkarpackiego\/\" \/>\n<meta property=\"og:site_name\" content=\"Antykomunistyczni.pl\" \/>\n<meta property=\"article:publisher\" content=\"https:\/\/www.facebook.com\/antykomunistyczni\/\" \/>\n<meta property=\"article:modified_time\" content=\"2026-03-14T12:11:07+00:00\" \/>\n<meta property=\"og:image\" content=\"https:\/\/antykomunistyczni.pl\/wp-content\/uploads\/2026\/02\/AntykomunistyczniLogoSquare.png\" \/>\n\t<meta property=\"og:image:width\" content=\"1024\" \/>\n\t<meta property=\"og:image:height\" content=\"1024\" \/>\n\t<meta property=\"og:image:type\" content=\"image\/png\" \/>\n<meta name=\"twitter:card\" content=\"summary_large_image\" \/>\n<meta name=\"twitter:site\" content=\"@anty_komunisci\" \/>\n<script type=\"application\/ld+json\" class=\"yoast-schema-graph\">{\"@context\":\"https:\\\/\\\/schema.org\",\"@graph\":[{\"@type\":\"WebPage\",\"@id\":\"https:\\\/\\\/antykomunistyczni.pl\\\/index.php\\\/directory-antykomuna\\\/organizacje_antykomunistyczne\\\/stowarzyszenie-osob-represjonowanych-w-stanie-wojennym-wojewodztwa-podkarpackiego\\\/\",\"url\":\"https:\\\/\\\/antykomunistyczni.pl\\\/index.php\\\/directory-antykomuna\\\/organizacje_antykomunistyczne\\\/stowarzyszenie-osob-represjonowanych-w-stanie-wojennym-wojewodztwa-podkarpackiego\\\/\",\"name\":\"Stowarzyszenie Os\u00f3b Represjonowanych w Stanie Wojennym Wojew\u00f3dztwa Podkarpackiego - Antykomunistyczni.pl\",\"isPartOf\":{\"@id\":\"https:\\\/\\\/antykomunistyczni.pl\\\/#website\"},\"datePublished\":\"2026-03-14T09:16:47+00:00\",\"dateModified\":\"2026-03-14T12:11:07+00:00\",\"breadcrumb\":{\"@id\":\"https:\\\/\\\/antykomunistyczni.pl\\\/index.php\\\/directory-antykomuna\\\/organizacje_antykomunistyczne\\\/stowarzyszenie-osob-represjonowanych-w-stanie-wojennym-wojewodztwa-podkarpackiego\\\/#breadcrumb\"},\"inLanguage\":\"pl-PL\",\"potentialAction\":[{\"@type\":\"ReadAction\",\"target\":[\"https:\\\/\\\/antykomunistyczni.pl\\\/index.php\\\/directory-antykomuna\\\/organizacje_antykomunistyczne\\\/stowarzyszenie-osob-represjonowanych-w-stanie-wojennym-wojewodztwa-podkarpackiego\\\/\"]}]},{\"@type\":\"BreadcrumbList\",\"@id\":\"https:\\\/\\\/antykomunistyczni.pl\\\/index.php\\\/directory-antykomuna\\\/organizacje_antykomunistyczne\\\/stowarzyszenie-osob-represjonowanych-w-stanie-wojennym-wojewodztwa-podkarpackiego\\\/#breadcrumb\",\"itemListElement\":[{\"@type\":\"ListItem\",\"position\":1,\"name\":\"Strona g\u0142\u00f3wna\",\"item\":\"https:\\\/\\\/antykomunistyczni.pl\\\/\"},{\"@type\":\"ListItem\",\"position\":2,\"name\":\"Stowarzyszenie Os\u00f3b Represjonowanych w Stanie Wojennym Wojew\u00f3dztwa Podkarpackiego\"}]},{\"@type\":\"WebSite\",\"@id\":\"https:\\\/\\\/antykomunistyczni.pl\\\/#website\",\"url\":\"https:\\\/\\\/antykomunistyczni.pl\\\/\",\"name\":\"Antykomunistyczni.pl\",\"description\":\"\",\"publisher\":{\"@id\":\"https:\\\/\\\/antykomunistyczni.pl\\\/#organization\"},\"alternateName\":\"Historia PRL, zbrodnie komunistyczne w Polsce i na \u015bwiecie\",\"potentialAction\":[{\"@type\":\"SearchAction\",\"target\":{\"@type\":\"EntryPoint\",\"urlTemplate\":\"https:\\\/\\\/antykomunistyczni.pl\\\/?s={search_term_string}\"},\"query-input\":{\"@type\":\"PropertyValueSpecification\",\"valueRequired\":true,\"valueName\":\"search_term_string\"}}],\"inLanguage\":\"pl-PL\"},{\"@type\":\"Organization\",\"@id\":\"https:\\\/\\\/antykomunistyczni.pl\\\/#organization\",\"name\":\"Antykomunistyczni.pl\",\"url\":\"https:\\\/\\\/antykomunistyczni.pl\\\/\",\"logo\":{\"@type\":\"ImageObject\",\"inLanguage\":\"pl-PL\",\"@id\":\"https:\\\/\\\/antykomunistyczni.pl\\\/#\\\/schema\\\/logo\\\/image\\\/\",\"url\":\"https:\\\/\\\/antykomunistyczni.pl\\\/wp-content\\\/uploads\\\/2026\\\/02\\\/cropped-AntykomunistyczniLogoSquare150x150-2.png\",\"contentUrl\":\"https:\\\/\\\/antykomunistyczni.pl\\\/wp-content\\\/uploads\\\/2026\\\/02\\\/cropped-AntykomunistyczniLogoSquare150x150-2.png\",\"width\":150,\"height\":150,\"caption\":\"Antykomunistyczni.pl\"},\"image\":{\"@id\":\"https:\\\/\\\/antykomunistyczni.pl\\\/#\\\/schema\\\/logo\\\/image\\\/\"},\"sameAs\":[\"https:\\\/\\\/www.facebook.com\\\/antykomunistyczni\\\/\",\"https:\\\/\\\/x.com\\\/anty_komunisci\"]}]}<\/script>\n<!-- \/ Yoast SEO plugin. -->","yoast_head_json":{"title":"Stowarzyszenie Os\u00f3b Represjonowanych w Stanie Wojennym Wojew\u00f3dztwa Podkarpackiego - Antykomunistyczni.pl","robots":{"index":"index","follow":"follow","max-snippet":"max-snippet:-1","max-image-preview":"max-image-preview:large","max-video-preview":"max-video-preview:-1"},"canonical":"https:\/\/antykomunistyczni.pl\/index.php\/directory-antykomuna\/organizacje_antykomunistyczne\/stowarzyszenie-osob-represjonowanych-w-stanie-wojennym-wojewodztwa-podkarpackiego\/","og_locale":"pl_PL","og_type":"article","og_title":"Stowarzyszenie Os\u00f3b Represjonowanych w Stanie Wojennym Wojew\u00f3dztwa Podkarpackiego - Antykomunistyczni.pl","og_description":"Do Stowarzyszenia Os\u00f3b Represjonowanych w Stanie Wojennym Wojew\u00f3dztwa Podkarpackiego mog\u0105 przyst\u0105pi\u0107 osoby represjonowane przez komunist\u00f3w, posiadaj\u0105ce za\u015bwiadczenie o statusie pokrzywdzonego wydane przez IPN. Stowarzyszenie, dzia\u0142aj\u0105ce przy Zarz\u0105dzie Regionu Rzeszowskiego NSZZ \u201eSolidarno\u015b\u0107\u201d, zach\u0119ca do przyniesienia dokument\u00f3w potwierdzaj\u0105cych represje. Kontakt: Mieczys\u0142aw Liber (509 255 399), Janusz Trybus (608 175 359). Apeluje r\u00f3wnie\u017c do cz\u0142onk\u00f3w \u201eSolidarno\u015bci\u201d o promowanie [&hellip;]","og_url":"https:\/\/antykomunistyczni.pl\/index.php\/directory-antykomuna\/organizacje_antykomunistyczne\/stowarzyszenie-osob-represjonowanych-w-stanie-wojennym-wojewodztwa-podkarpackiego\/","og_site_name":"Antykomunistyczni.pl","article_publisher":"https:\/\/www.facebook.com\/antykomunistyczni\/","article_modified_time":"2026-03-14T12:11:07+00:00","og_image":[{"width":1024,"height":1024,"url":"https:\/\/antykomunistyczni.pl\/wp-content\/uploads\/2026\/02\/AntykomunistyczniLogoSquare.png","type":"image\/png"}],"twitter_card":"summary_large_image","twitter_site":"@anty_komunisci","schema":{"@context":"https:\/\/schema.org","@graph":[{"@type":"WebPage","@id":"https:\/\/antykomunistyczni.pl\/index.php\/directory-antykomuna\/organizacje_antykomunistyczne\/stowarzyszenie-osob-represjonowanych-w-stanie-wojennym-wojewodztwa-podkarpackiego\/","url":"https:\/\/antykomunistyczni.pl\/index.php\/directory-antykomuna\/organizacje_antykomunistyczne\/stowarzyszenie-osob-represjonowanych-w-stanie-wojennym-wojewodztwa-podkarpackiego\/","name":"Stowarzyszenie Os\u00f3b Represjonowanych w Stanie Wojennym Wojew\u00f3dztwa Podkarpackiego - Antykomunistyczni.pl","isPartOf":{"@id":"https:\/\/antykomunistyczni.pl\/#website"},"datePublished":"2026-03-14T09:16:47+00:00","dateModified":"2026-03-14T12:11:07+00:00","breadcrumb":{"@id":"https:\/\/antykomunistyczni.pl\/index.php\/directory-antykomuna\/organizacje_antykomunistyczne\/stowarzyszenie-osob-represjonowanych-w-stanie-wojennym-wojewodztwa-podkarpackiego\/#breadcrumb"},"inLanguage":"pl-PL","potentialAction":[{"@type":"ReadAction","target":["https:\/\/antykomunistyczni.pl\/index.php\/directory-antykomuna\/organizacje_antykomunistyczne\/stowarzyszenie-osob-represjonowanych-w-stanie-wojennym-wojewodztwa-podkarpackiego\/"]}]},{"@type":"BreadcrumbList","@id":"https:\/\/antykomunistyczni.pl\/index.php\/directory-antykomuna\/organizacje_antykomunistyczne\/stowarzyszenie-osob-represjonowanych-w-stanie-wojennym-wojewodztwa-podkarpackiego\/#breadcrumb","itemListElement":[{"@type":"ListItem","position":1,"name":"Strona g\u0142\u00f3wna","item":"https:\/\/antykomunistyczni.pl\/"},{"@type":"ListItem","position":2,"name":"Stowarzyszenie Os\u00f3b Represjonowanych w Stanie Wojennym Wojew\u00f3dztwa Podkarpackiego"}]},{"@type":"WebSite","@id":"https:\/\/antykomunistyczni.pl\/#website","url":"https:\/\/antykomunistyczni.pl\/","name":"Antykomunistyczni.pl","description":"","publisher":{"@id":"https:\/\/antykomunistyczni.pl\/#organization"},"alternateName":"Historia PRL, zbrodnie komunistyczne w Polsce i na \u015bwiecie","potentialAction":[{"@type":"SearchAction","target":{"@type":"EntryPoint","urlTemplate":"https:\/\/antykomunistyczni.pl\/?s={search_term_string}"},"query-input":{"@type":"PropertyValueSpecification","valueRequired":true,"valueName":"search_term_string"}}],"inLanguage":"pl-PL"},{"@type":"Organization","@id":"https:\/\/antykomunistyczni.pl\/#organization","name":"Antykomunistyczni.pl","url":"https:\/\/antykomunistyczni.pl\/","logo":{"@type":"ImageObject","inLanguage":"pl-PL","@id":"https:\/\/antykomunistyczni.pl\/#\/schema\/logo\/image\/","url":"https:\/\/antykomunistyczni.pl\/wp-content\/uploads\/2026\/02\/cropped-AntykomunistyczniLogoSquare150x150-2.png","contentUrl":"https:\/\/antykomunistyczni.pl\/wp-content\/uploads\/2026\/02\/cropped-AntykomunistyczniLogoSquare150x150-2.png","width":150,"height":150,"caption":"Antykomunistyczni.pl"},"image":{"@id":"https:\/\/antykomunistyczni.pl\/#\/schema\/logo\/image\/"},"sameAs":["https:\/\/www.facebook.com\/antykomunistyczni\/","https:\/\/x.com\/anty_komunisci"]}]}},"drts_fields":{"field_phone":["509 255 399"],"field_email":["janusztrybus58@gmail.com"],"field_website":[],"field_date_established":[],"location_address":[{"address":"14, Adama Matuszczaka, Zawiszy Czarnego, Rzesz\u00f3w, wojew\u00f3dztwo podkarpackie, 35-080, Polska","street":"Matuszczaka 14","street2":"","city":"Rzesz\u00f3w","province":"wojew\u00f3dztwo podkarpackie","zip":"35-083","country":"","timezone":"","zoom":10,"lat":50.014695000000003,"lng":21.977571999999999,"term_id":0,"display_address":"Matuszczaka 14, 35-083, Rzesz\u00f3w"}],"field_skrot_nazwy_popularna_nazwa2":[],"field_status_organizacji2":["Aktywna"],"field_data_rozwiazania_delegalizacji2":[],"field_powod_delegalizacji2":[false],"field_szacunkowa_liczba_czlonkow2":[],"field_powiazania_miedzynarodowe2":false,"field_kluczowe_wydarzenia2":[],"field_liderzy_organizacji2":["Prezes: Mieczys\u0142aw Liber"],"field_powiazania_miedzynarodowe_opis1":[false]},"_links":{"self":[{"href":"https:\/\/antykomunistyczni.pl\/index.php\/wp-json\/wp\/v2\/antykomuna_dir_ltg\/1420","targetHints":{"allow":["GET"]}}],"collection":[{"href":"https:\/\/antykomunistyczni.pl\/index.php\/wp-json\/wp\/v2\/antykomuna_dir_ltg"}],"about":[{"href":"https:\/\/antykomunistyczni.pl\/index.php\/wp-json\/wp\/v2\/types\/antykomuna_dir_ltg"}],"replies":[{"embeddable":true,"href":"https:\/\/antykomunistyczni.pl\/index.php\/wp-json\/wp\/v2\/comments?post=1420"}],"wp:attachment":[{"href":"https:\/\/antykomunistyczni.pl\/index.php\/wp-json\/wp\/v2\/media?parent=1420"}],"wp:term":[{"taxonomy":"antykomuna_dir_tag","embeddable":true,"href":"https:\/\/antykomunistyczni.pl\/index.php\/wp-json\/wp\/v2\/antykomuna_dir_tag?post=1420"},{"taxonomy":"antykomuna_loc_loc","embeddable":true,"href":"https:\/\/antykomunistyczni.pl\/index.php\/wp-json\/wp\/v2\/antykomuna_loc_loc?post=1420"}],"curies":[{"name":"wp","href":"https:\/\/api.w.org\/{rel}","templated":true}]}}

Stowarzyszenie Osób Represjonowanych w Stanie Wojennym Województwa Podkarpackiego

<!-- This site is optimized with the Yoast SEO plugin v28.4 - https://yoast.com/product/yoast-seo-wordpress/ -->
<title>Stowarzyszenie Osób Represjonowanych w Stanie Wojennym Województwa Podkarpackiego - Antykomunistyczni.pl</title>
<meta name="robots" content="index, follow, max-snippet:-1, max-image-preview:large, max-video-preview:-1" />
<link rel="canonical" href="https://antykomunistyczni.pl/index.php/directory-antykomuna/organizacje_antykomunistyczne/stowarzyszenie-osob-represjonowanych-w-stanie-wojennym-wojewodztwa-podkarpackiego/" />
<meta property="og:locale" content="pl_PL" />
<meta property="og:type" content="article" />
<meta property="og:title" content="Stowarzyszenie Osób Represjonowanych w Stanie Wojennym Województwa Podkarpackiego - Antykomunistyczni.pl" />
<meta property="og:description" content="Do Stowarzyszenia Osób Represjonowanych w Stanie Wojennym Województwa Podkarpackiego mogą przystąpić osoby represjonowane przez komunistów, posiadające zaświadczenie o statusie pokrzywdzonego wydane przez IPN. Stowarzyszenie, działające przy Zarządzie Regionu Rzeszowskiego NSZZ „Solidarność”, zachęca do przyniesienia dokumentów potwierdzających represje. Kontakt: Mieczysław Liber (509 255 399), Janusz Trybus (608 175 359). Apeluje również do członków „Solidarności” o promowanie [&hellip;]" />
<meta property="og:url" content="https://antykomunistyczni.pl/index.php/directory-antykomuna/organizacje_antykomunistyczne/stowarzyszenie-osob-represjonowanych-w-stanie-wojennym-wojewodztwa-podkarpackiego/" />
<meta property="og:site_name" content="Antykomunistyczni.pl" />
<meta property="article:publisher" content="https://www.facebook.com/antykomunistyczni/" />
<meta property="article:modified_time" content="2026-03-14T12:11:07+00:00" />
<meta property="og:image" content="https://antykomunistyczni.pl/wp-content/uploads/2026/02/AntykomunistyczniLogoSquare.png" />
	<meta property="og:image:width" content="1024" />
	<meta property="og:image:height" content="1024" />
	<meta property="og:image:type" content="image/png" />
<meta name="twitter:card" content="summary_large_image" />
<meta name="twitter:site" content="@anty_komunisci" />
<script type="application/ld+json" class="yoast-schema-graph">{"@context":"https:\/\/schema.org","@graph":[{"@type":"WebPage","@id":"https:\/\/antykomunistyczni.pl\/index.php\/directory-antykomuna\/organizacje_antykomunistyczne\/stowarzyszenie-osob-represjonowanych-w-stanie-wojennym-wojewodztwa-podkarpackiego\/","url":"https:\/\/antykomunistyczni.pl\/index.php\/directory-antykomuna\/organizacje_antykomunistyczne\/stowarzyszenie-osob-represjonowanych-w-stanie-wojennym-wojewodztwa-podkarpackiego\/","name":"Stowarzyszenie Osób Represjonowanych w Stanie Wojennym Województwa Podkarpackiego - Antykomunistyczni.pl","isPartOf":{"@id":"https:\/\/antykomunistyczni.pl\/#website"},"datePublished":"2026-03-14T09:16:47+00:00","dateModified":"2026-03-14T12:11:07+00:00","breadcrumb":{"@id":"https:\/\/antykomunistyczni.pl\/index.php\/directory-antykomuna\/organizacje_antykomunistyczne\/stowarzyszenie-osob-represjonowanych-w-stanie-wojennym-wojewodztwa-podkarpackiego\/#breadcrumb"},"inLanguage":"pl-PL","potentialAction":[{"@type":"ReadAction","target":["https:\/\/antykomunistyczni.pl\/index.php\/directory-antykomuna\/organizacje_antykomunistyczne\/stowarzyszenie-osob-represjonowanych-w-stanie-wojennym-wojewodztwa-podkarpackiego\/"]}]},{"@type":"BreadcrumbList","@id":"https:\/\/antykomunistyczni.pl\/index.php\/directory-antykomuna\/organizacje_antykomunistyczne\/stowarzyszenie-osob-represjonowanych-w-stanie-wojennym-wojewodztwa-podkarpackiego\/#breadcrumb","itemListElement":[{"@type":"ListItem","position":1,"name":"Strona główna","item":"https:\/\/antykomunistyczni.pl\/"},{"@type":"ListItem","position":2,"name":"Stowarzyszenie Osób Represjonowanych w Stanie Wojennym Województwa Podkarpackiego"}]},{"@type":"WebSite","@id":"https:\/\/antykomunistyczni.pl\/#website","url":"https:\/\/antykomunistyczni.pl\/","name":"Antykomunistyczni.pl","description":"","publisher":{"@id":"https:\/\/antykomunistyczni.pl\/#organization"},"alternateName":"Historia PRL, zbrodnie komunistyczne w Polsce i na świecie","potentialAction":[{"@type":"SearchAction","target":{"@type":"EntryPoint","urlTemplate":"https:\/\/antykomunistyczni.pl\/?s={search_term_string}"},"query-input":{"@type":"PropertyValueSpecification","valueRequired":true,"valueName":"search_term_string"}}],"inLanguage":"pl-PL"},{"@type":"Organization","@id":"https:\/\/antykomunistyczni.pl\/#organization","name":"Antykomunistyczni.pl","url":"https:\/\/antykomunistyczni.pl\/","logo":{"@type":"ImageObject","inLanguage":"pl-PL","@id":"https:\/\/antykomunistyczni.pl\/#\/schema\/logo\/image\/","url":"https:\/\/antykomunistyczni.pl\/wp-content\/uploads\/2026\/02\/cropped-AntykomunistyczniLogoSquare150x150-2.png","contentUrl":"https:\/\/antykomunistyczni.pl\/wp-content\/uploads\/2026\/02\/cropped-AntykomunistyczniLogoSquare150x150-2.png","width":150,"height":150,"caption":"Antykomunistyczni.pl"},"image":{"@id":"https:\/\/antykomunistyczni.pl\/#\/schema\/logo\/image\/"},"sameAs":["https:\/\/www.facebook.com\/antykomunistyczni\/","https:\/\/x.com\/anty_komunisci"]}]}</script>
<!-- / Yoast SEO plugin. -->

Stowarzyszenie Osób Represjonowanych w Stanie Wojennym Województwa Podkarpackiego - Antykomunistyczni.pl

Do Stowarzyszenia Osób Represjonowanych w Stanie Wojennym Województwa Podkarpackiego mogą przystąpić osoby represjonowane przez komunistów, posiadające zaświadczenie o statusie pokrzywdzonego wydane przez IPN. Stowarzyszenie, działające przy Zarządzie Regionu Rzeszowskiego NSZZ „Solidarność”, zachęca do przyniesienia dokumentów potwierdzających represje. Kontakt: Mieczysław Liber (509 255 399), Janusz Trybus (608 175 359). Apeluje również do członków „Solidarności” o promowanie [&hellip;]

Strona główna

Historia PRL, zbrodnie komunistyczne w Polsce i na świecie

14, Adama Matuszczaka, Zawiszy Czarnego, Rzeszów, województwo podkarpackie, 35-080, Polska

Rzeszów

województwo podkarpackie

Matuszczaka 14, 35-083, Rzeszów

Prezes: Mieczysław Liber
