{"id":1153,"date":"2026-03-13T08:17:52","date_gmt":"2026-03-13T07:17:52","guid":{"rendered":"https:\/\/antykomunistyczni.pl\/index.php\/directory-komunisci\/organizacje_komunistyczne\/porozumienie-socjalistow\/"},"modified":"2026-03-13T17:36:18","modified_gmt":"2026-03-13T16:36:18","slug":"porozumienie-socjalistow","status":"publish","type":"komunisci_dir_ltg","link":"https:\/\/antykomunistyczni.pl\/index.php\/directory-komunisci\/organizacje_komunistyczne\/porozumienie-socjalistow\/","title":{"rendered":"Porozumienie Socjalist\u00f3w"},"author":0,"comment_status":"closed","ping_status":"closed","template":"","komunisci_dir_tag":[],"komunisci_loc_loc":[],"class_list":["post-1153","komunisci_dir_ltg","type-komunisci_dir_ltg","status-publish","hentry"],"yoast_head":"<!-- This site is optimized with the Yoast SEO plugin v28.4 - https:\/\/yoast.com\/product\/yoast-seo-wordpress\/ -->\n<title>Porozumienie Socjalist\u00f3w - Antykomunistyczni.pl<\/title>\n<meta name=\"robots\" content=\"index, follow, max-snippet:-1, max-image-preview:large, max-video-preview:-1\" \/>\n<link rel=\"canonical\" href=\"https:\/\/antykomunistyczni.pl\/index.php\/directory-komunisci\/organizacje_komunistyczne\/porozumienie-socjalistow\/\" \/>\n<meta property=\"og:locale\" content=\"pl_PL\" \/>\n<meta property=\"og:type\" content=\"article\" \/>\n<meta property=\"og:title\" content=\"Porozumienie Socjalist\u00f3w - Antykomunistyczni.pl\" \/>\n<meta property=\"og:description\" content=\"Stowarzyszenie o profilu socjalistycznym, dzia\u0142aj\u0105ce jako organizacja polityczno-publicystyczna (nie jest to partia polityczna zarejestrowana w PKW).\u00a0 Stowarzyszenie zrzesza osoby i \u015brodowiska odwo\u0142uj\u0105ce si\u0119 do tradycji polskiego socjalizmu niepodleg\u0142o\u015bciowego i demokratycznego, krytykuj\u0105ce neoliberalizm, transformacj\u0119 ustrojow\u0105 po 1989 roku oraz dominacj\u0119 kapita\u0142u. Cele i dzia\u0142alno\u015b\u0107 Podstaw\u0105 dzia\u0142ania jest praca informacyjna, edukacyjna i publicystyczna w obszarze polityki, budowy [&hellip;]\" \/>\n<meta property=\"og:url\" content=\"https:\/\/antykomunistyczni.pl\/index.php\/directory-komunisci\/organizacje_komunistyczne\/porozumienie-socjalistow\/\" \/>\n<meta property=\"og:site_name\" content=\"Antykomunistyczni.pl\" \/>\n<meta property=\"article:publisher\" content=\"https:\/\/www.facebook.com\/antykomunistyczni\/\" \/>\n<meta property=\"article:modified_time\" content=\"2026-03-13T16:36:18+00:00\" \/>\n<meta property=\"og:image\" content=\"https:\/\/antykomunistyczni.pl\/wp-content\/uploads\/2026\/02\/AntykomunistyczniLogoSquare.png\" \/>\n\t<meta property=\"og:image:width\" content=\"1024\" \/>\n\t<meta property=\"og:image:height\" content=\"1024\" \/>\n\t<meta property=\"og:image:type\" content=\"image\/png\" \/>\n<meta name=\"twitter:card\" content=\"summary_large_image\" \/>\n<meta name=\"twitter:site\" content=\"@anty_komunisci\" \/>\n<meta name=\"twitter:label1\" content=\"Szacowany czas czytania\" \/>\n\t<meta name=\"twitter:data1\" content=\"1 minuta\" \/>\n<script type=\"application\/ld+json\" class=\"yoast-schema-graph\">{\"@context\":\"https:\\\/\\\/schema.org\",\"@graph\":[{\"@type\":\"WebPage\",\"@id\":\"https:\\\/\\\/antykomunistyczni.pl\\\/index.php\\\/directory-komunisci\\\/organizacje_komunistyczne\\\/porozumienie-socjalistow\\\/\",\"url\":\"https:\\\/\\\/antykomunistyczni.pl\\\/index.php\\\/directory-komunisci\\\/organizacje_komunistyczne\\\/porozumienie-socjalistow\\\/\",\"name\":\"Porozumienie Socjalist\u00f3w - Antykomunistyczni.pl\",\"isPartOf\":{\"@id\":\"https:\\\/\\\/antykomunistyczni.pl\\\/#website\"},\"datePublished\":\"2026-03-13T07:17:52+00:00\",\"dateModified\":\"2026-03-13T16:36:18+00:00\",\"breadcrumb\":{\"@id\":\"https:\\\/\\\/antykomunistyczni.pl\\\/index.php\\\/directory-komunisci\\\/organizacje_komunistyczne\\\/porozumienie-socjalistow\\\/#breadcrumb\"},\"inLanguage\":\"pl-PL\",\"potentialAction\":[{\"@type\":\"ReadAction\",\"target\":[\"https:\\\/\\\/antykomunistyczni.pl\\\/index.php\\\/directory-komunisci\\\/organizacje_komunistyczne\\\/porozumienie-socjalistow\\\/\"]}]},{\"@type\":\"BreadcrumbList\",\"@id\":\"https:\\\/\\\/antykomunistyczni.pl\\\/index.php\\\/directory-komunisci\\\/organizacje_komunistyczne\\\/porozumienie-socjalistow\\\/#breadcrumb\",\"itemListElement\":[{\"@type\":\"ListItem\",\"position\":1,\"name\":\"Strona g\u0142\u00f3wna\",\"item\":\"https:\\\/\\\/antykomunistyczni.pl\\\/\"},{\"@type\":\"ListItem\",\"position\":2,\"name\":\"Porozumienie Socjalist\u00f3w\"}]},{\"@type\":\"WebSite\",\"@id\":\"https:\\\/\\\/antykomunistyczni.pl\\\/#website\",\"url\":\"https:\\\/\\\/antykomunistyczni.pl\\\/\",\"name\":\"Antykomunistyczni.pl\",\"description\":\"\",\"publisher\":{\"@id\":\"https:\\\/\\\/antykomunistyczni.pl\\\/#organization\"},\"alternateName\":\"Historia PRL, zbrodnie komunistyczne w Polsce i na \u015bwiecie\",\"potentialAction\":[{\"@type\":\"SearchAction\",\"target\":{\"@type\":\"EntryPoint\",\"urlTemplate\":\"https:\\\/\\\/antykomunistyczni.pl\\\/?s={search_term_string}\"},\"query-input\":{\"@type\":\"PropertyValueSpecification\",\"valueRequired\":true,\"valueName\":\"search_term_string\"}}],\"inLanguage\":\"pl-PL\"},{\"@type\":\"Organization\",\"@id\":\"https:\\\/\\\/antykomunistyczni.pl\\\/#organization\",\"name\":\"Antykomunistyczni.pl\",\"url\":\"https:\\\/\\\/antykomunistyczni.pl\\\/\",\"logo\":{\"@type\":\"ImageObject\",\"inLanguage\":\"pl-PL\",\"@id\":\"https:\\\/\\\/antykomunistyczni.pl\\\/#\\\/schema\\\/logo\\\/image\\\/\",\"url\":\"https:\\\/\\\/antykomunistyczni.pl\\\/wp-content\\\/uploads\\\/2026\\\/02\\\/cropped-AntykomunistyczniLogoSquare150x150-2.png\",\"contentUrl\":\"https:\\\/\\\/antykomunistyczni.pl\\\/wp-content\\\/uploads\\\/2026\\\/02\\\/cropped-AntykomunistyczniLogoSquare150x150-2.png\",\"width\":150,\"height\":150,\"caption\":\"Antykomunistyczni.pl\"},\"image\":{\"@id\":\"https:\\\/\\\/antykomunistyczni.pl\\\/#\\\/schema\\\/logo\\\/image\\\/\"},\"sameAs\":[\"https:\\\/\\\/www.facebook.com\\\/antykomunistyczni\\\/\",\"https:\\\/\\\/x.com\\\/anty_komunisci\"]}]}<\/script>\n<!-- \/ Yoast SEO plugin. -->","yoast_head_json":{"title":"Porozumienie Socjalist\u00f3w - Antykomunistyczni.pl","robots":{"index":"index","follow":"follow","max-snippet":"max-snippet:-1","max-image-preview":"max-image-preview:large","max-video-preview":"max-video-preview:-1"},"canonical":"https:\/\/antykomunistyczni.pl\/index.php\/directory-komunisci\/organizacje_komunistyczne\/porozumienie-socjalistow\/","og_locale":"pl_PL","og_type":"article","og_title":"Porozumienie Socjalist\u00f3w - Antykomunistyczni.pl","og_description":"Stowarzyszenie o profilu socjalistycznym, dzia\u0142aj\u0105ce jako organizacja polityczno-publicystyczna (nie jest to partia polityczna zarejestrowana w PKW).\u00a0 Stowarzyszenie zrzesza osoby i \u015brodowiska odwo\u0142uj\u0105ce si\u0119 do tradycji polskiego socjalizmu niepodleg\u0142o\u015bciowego i demokratycznego, krytykuj\u0105ce neoliberalizm, transformacj\u0119 ustrojow\u0105 po 1989 roku oraz dominacj\u0119 kapita\u0142u. Cele i dzia\u0142alno\u015b\u0107 Podstaw\u0105 dzia\u0142ania jest praca informacyjna, edukacyjna i publicystyczna w obszarze polityki, budowy [&hellip;]","og_url":"https:\/\/antykomunistyczni.pl\/index.php\/directory-komunisci\/organizacje_komunistyczne\/porozumienie-socjalistow\/","og_site_name":"Antykomunistyczni.pl","article_publisher":"https:\/\/www.facebook.com\/antykomunistyczni\/","article_modified_time":"2026-03-13T16:36:18+00:00","og_image":[{"width":1024,"height":1024,"url":"https:\/\/antykomunistyczni.pl\/wp-content\/uploads\/2026\/02\/AntykomunistyczniLogoSquare.png","type":"image\/png"}],"twitter_card":"summary_large_image","twitter_site":"@anty_komunisci","twitter_misc":{"Szacowany czas czytania":"1 minuta"},"schema":{"@context":"https:\/\/schema.org","@graph":[{"@type":"WebPage","@id":"https:\/\/antykomunistyczni.pl\/index.php\/directory-komunisci\/organizacje_komunistyczne\/porozumienie-socjalistow\/","url":"https:\/\/antykomunistyczni.pl\/index.php\/directory-komunisci\/organizacje_komunistyczne\/porozumienie-socjalistow\/","name":"Porozumienie Socjalist\u00f3w - Antykomunistyczni.pl","isPartOf":{"@id":"https:\/\/antykomunistyczni.pl\/#website"},"datePublished":"2026-03-13T07:17:52+00:00","dateModified":"2026-03-13T16:36:18+00:00","breadcrumb":{"@id":"https:\/\/antykomunistyczni.pl\/index.php\/directory-komunisci\/organizacje_komunistyczne\/porozumienie-socjalistow\/#breadcrumb"},"inLanguage":"pl-PL","potentialAction":[{"@type":"ReadAction","target":["https:\/\/antykomunistyczni.pl\/index.php\/directory-komunisci\/organizacje_komunistyczne\/porozumienie-socjalistow\/"]}]},{"@type":"BreadcrumbList","@id":"https:\/\/antykomunistyczni.pl\/index.php\/directory-komunisci\/organizacje_komunistyczne\/porozumienie-socjalistow\/#breadcrumb","itemListElement":[{"@type":"ListItem","position":1,"name":"Strona g\u0142\u00f3wna","item":"https:\/\/antykomunistyczni.pl\/"},{"@type":"ListItem","position":2,"name":"Porozumienie Socjalist\u00f3w"}]},{"@type":"WebSite","@id":"https:\/\/antykomunistyczni.pl\/#website","url":"https:\/\/antykomunistyczni.pl\/","name":"Antykomunistyczni.pl","description":"","publisher":{"@id":"https:\/\/antykomunistyczni.pl\/#organization"},"alternateName":"Historia PRL, zbrodnie komunistyczne w Polsce i na \u015bwiecie","potentialAction":[{"@type":"SearchAction","target":{"@type":"EntryPoint","urlTemplate":"https:\/\/antykomunistyczni.pl\/?s={search_term_string}"},"query-input":{"@type":"PropertyValueSpecification","valueRequired":true,"valueName":"search_term_string"}}],"inLanguage":"pl-PL"},{"@type":"Organization","@id":"https:\/\/antykomunistyczni.pl\/#organization","name":"Antykomunistyczni.pl","url":"https:\/\/antykomunistyczni.pl\/","logo":{"@type":"ImageObject","inLanguage":"pl-PL","@id":"https:\/\/antykomunistyczni.pl\/#\/schema\/logo\/image\/","url":"https:\/\/antykomunistyczni.pl\/wp-content\/uploads\/2026\/02\/cropped-AntykomunistyczniLogoSquare150x150-2.png","contentUrl":"https:\/\/antykomunistyczni.pl\/wp-content\/uploads\/2026\/02\/cropped-AntykomunistyczniLogoSquare150x150-2.png","width":150,"height":150,"caption":"Antykomunistyczni.pl"},"image":{"@id":"https:\/\/antykomunistyczni.pl\/#\/schema\/logo\/image\/"},"sameAs":["https:\/\/www.facebook.com\/antykomunistyczni\/","https:\/\/x.com\/anty_komunisci"]}]}},"drts_fields":{"field_phone":[],"field_email":["stowarzyszenie@rs.org.pl"],"field_website":["https:\/\/www.rs.org.pl\/"],"field_date_established":[],"field_skrot_nazwy_popularna_nazwa":["Porozumienie Socjalist\u00f3w"],"field_status_organizacji":["Aktywna"],"field_data_rozwiazania_delegalizacji_1":[],"field_powod_delegalizacji1":[false],"field_szacunkowa_liczba_czlonkow1":[],"field_powiazania_miedzynarodowe1":false,"field_czerwona_flaga1":[],"field_kluczowe_wydarzenia":["Powsta\u0142o formalnie w 2016 roku (wcze\u015bniej funkcjonowa\u0142o pod nazw\u0105 Ruch Spo\u0142eczny Praca\u2013Pok\u00f3j\u2013Sprawiedliwo\u015b\u0107 od 2004 roku)."],"field_liderzy_organizacji":["Zarz\u0105d:\r\nAndrzej Ziemski - prezes\r\nKazimierz Treger - wiceprezes\r\nCzes\u0142aw Kulesza - sekretarz generalny\r\nZbigniew Dymke - skarbnik\r\nMarta Ko\u015bcielecka\r\nJan Herman\r\nPiotr Lewandowski\r\n\r\nKomisja Rewizyjna:\r\nJacek K\u0142opotowski - przewodnicz\u0105cy\r\nJanusz Ptaszkiewicz\r\nSylwester Szafarz\r\n\r\nLista cz\u0142onk\u00f3w Rady Konsultacyjnej\r\n1.    Prof. Maria Szyszkowska\r\n2.    Bogus\u0142aw Gorski\r\n2.    dr Andrzej Ziemski\r\n4.    dr Jerzy Stefa\u0144ski\r\n5.    dr Daniel Mieniewski\r\n6.    Czes\u0142aw Kulesza\r\n7.    Andrzej Sabaturski\r\n8.    Marek Klimczak\r\n9.    Jacek Zdrojewski\r\n10.   Leszek Szyma\u0144czyk\r\n11.   dr Boles\u0142aw Borysiuk\r\n12.   Anna Grodzka"],"location_address":[{"address":"Plac Pi\u0119ciu Rog\u00f3w, Centrum, \u015ar\u00f3dmie\u015bcie P\u00f3\u0142nocne, \u015ar\u00f3dmie\u015bcie, Warszawa, wojew\u00f3dztwo mazowieckie, 00-020, Polska","street":"Chmielna 2\/31","street2":"","city":"Warszawa","province":"wojew\u00f3dztwo mazowieckie","zip":"00-020","country":"Polska","timezone":"","zoom":17,"lat":52.232427999999999,"lng":21.015149000000001,"term_id":0,"display_address":"Chmielna 2\/31, 00-020, Warszawa, Polska"}],"field_ideologia":[],"field_powiazania_miedzynarodowe_opis":[false]},"_links":{"self":[{"href":"https:\/\/antykomunistyczni.pl\/index.php\/wp-json\/wp\/v2\/komunisci_dir_ltg\/1153","targetHints":{"allow":["GET"]}}],"collection":[{"href":"https:\/\/antykomunistyczni.pl\/index.php\/wp-json\/wp\/v2\/komunisci_dir_ltg"}],"about":[{"href":"https:\/\/antykomunistyczni.pl\/index.php\/wp-json\/wp\/v2\/types\/komunisci_dir_ltg"}],"replies":[{"embeddable":true,"href":"https:\/\/antykomunistyczni.pl\/index.php\/wp-json\/wp\/v2\/comments?post=1153"}],"wp:attachment":[{"href":"https:\/\/antykomunistyczni.pl\/index.php\/wp-json\/wp\/v2\/media?parent=1153"}],"wp:term":[{"taxonomy":"komunisci_dir_tag","embeddable":true,"href":"https:\/\/antykomunistyczni.pl\/index.php\/wp-json\/wp\/v2\/komunisci_dir_tag?post=1153"},{"taxonomy":"komunisci_loc_loc","embeddable":true,"href":"https:\/\/antykomunistyczni.pl\/index.php\/wp-json\/wp\/v2\/komunisci_loc_loc?post=1153"}],"curies":[{"name":"wp","href":"https:\/\/api.w.org\/{rel}","templated":true}]}}

Porozumienie Socjalistów

<!-- This site is optimized with the Yoast SEO plugin v28.4 - https://yoast.com/product/yoast-seo-wordpress/ -->
<title>Porozumienie Socjalistów - Antykomunistyczni.pl</title>
<meta name="robots" content="index, follow, max-snippet:-1, max-image-preview:large, max-video-preview:-1" />
<link rel="canonical" href="https://antykomunistyczni.pl/index.php/directory-komunisci/organizacje_komunistyczne/porozumienie-socjalistow/" />
<meta property="og:locale" content="pl_PL" />
<meta property="og:type" content="article" />
<meta property="og:title" content="Porozumienie Socjalistów - Antykomunistyczni.pl" />
<meta property="og:description" content="Stowarzyszenie o profilu socjalistycznym, działające jako organizacja polityczno-publicystyczna (nie jest to partia polityczna zarejestrowana w PKW).  Stowarzyszenie zrzesza osoby i środowiska odwołujące się do tradycji polskiego socjalizmu niepodległościowego i demokratycznego, krytykujące neoliberalizm, transformację ustrojową po 1989 roku oraz dominację kapitału. Cele i działalność Podstawą działania jest praca informacyjna, edukacyjna i publicystyczna w obszarze polityki, budowy [&hellip;]" />
<meta property="og:url" content="https://antykomunistyczni.pl/index.php/directory-komunisci/organizacje_komunistyczne/porozumienie-socjalistow/" />
<meta property="og:site_name" content="Antykomunistyczni.pl" />
<meta property="article:publisher" content="https://www.facebook.com/antykomunistyczni/" />
<meta property="article:modified_time" content="2026-03-13T16:36:18+00:00" />
<meta property="og:image" content="https://antykomunistyczni.pl/wp-content/uploads/2026/02/AntykomunistyczniLogoSquare.png" />
	<meta property="og:image:width" content="1024" />
	<meta property="og:image:height" content="1024" />
	<meta property="og:image:type" content="image/png" />
<meta name="twitter:card" content="summary_large_image" />
<meta name="twitter:site" content="@anty_komunisci" />
<meta name="twitter:label1" content="Szacowany czas czytania" />
	<meta name="twitter:data1" content="1 minuta" />
<script type="application/ld+json" class="yoast-schema-graph">{"@context":"https:\/\/schema.org","@graph":[{"@type":"WebPage","@id":"https:\/\/antykomunistyczni.pl\/index.php\/directory-komunisci\/organizacje_komunistyczne\/porozumienie-socjalistow\/","url":"https:\/\/antykomunistyczni.pl\/index.php\/directory-komunisci\/organizacje_komunistyczne\/porozumienie-socjalistow\/","name":"Porozumienie Socjalistów - Antykomunistyczni.pl","isPartOf":{"@id":"https:\/\/antykomunistyczni.pl\/#website"},"datePublished":"2026-03-13T07:17:52+00:00","dateModified":"2026-03-13T16:36:18+00:00","breadcrumb":{"@id":"https:\/\/antykomunistyczni.pl\/index.php\/directory-komunisci\/organizacje_komunistyczne\/porozumienie-socjalistow\/#breadcrumb"},"inLanguage":"pl-PL","potentialAction":[{"@type":"ReadAction","target":["https:\/\/antykomunistyczni.pl\/index.php\/directory-komunisci\/organizacje_komunistyczne\/porozumienie-socjalistow\/"]}]},{"@type":"BreadcrumbList","@id":"https:\/\/antykomunistyczni.pl\/index.php\/directory-komunisci\/organizacje_komunistyczne\/porozumienie-socjalistow\/#breadcrumb","itemListElement":[{"@type":"ListItem","position":1,"name":"Strona główna","item":"https:\/\/antykomunistyczni.pl\/"},{"@type":"ListItem","position":2,"name":"Porozumienie Socjalistów"}]},{"@type":"WebSite","@id":"https:\/\/antykomunistyczni.pl\/#website","url":"https:\/\/antykomunistyczni.pl\/","name":"Antykomunistyczni.pl","description":"","publisher":{"@id":"https:\/\/antykomunistyczni.pl\/#organization"},"alternateName":"Historia PRL, zbrodnie komunistyczne w Polsce i na świecie","potentialAction":[{"@type":"SearchAction","target":{"@type":"EntryPoint","urlTemplate":"https:\/\/antykomunistyczni.pl\/?s={search_term_string}"},"query-input":{"@type":"PropertyValueSpecification","valueRequired":true,"valueName":"search_term_string"}}],"inLanguage":"pl-PL"},{"@type":"Organization","@id":"https:\/\/antykomunistyczni.pl\/#organization","name":"Antykomunistyczni.pl","url":"https:\/\/antykomunistyczni.pl\/","logo":{"@type":"ImageObject","inLanguage":"pl-PL","@id":"https:\/\/antykomunistyczni.pl\/#\/schema\/logo\/image\/","url":"https:\/\/antykomunistyczni.pl\/wp-content\/uploads\/2026\/02\/cropped-AntykomunistyczniLogoSquare150x150-2.png","contentUrl":"https:\/\/antykomunistyczni.pl\/wp-content\/uploads\/2026\/02\/cropped-AntykomunistyczniLogoSquare150x150-2.png","width":150,"height":150,"caption":"Antykomunistyczni.pl"},"image":{"@id":"https:\/\/antykomunistyczni.pl\/#\/schema\/logo\/image\/"},"sameAs":["https:\/\/www.facebook.com\/antykomunistyczni\/","https:\/\/x.com\/anty_komunisci"]}]}</script>
<!-- / Yoast SEO plugin. -->

Porozumienie Socjalistów - Antykomunistyczni.pl

Stowarzyszenie o profilu socjalistycznym, działające jako organizacja polityczno-publicystyczna (nie jest to partia polityczna zarejestrowana w PKW).  Stowarzyszenie zrzesza osoby i środowiska odwołujące się do tradycji polskiego socjalizmu niepodległościowego i demokratycznego, krytykujące neoliberalizm, transformację ustrojową po 1989 roku oraz dominację kapitału. Cele i działalność Podstawą działania jest praca informacyjna, edukacyjna i publicystyczna w obszarze polityki, budowy [&hellip;]

Strona główna

Historia PRL, zbrodnie komunistyczne w Polsce i na świecie

Powstało formalnie w 2016 roku (wcześniej funkcjonowało pod nazwą Ruch Społeczny Praca–Pokój–Sprawiedliwość od 2004 roku).

Zarząd:
Andrzej Ziemski - prezes
Kazimierz Treger - wiceprezes
Czesław Kulesza - sekretarz generalny
Zbigniew Dymke - skarbnik
Marta Kościelecka
Jan Herman
Piotr Lewandowski

Komisja Rewizyjna:
Jacek Kłopotowski - przewodniczący
Janusz Ptaszkiewicz
Sylwester Szafarz

Lista członków Rady Konsultacyjnej
1.    Prof. Maria Szyszkowska
2.    Bogusław Gorski
2.    dr Andrzej Ziemski
4.    dr Jerzy Stefański
5.    dr Daniel Mieniewski
6.    Czesław Kulesza
7.    Andrzej Sabaturski
8.    Marek Klimczak
9.    Jacek Zdrojewski
10.   Leszek Szymańczyk
11.   dr Bolesław Borysiuk
12.   Anna Grodzka

Plac Pięciu Rogów, Centrum, Śródmieście Północne, Śródmieście, Warszawa, województwo mazowieckie, 00-020, Polska

województwo mazowieckie
