{"id":1243,"date":"2026-03-14T08:11:55","date_gmt":"2026-03-14T07:11:55","guid":{"rendered":"https:\/\/antykomunistyczni.pl\/?post_type=komunisci_dir_ltg&#038;p=1243"},"modified":"2026-03-14T08:12:40","modified_gmt":"2026-03-14T07:12:40","slug":"pracownicza-demokracja","status":"publish","type":"komunisci_dir_ltg","link":"https:\/\/antykomunistyczni.pl\/index.php\/directory-komunisci\/organizacje_komunistyczne\/pracownicza-demokracja\/","title":{"rendered":"Pracownicza Demokracja"},"author":1,"comment_status":"closed","ping_status":"closed","template":"","komunisci_dir_tag":[],"komunisci_loc_loc":[],"class_list":["post-1243","komunisci_dir_ltg","type-komunisci_dir_ltg","status-publish","hentry"],"yoast_head":"<!-- This site is optimized with the Yoast SEO plugin v28.4 - https:\/\/yoast.com\/product\/yoast-seo-wordpress\/ -->\n<title>Pracownicza Demokracja - Antykomunistyczni.pl<\/title>\n<meta name=\"robots\" content=\"index, follow, max-snippet:-1, max-image-preview:large, max-video-preview:-1\" \/>\n<link rel=\"canonical\" href=\"https:\/\/antykomunistyczni.pl\/index.php\/directory-komunisci\/organizacje_komunistyczne\/pracownicza-demokracja\/\" \/>\n<meta property=\"og:locale\" content=\"pl_PL\" \/>\n<meta property=\"og:type\" content=\"article\" \/>\n<meta property=\"og:title\" content=\"Pracownicza Demokracja - Antykomunistyczni.pl\" \/>\n<meta property=\"og:description\" content=\"Organizacja promuj\u0105ca ideologi\u0119 rewolucyjn\u0105, antykapitalistyczn\u0105 i antyimperialistyczn\u0105, krytykuj\u0105ca ca\u0142y system III RP, Ko\u015bci\u00f3\u0142, NATO i \u201ezdrajcz\u0105\u201d lewic\u0119 parlamentarn\u0105. Postrzegana jako sekta marksistowska z tradycj\u0105 od lat 90., aktywna g\u0142\u00f3wnie propagandowo i edukacyjnie. Pracownicza Demokracja (PD) przedstawia si\u0119 jako rewolucyjna organizacja marksistowska walcz\u0105ca o obalenie kapitalizmu i ustanowienie demokracji pracowniczej opartej na radach delegat\u00f3w robotniczych i [&hellip;]\" \/>\n<meta property=\"og:url\" content=\"https:\/\/antykomunistyczni.pl\/index.php\/directory-komunisci\/organizacje_komunistyczne\/pracownicza-demokracja\/\" \/>\n<meta property=\"og:site_name\" content=\"Antykomunistyczni.pl\" \/>\n<meta property=\"article:publisher\" content=\"https:\/\/www.facebook.com\/antykomunistyczni\/\" \/>\n<meta property=\"article:modified_time\" content=\"2026-03-14T07:12:40+00:00\" \/>\n<meta property=\"og:image\" content=\"https:\/\/antykomunistyczni.pl\/wp-content\/uploads\/2026\/02\/AntykomunistyczniLogoSquare.png\" \/>\n\t<meta property=\"og:image:width\" content=\"1024\" \/>\n\t<meta property=\"og:image:height\" content=\"1024\" \/>\n\t<meta property=\"og:image:type\" content=\"image\/png\" \/>\n<meta name=\"twitter:card\" content=\"summary_large_image\" \/>\n<meta name=\"twitter:site\" content=\"@anty_komunisci\" \/>\n<meta name=\"twitter:label1\" content=\"Szacowany czas czytania\" \/>\n\t<meta name=\"twitter:data1\" content=\"2 minuty\" \/>\n<script type=\"application\/ld+json\" class=\"yoast-schema-graph\">{\"@context\":\"https:\\\/\\\/schema.org\",\"@graph\":[{\"@type\":\"WebPage\",\"@id\":\"https:\\\/\\\/antykomunistyczni.pl\\\/index.php\\\/directory-komunisci\\\/organizacje_komunistyczne\\\/pracownicza-demokracja\\\/\",\"url\":\"https:\\\/\\\/antykomunistyczni.pl\\\/index.php\\\/directory-komunisci\\\/organizacje_komunistyczne\\\/pracownicza-demokracja\\\/\",\"name\":\"Pracownicza Demokracja - Antykomunistyczni.pl\",\"isPartOf\":{\"@id\":\"https:\\\/\\\/antykomunistyczni.pl\\\/#website\"},\"datePublished\":\"2026-03-14T07:11:55+00:00\",\"dateModified\":\"2026-03-14T07:12:40+00:00\",\"breadcrumb\":{\"@id\":\"https:\\\/\\\/antykomunistyczni.pl\\\/index.php\\\/directory-komunisci\\\/organizacje_komunistyczne\\\/pracownicza-demokracja\\\/#breadcrumb\"},\"inLanguage\":\"pl-PL\",\"potentialAction\":[{\"@type\":\"ReadAction\",\"target\":[\"https:\\\/\\\/antykomunistyczni.pl\\\/index.php\\\/directory-komunisci\\\/organizacje_komunistyczne\\\/pracownicza-demokracja\\\/\"]}]},{\"@type\":\"BreadcrumbList\",\"@id\":\"https:\\\/\\\/antykomunistyczni.pl\\\/index.php\\\/directory-komunisci\\\/organizacje_komunistyczne\\\/pracownicza-demokracja\\\/#breadcrumb\",\"itemListElement\":[{\"@type\":\"ListItem\",\"position\":1,\"name\":\"Strona g\u0142\u00f3wna\",\"item\":\"https:\\\/\\\/antykomunistyczni.pl\\\/\"},{\"@type\":\"ListItem\",\"position\":2,\"name\":\"Pracownicza Demokracja\"}]},{\"@type\":\"WebSite\",\"@id\":\"https:\\\/\\\/antykomunistyczni.pl\\\/#website\",\"url\":\"https:\\\/\\\/antykomunistyczni.pl\\\/\",\"name\":\"Antykomunistyczni.pl\",\"description\":\"\",\"publisher\":{\"@id\":\"https:\\\/\\\/antykomunistyczni.pl\\\/#organization\"},\"alternateName\":\"Historia PRL, zbrodnie komunistyczne w Polsce i na \u015bwiecie\",\"potentialAction\":[{\"@type\":\"SearchAction\",\"target\":{\"@type\":\"EntryPoint\",\"urlTemplate\":\"https:\\\/\\\/antykomunistyczni.pl\\\/?s={search_term_string}\"},\"query-input\":{\"@type\":\"PropertyValueSpecification\",\"valueRequired\":true,\"valueName\":\"search_term_string\"}}],\"inLanguage\":\"pl-PL\"},{\"@type\":\"Organization\",\"@id\":\"https:\\\/\\\/antykomunistyczni.pl\\\/#organization\",\"name\":\"Antykomunistyczni.pl\",\"url\":\"https:\\\/\\\/antykomunistyczni.pl\\\/\",\"logo\":{\"@type\":\"ImageObject\",\"inLanguage\":\"pl-PL\",\"@id\":\"https:\\\/\\\/antykomunistyczni.pl\\\/#\\\/schema\\\/logo\\\/image\\\/\",\"url\":\"https:\\\/\\\/antykomunistyczni.pl\\\/wp-content\\\/uploads\\\/2026\\\/02\\\/cropped-AntykomunistyczniLogoSquare150x150-2.png\",\"contentUrl\":\"https:\\\/\\\/antykomunistyczni.pl\\\/wp-content\\\/uploads\\\/2026\\\/02\\\/cropped-AntykomunistyczniLogoSquare150x150-2.png\",\"width\":150,\"height\":150,\"caption\":\"Antykomunistyczni.pl\"},\"image\":{\"@id\":\"https:\\\/\\\/antykomunistyczni.pl\\\/#\\\/schema\\\/logo\\\/image\\\/\"},\"sameAs\":[\"https:\\\/\\\/www.facebook.com\\\/antykomunistyczni\\\/\",\"https:\\\/\\\/x.com\\\/anty_komunisci\"]}]}<\/script>\n<!-- \/ Yoast SEO plugin. -->","yoast_head_json":{"title":"Pracownicza Demokracja - Antykomunistyczni.pl","robots":{"index":"index","follow":"follow","max-snippet":"max-snippet:-1","max-image-preview":"max-image-preview:large","max-video-preview":"max-video-preview:-1"},"canonical":"https:\/\/antykomunistyczni.pl\/index.php\/directory-komunisci\/organizacje_komunistyczne\/pracownicza-demokracja\/","og_locale":"pl_PL","og_type":"article","og_title":"Pracownicza Demokracja - Antykomunistyczni.pl","og_description":"Organizacja promuj\u0105ca ideologi\u0119 rewolucyjn\u0105, antykapitalistyczn\u0105 i antyimperialistyczn\u0105, krytykuj\u0105ca ca\u0142y system III RP, Ko\u015bci\u00f3\u0142, NATO i \u201ezdrajcz\u0105\u201d lewic\u0119 parlamentarn\u0105. Postrzegana jako sekta marksistowska z tradycj\u0105 od lat 90., aktywna g\u0142\u00f3wnie propagandowo i edukacyjnie. Pracownicza Demokracja (PD) przedstawia si\u0119 jako rewolucyjna organizacja marksistowska walcz\u0105ca o obalenie kapitalizmu i ustanowienie demokracji pracowniczej opartej na radach delegat\u00f3w robotniczych i [&hellip;]","og_url":"https:\/\/antykomunistyczni.pl\/index.php\/directory-komunisci\/organizacje_komunistyczne\/pracownicza-demokracja\/","og_site_name":"Antykomunistyczni.pl","article_publisher":"https:\/\/www.facebook.com\/antykomunistyczni\/","article_modified_time":"2026-03-14T07:12:40+00:00","og_image":[{"width":1024,"height":1024,"url":"https:\/\/antykomunistyczni.pl\/wp-content\/uploads\/2026\/02\/AntykomunistyczniLogoSquare.png","type":"image\/png"}],"twitter_card":"summary_large_image","twitter_site":"@anty_komunisci","twitter_misc":{"Szacowany czas czytania":"2 minuty"},"schema":{"@context":"https:\/\/schema.org","@graph":[{"@type":"WebPage","@id":"https:\/\/antykomunistyczni.pl\/index.php\/directory-komunisci\/organizacje_komunistyczne\/pracownicza-demokracja\/","url":"https:\/\/antykomunistyczni.pl\/index.php\/directory-komunisci\/organizacje_komunistyczne\/pracownicza-demokracja\/","name":"Pracownicza Demokracja - Antykomunistyczni.pl","isPartOf":{"@id":"https:\/\/antykomunistyczni.pl\/#website"},"datePublished":"2026-03-14T07:11:55+00:00","dateModified":"2026-03-14T07:12:40+00:00","breadcrumb":{"@id":"https:\/\/antykomunistyczni.pl\/index.php\/directory-komunisci\/organizacje_komunistyczne\/pracownicza-demokracja\/#breadcrumb"},"inLanguage":"pl-PL","potentialAction":[{"@type":"ReadAction","target":["https:\/\/antykomunistyczni.pl\/index.php\/directory-komunisci\/organizacje_komunistyczne\/pracownicza-demokracja\/"]}]},{"@type":"BreadcrumbList","@id":"https:\/\/antykomunistyczni.pl\/index.php\/directory-komunisci\/organizacje_komunistyczne\/pracownicza-demokracja\/#breadcrumb","itemListElement":[{"@type":"ListItem","position":1,"name":"Strona g\u0142\u00f3wna","item":"https:\/\/antykomunistyczni.pl\/"},{"@type":"ListItem","position":2,"name":"Pracownicza Demokracja"}]},{"@type":"WebSite","@id":"https:\/\/antykomunistyczni.pl\/#website","url":"https:\/\/antykomunistyczni.pl\/","name":"Antykomunistyczni.pl","description":"","publisher":{"@id":"https:\/\/antykomunistyczni.pl\/#organization"},"alternateName":"Historia PRL, zbrodnie komunistyczne w Polsce i na \u015bwiecie","potentialAction":[{"@type":"SearchAction","target":{"@type":"EntryPoint","urlTemplate":"https:\/\/antykomunistyczni.pl\/?s={search_term_string}"},"query-input":{"@type":"PropertyValueSpecification","valueRequired":true,"valueName":"search_term_string"}}],"inLanguage":"pl-PL"},{"@type":"Organization","@id":"https:\/\/antykomunistyczni.pl\/#organization","name":"Antykomunistyczni.pl","url":"https:\/\/antykomunistyczni.pl\/","logo":{"@type":"ImageObject","inLanguage":"pl-PL","@id":"https:\/\/antykomunistyczni.pl\/#\/schema\/logo\/image\/","url":"https:\/\/antykomunistyczni.pl\/wp-content\/uploads\/2026\/02\/cropped-AntykomunistyczniLogoSquare150x150-2.png","contentUrl":"https:\/\/antykomunistyczni.pl\/wp-content\/uploads\/2026\/02\/cropped-AntykomunistyczniLogoSquare150x150-2.png","width":150,"height":150,"caption":"Antykomunistyczni.pl"},"image":{"@id":"https:\/\/antykomunistyczni.pl\/#\/schema\/logo\/image\/"},"sameAs":["https:\/\/www.facebook.com\/antykomunistyczni\/","https:\/\/x.com\/anty_komunisci"]}]}},"drts_fields":{"field_phone":[],"field_email":[],"field_website":["https:\/\/pracowniczademokracja.org\/"],"field_date_established":["1990-12-31T00:00:00+01:00"],"field_skrot_nazwy_popularna_nazwa":[],"field_status_organizacji":["Aktywna"],"field_data_rozwiazania_delegalizacji_1":[],"field_powod_delegalizacji1":[false],"field_szacunkowa_liczba_czlonkow1":[],"field_powiazania_miedzynarodowe1":false,"field_czerwona_flaga1":[],"field_kluczowe_wydarzenia":["1990 r. (pocz\u0105tek dzia\u0142alno\u015bci jako Socjalistyczna Solidarno\u015b\u0107; zmiana nazwy na Pracownicza Demokracja w latach 90.).\r\nOrganizacja jest jedn\u0105 z najstarszych aktywnych grup trockistowskich w III RP.\r\n\r\nLata 90.\u20132000 \u2013 aktywno\u015b\u0107 w protestach antyglobalistycznych, strajkach.\r\n\r\n2020\u20132022 \u2013 udzia\u0142 w Strajku Kobiet, akcje aborcyjne i antyfaszystowskie.\r\n\r\n2022\u20132024 \u2013 stanowiska antywojenne (krytyka Rosji w Ukrainie, ale te\u017c NATO), analiza kryzysu kapitalistycznego.\r\n\r\n2025\u20132026 \u2013 regularne wydania gazety (np. marzec 2026, luty 2026, stycze\u0144 2026); artyku\u0142y o wyborach prezydenckich (krytyka Razem, PO-PiS), sytuacji mi\u0119dzynarodowej (Palestyna, Nowy Jork \u2013 kandydat socjalistyczny), kontrmanifestacje antyrasistowskie i antyfaszystowskie; spotkania otwarte w Warszawie (np. ul. D\u0142uga 29)."],"field_liderzy_organizacji":["Andrzej \u017bebrowski \u2013 najbardziej widoczna i d\u0142ugoletnia posta\u0107, lider organizacji od lat 90. (wymieniany w Wikipedii i mediach jako g\u0142\u00f3wny przedstawiciel).\r\nStruktura kolektywna \u2013 teksty i komunikaty sygnowane zbiorczo \u201ePracownicza Demokracja\u201d"],"location_address":[{"address":"213, Aleja Niepodleg\u0142o\u015bci, Filtry, Ochota, Warszawa, wojew\u00f3dztwo mazowieckie, 02-086, Polska","street":"","street2":"","city":"Warszawa","province":"wojew\u00f3dztwo mazowieckie","zip":"02-741","country":"Polska","timezone":"","zoom":10,"lat":52.213880000000003,"lng":21.003253000000001,"term_id":0,"display_address":"02-741, Warszawa, Polska"}],"field_ideologia":["Obalenie kapitalizmu i ustanowienie demokracji pracowniczej"],"field_powiazania_miedzynarodowe_opis":[false]},"_links":{"self":[{"href":"https:\/\/antykomunistyczni.pl\/index.php\/wp-json\/wp\/v2\/komunisci_dir_ltg\/1243","targetHints":{"allow":["GET"]}}],"collection":[{"href":"https:\/\/antykomunistyczni.pl\/index.php\/wp-json\/wp\/v2\/komunisci_dir_ltg"}],"about":[{"href":"https:\/\/antykomunistyczni.pl\/index.php\/wp-json\/wp\/v2\/types\/komunisci_dir_ltg"}],"author":[{"embeddable":true,"href":"https:\/\/antykomunistyczni.pl\/index.php\/wp-json\/wp\/v2\/users\/1"}],"replies":[{"embeddable":true,"href":"https:\/\/antykomunistyczni.pl\/index.php\/wp-json\/wp\/v2\/comments?post=1243"}],"wp:attachment":[{"href":"https:\/\/antykomunistyczni.pl\/index.php\/wp-json\/wp\/v2\/media?parent=1243"}],"wp:term":[{"taxonomy":"komunisci_dir_tag","embeddable":true,"href":"https:\/\/antykomunistyczni.pl\/index.php\/wp-json\/wp\/v2\/komunisci_dir_tag?post=1243"},{"taxonomy":"komunisci_loc_loc","embeddable":true,"href":"https:\/\/antykomunistyczni.pl\/index.php\/wp-json\/wp\/v2\/komunisci_loc_loc?post=1243"}],"curies":[{"name":"wp","href":"https:\/\/api.w.org\/{rel}","templated":true}]}}

<!-- This site is optimized with the Yoast SEO plugin v28.4 - https://yoast.com/product/yoast-seo-wordpress/ -->
<title>Pracownicza Demokracja - Antykomunistyczni.pl</title>
<meta name="robots" content="index, follow, max-snippet:-1, max-image-preview:large, max-video-preview:-1" />
<link rel="canonical" href="https://antykomunistyczni.pl/index.php/directory-komunisci/organizacje_komunistyczne/pracownicza-demokracja/" />
<meta property="og:locale" content="pl_PL" />
<meta property="og:type" content="article" />
<meta property="og:title" content="Pracownicza Demokracja - Antykomunistyczni.pl" />
<meta property="og:description" content="Organizacja promująca ideologię rewolucyjną, antykapitalistyczną i antyimperialistyczną, krytykująca cały system III RP, Kościół, NATO i „zdrajczą” lewicę parlamentarną. Postrzegana jako sekta marksistowska z tradycją od lat 90., aktywna głównie propagandowo i edukacyjnie. Pracownicza Demokracja (PD) przedstawia się jako rewolucyjna organizacja marksistowska walcząca o obalenie kapitalizmu i ustanowienie demokracji pracowniczej opartej na radach delegatów robotniczych i [&hellip;]" />
<meta property="og:url" content="https://antykomunistyczni.pl/index.php/directory-komunisci/organizacje_komunistyczne/pracownicza-demokracja/" />
<meta property="og:site_name" content="Antykomunistyczni.pl" />
<meta property="article:publisher" content="https://www.facebook.com/antykomunistyczni/" />
<meta property="article:modified_time" content="2026-03-14T07:12:40+00:00" />
<meta property="og:image" content="https://antykomunistyczni.pl/wp-content/uploads/2026/02/AntykomunistyczniLogoSquare.png" />
	<meta property="og:image:width" content="1024" />
	<meta property="og:image:height" content="1024" />
	<meta property="og:image:type" content="image/png" />
<meta name="twitter:card" content="summary_large_image" />
<meta name="twitter:site" content="@anty_komunisci" />
<meta name="twitter:label1" content="Szacowany czas czytania" />
	<meta name="twitter:data1" content="2 minuty" />
<script type="application/ld+json" class="yoast-schema-graph">{"@context":"https:\/\/schema.org","@graph":[{"@type":"WebPage","@id":"https:\/\/antykomunistyczni.pl\/index.php\/directory-komunisci\/organizacje_komunistyczne\/pracownicza-demokracja\/","url":"https:\/\/antykomunistyczni.pl\/index.php\/directory-komunisci\/organizacje_komunistyczne\/pracownicza-demokracja\/","name":"Pracownicza Demokracja - Antykomunistyczni.pl","isPartOf":{"@id":"https:\/\/antykomunistyczni.pl\/#website"},"datePublished":"2026-03-14T07:11:55+00:00","dateModified":"2026-03-14T07:12:40+00:00","breadcrumb":{"@id":"https:\/\/antykomunistyczni.pl\/index.php\/directory-komunisci\/organizacje_komunistyczne\/pracownicza-demokracja\/#breadcrumb"},"inLanguage":"pl-PL","potentialAction":[{"@type":"ReadAction","target":["https:\/\/antykomunistyczni.pl\/index.php\/directory-komunisci\/organizacje_komunistyczne\/pracownicza-demokracja\/"]}]},{"@type":"BreadcrumbList","@id":"https:\/\/antykomunistyczni.pl\/index.php\/directory-komunisci\/organizacje_komunistyczne\/pracownicza-demokracja\/#breadcrumb","itemListElement":[{"@type":"ListItem","position":1,"name":"Strona główna","item":"https:\/\/antykomunistyczni.pl\/"},{"@type":"ListItem","position":2,"name":"Pracownicza Demokracja"}]},{"@type":"WebSite","@id":"https:\/\/antykomunistyczni.pl\/#website","url":"https:\/\/antykomunistyczni.pl\/","name":"Antykomunistyczni.pl","description":"","publisher":{"@id":"https:\/\/antykomunistyczni.pl\/#organization"},"alternateName":"Historia PRL, zbrodnie komunistyczne w Polsce i na świecie","potentialAction":[{"@type":"SearchAction","target":{"@type":"EntryPoint","urlTemplate":"https:\/\/antykomunistyczni.pl\/?s={search_term_string}"},"query-input":{"@type":"PropertyValueSpecification","valueRequired":true,"valueName":"search_term_string"}}],"inLanguage":"pl-PL"},{"@type":"Organization","@id":"https:\/\/antykomunistyczni.pl\/#organization","name":"Antykomunistyczni.pl","url":"https:\/\/antykomunistyczni.pl\/","logo":{"@type":"ImageObject","inLanguage":"pl-PL","@id":"https:\/\/antykomunistyczni.pl\/#\/schema\/logo\/image\/","url":"https:\/\/antykomunistyczni.pl\/wp-content\/uploads\/2026\/02\/cropped-AntykomunistyczniLogoSquare150x150-2.png","contentUrl":"https:\/\/antykomunistyczni.pl\/wp-content\/uploads\/2026\/02\/cropped-AntykomunistyczniLogoSquare150x150-2.png","width":150,"height":150,"caption":"Antykomunistyczni.pl"},"image":{"@id":"https:\/\/antykomunistyczni.pl\/#\/schema\/logo\/image\/"},"sameAs":["https:\/\/www.facebook.com\/antykomunistyczni\/","https:\/\/x.com\/anty_komunisci"]}]}</script>
<!-- / Yoast SEO plugin. -->

Organizacja promująca ideologię rewolucyjną, antykapitalistyczną i antyimperialistyczną, krytykująca cały system III RP, Kościół, NATO i „zdrajczą” lewicę parlamentarną. Postrzegana jako sekta marksistowska z tradycją od lat 90., aktywna głównie propagandowo i edukacyjnie. Pracownicza Demokracja (PD) przedstawia się jako rewolucyjna organizacja marksistowska walcząca o obalenie kapitalizmu i ustanowienie demokracji pracowniczej opartej na radach delegatów robotniczych i [&hellip;]

Strona główna

Historia PRL, zbrodnie komunistyczne w Polsce i na świecie

1990 r. (początek działalności jako Socjalistyczna Solidarność; zmiana nazwy na Pracownicza Demokracja w latach 90.).
Organizacja jest jedną z najstarszych aktywnych grup trockistowskich w III RP.

Lata 90.–2000 – aktywność w protestach antyglobalistycznych, strajkach.

2020–2022 – udział w Strajku Kobiet, akcje aborcyjne i antyfaszystowskie.

2022–2024 – stanowiska antywojenne (krytyka Rosji w Ukrainie, ale też NATO), analiza kryzysu kapitalistycznego.

2025–2026 – regularne wydania gazety (np. marzec 2026, luty 2026, styczeń 2026); artykuły o wyborach prezydenckich (krytyka Razem, PO-PiS), sytuacji międzynarodowej (Palestyna, Nowy Jork – kandydat socjalistyczny), kontrmanifestacje antyrasistowskie i antyfaszystowskie; spotkania otwarte w Warszawie (np. ul. Długa 29).

Andrzej Żebrowski – najbardziej widoczna i długoletnia postać, lider organizacji od lat 90. (wymieniany w Wikipedii i mediach jako główny przedstawiciel).
Struktura kolektywna – teksty i komunikaty sygnowane zbiorczo „Pracownicza Demokracja”

213, Aleja Niepodległości, Filtry, Ochota, Warszawa, województwo mazowieckie, 02-086, Polska

województwo mazowieckie
