{"id":1247,"date":"2026-03-14T07:12:35","date_gmt":"2026-03-14T06:12:35","guid":{"rendered":"https:\/\/antykomunistyczni.pl\/?post_type=komunisci_dir_ltg&#038;p=1247"},"modified":"2026-03-14T07:12:35","modified_gmt":"2026-03-14T06:12:35","slug":"mloda-lewica","status":"publish","type":"komunisci_dir_ltg","link":"https:\/\/antykomunistyczni.pl\/index.php\/directory-komunisci\/organizacje_komunistyczne\/mloda-lewica\/","title":{"rendered":"M\u0142oda Lewica"},"author":1,"comment_status":"closed","ping_status":"closed","template":"","komunisci_dir_tag":[],"komunisci_loc_loc":[],"class_list":["post-1247","komunisci_dir_ltg","type-komunisci_dir_ltg","status-publish","hentry"],"yoast_head":"<!-- This site is optimized with the Yoast SEO plugin v28.4 - https:\/\/yoast.com\/product\/yoast-seo-wordpress\/ -->\n<title>M\u0142oda Lewica - Antykomunistyczni.pl<\/title>\n<meta name=\"robots\" content=\"index, follow, max-snippet:-1, max-image-preview:large, max-video-preview:-1\" \/>\n<link rel=\"canonical\" href=\"https:\/\/antykomunistyczni.pl\/index.php\/directory-komunisci\/organizacje_komunistyczne\/mloda-lewica\/\" \/>\n<meta property=\"og:locale\" content=\"pl_PL\" \/>\n<meta property=\"og:type\" content=\"article\" \/>\n<meta property=\"og:title\" content=\"M\u0142oda Lewica - Antykomunistyczni.pl\" \/>\n<meta property=\"og:description\" content=\"Radykalna, progresywno-lewicowa m\u0142odzie\u017c\u00f3wka \u2013 organizacja forsuj\u0105ca agend\u0119 kulturowo-spo\u0142eczn\u0105 (\u015bwiecko\u015b\u0107, LGBT+, aborcja na \u017c\u0105danie), krytykuj\u0105ca Ko\u015bci\u00f3\u0142, tradycj\u0119 i wolny rynek, postrzegana jako kontynuacja lewicowego aktywizmu z elementami \u201elewactwa kulturowego\u201d. M\u0142oda Lewica to oficjalna m\u0142odzie\u017c\u00f3wka partii Nowa Lewica (powsta\u0142ej z po\u0142\u0105czenia SLD i Wiosny), a szerzej \u2013 koalicji Lewica. Przedstawia si\u0119 jako lewicowe stowarzyszenie m\u0142odzie\u017cowe dzia\u0142aj\u0105ce na [&hellip;]\" \/>\n<meta property=\"og:url\" content=\"https:\/\/antykomunistyczni.pl\/index.php\/directory-komunisci\/organizacje_komunistyczne\/mloda-lewica\/\" \/>\n<meta property=\"og:site_name\" content=\"Antykomunistyczni.pl\" \/>\n<meta property=\"article:publisher\" content=\"https:\/\/www.facebook.com\/antykomunistyczni\/\" \/>\n<meta property=\"og:image\" content=\"https:\/\/antykomunistyczni.pl\/wp-content\/uploads\/2026\/02\/AntykomunistyczniLogoSquare.png\" \/>\n\t<meta property=\"og:image:width\" content=\"1024\" \/>\n\t<meta property=\"og:image:height\" content=\"1024\" \/>\n\t<meta property=\"og:image:type\" content=\"image\/png\" \/>\n<meta name=\"twitter:card\" content=\"summary_large_image\" \/>\n<meta name=\"twitter:site\" content=\"@anty_komunisci\" \/>\n<meta name=\"twitter:label1\" content=\"Szacowany czas czytania\" \/>\n\t<meta name=\"twitter:data1\" content=\"2 minuty\" \/>\n<script type=\"application\/ld+json\" class=\"yoast-schema-graph\">{\"@context\":\"https:\\\/\\\/schema.org\",\"@graph\":[{\"@type\":\"WebPage\",\"@id\":\"https:\\\/\\\/antykomunistyczni.pl\\\/index.php\\\/directory-komunisci\\\/organizacje_komunistyczne\\\/mloda-lewica\\\/\",\"url\":\"https:\\\/\\\/antykomunistyczni.pl\\\/index.php\\\/directory-komunisci\\\/organizacje_komunistyczne\\\/mloda-lewica\\\/\",\"name\":\"M\u0142oda Lewica - Antykomunistyczni.pl\",\"isPartOf\":{\"@id\":\"https:\\\/\\\/antykomunistyczni.pl\\\/#website\"},\"datePublished\":\"2026-03-14T06:12:35+00:00\",\"breadcrumb\":{\"@id\":\"https:\\\/\\\/antykomunistyczni.pl\\\/index.php\\\/directory-komunisci\\\/organizacje_komunistyczne\\\/mloda-lewica\\\/#breadcrumb\"},\"inLanguage\":\"pl-PL\",\"potentialAction\":[{\"@type\":\"ReadAction\",\"target\":[\"https:\\\/\\\/antykomunistyczni.pl\\\/index.php\\\/directory-komunisci\\\/organizacje_komunistyczne\\\/mloda-lewica\\\/\"]}]},{\"@type\":\"BreadcrumbList\",\"@id\":\"https:\\\/\\\/antykomunistyczni.pl\\\/index.php\\\/directory-komunisci\\\/organizacje_komunistyczne\\\/mloda-lewica\\\/#breadcrumb\",\"itemListElement\":[{\"@type\":\"ListItem\",\"position\":1,\"name\":\"Strona g\u0142\u00f3wna\",\"item\":\"https:\\\/\\\/antykomunistyczni.pl\\\/\"},{\"@type\":\"ListItem\",\"position\":2,\"name\":\"M\u0142oda Lewica\"}]},{\"@type\":\"WebSite\",\"@id\":\"https:\\\/\\\/antykomunistyczni.pl\\\/#website\",\"url\":\"https:\\\/\\\/antykomunistyczni.pl\\\/\",\"name\":\"Antykomunistyczni.pl\",\"description\":\"\",\"publisher\":{\"@id\":\"https:\\\/\\\/antykomunistyczni.pl\\\/#organization\"},\"alternateName\":\"Historia PRL, zbrodnie komunistyczne w Polsce i na \u015bwiecie\",\"potentialAction\":[{\"@type\":\"SearchAction\",\"target\":{\"@type\":\"EntryPoint\",\"urlTemplate\":\"https:\\\/\\\/antykomunistyczni.pl\\\/?s={search_term_string}\"},\"query-input\":{\"@type\":\"PropertyValueSpecification\",\"valueRequired\":true,\"valueName\":\"search_term_string\"}}],\"inLanguage\":\"pl-PL\"},{\"@type\":\"Organization\",\"@id\":\"https:\\\/\\\/antykomunistyczni.pl\\\/#organization\",\"name\":\"Antykomunistyczni.pl\",\"url\":\"https:\\\/\\\/antykomunistyczni.pl\\\/\",\"logo\":{\"@type\":\"ImageObject\",\"inLanguage\":\"pl-PL\",\"@id\":\"https:\\\/\\\/antykomunistyczni.pl\\\/#\\\/schema\\\/logo\\\/image\\\/\",\"url\":\"https:\\\/\\\/antykomunistyczni.pl\\\/wp-content\\\/uploads\\\/2026\\\/02\\\/cropped-AntykomunistyczniLogoSquare150x150-2.png\",\"contentUrl\":\"https:\\\/\\\/antykomunistyczni.pl\\\/wp-content\\\/uploads\\\/2026\\\/02\\\/cropped-AntykomunistyczniLogoSquare150x150-2.png\",\"width\":150,\"height\":150,\"caption\":\"Antykomunistyczni.pl\"},\"image\":{\"@id\":\"https:\\\/\\\/antykomunistyczni.pl\\\/#\\\/schema\\\/logo\\\/image\\\/\"},\"sameAs\":[\"https:\\\/\\\/www.facebook.com\\\/antykomunistyczni\\\/\",\"https:\\\/\\\/x.com\\\/anty_komunisci\"]}]}<\/script>\n<!-- \/ Yoast SEO plugin. -->","yoast_head_json":{"title":"M\u0142oda Lewica - Antykomunistyczni.pl","robots":{"index":"index","follow":"follow","max-snippet":"max-snippet:-1","max-image-preview":"max-image-preview:large","max-video-preview":"max-video-preview:-1"},"canonical":"https:\/\/antykomunistyczni.pl\/index.php\/directory-komunisci\/organizacje_komunistyczne\/mloda-lewica\/","og_locale":"pl_PL","og_type":"article","og_title":"M\u0142oda Lewica - Antykomunistyczni.pl","og_description":"Radykalna, progresywno-lewicowa m\u0142odzie\u017c\u00f3wka \u2013 organizacja forsuj\u0105ca agend\u0119 kulturowo-spo\u0142eczn\u0105 (\u015bwiecko\u015b\u0107, LGBT+, aborcja na \u017c\u0105danie), krytykuj\u0105ca Ko\u015bci\u00f3\u0142, tradycj\u0119 i wolny rynek, postrzegana jako kontynuacja lewicowego aktywizmu z elementami \u201elewactwa kulturowego\u201d. M\u0142oda Lewica to oficjalna m\u0142odzie\u017c\u00f3wka partii Nowa Lewica (powsta\u0142ej z po\u0142\u0105czenia SLD i Wiosny), a szerzej \u2013 koalicji Lewica. Przedstawia si\u0119 jako lewicowe stowarzyszenie m\u0142odzie\u017cowe dzia\u0142aj\u0105ce na [&hellip;]","og_url":"https:\/\/antykomunistyczni.pl\/index.php\/directory-komunisci\/organizacje_komunistyczne\/mloda-lewica\/","og_site_name":"Antykomunistyczni.pl","article_publisher":"https:\/\/www.facebook.com\/antykomunistyczni\/","og_image":[{"width":1024,"height":1024,"url":"https:\/\/antykomunistyczni.pl\/wp-content\/uploads\/2026\/02\/AntykomunistyczniLogoSquare.png","type":"image\/png"}],"twitter_card":"summary_large_image","twitter_site":"@anty_komunisci","twitter_misc":{"Szacowany czas czytania":"2 minuty"},"schema":{"@context":"https:\/\/schema.org","@graph":[{"@type":"WebPage","@id":"https:\/\/antykomunistyczni.pl\/index.php\/directory-komunisci\/organizacje_komunistyczne\/mloda-lewica\/","url":"https:\/\/antykomunistyczni.pl\/index.php\/directory-komunisci\/organizacje_komunistyczne\/mloda-lewica\/","name":"M\u0142oda Lewica - Antykomunistyczni.pl","isPartOf":{"@id":"https:\/\/antykomunistyczni.pl\/#website"},"datePublished":"2026-03-14T06:12:35+00:00","breadcrumb":{"@id":"https:\/\/antykomunistyczni.pl\/index.php\/directory-komunisci\/organizacje_komunistyczne\/mloda-lewica\/#breadcrumb"},"inLanguage":"pl-PL","potentialAction":[{"@type":"ReadAction","target":["https:\/\/antykomunistyczni.pl\/index.php\/directory-komunisci\/organizacje_komunistyczne\/mloda-lewica\/"]}]},{"@type":"BreadcrumbList","@id":"https:\/\/antykomunistyczni.pl\/index.php\/directory-komunisci\/organizacje_komunistyczne\/mloda-lewica\/#breadcrumb","itemListElement":[{"@type":"ListItem","position":1,"name":"Strona g\u0142\u00f3wna","item":"https:\/\/antykomunistyczni.pl\/"},{"@type":"ListItem","position":2,"name":"M\u0142oda Lewica"}]},{"@type":"WebSite","@id":"https:\/\/antykomunistyczni.pl\/#website","url":"https:\/\/antykomunistyczni.pl\/","name":"Antykomunistyczni.pl","description":"","publisher":{"@id":"https:\/\/antykomunistyczni.pl\/#organization"},"alternateName":"Historia PRL, zbrodnie komunistyczne w Polsce i na \u015bwiecie","potentialAction":[{"@type":"SearchAction","target":{"@type":"EntryPoint","urlTemplate":"https:\/\/antykomunistyczni.pl\/?s={search_term_string}"},"query-input":{"@type":"PropertyValueSpecification","valueRequired":true,"valueName":"search_term_string"}}],"inLanguage":"pl-PL"},{"@type":"Organization","@id":"https:\/\/antykomunistyczni.pl\/#organization","name":"Antykomunistyczni.pl","url":"https:\/\/antykomunistyczni.pl\/","logo":{"@type":"ImageObject","inLanguage":"pl-PL","@id":"https:\/\/antykomunistyczni.pl\/#\/schema\/logo\/image\/","url":"https:\/\/antykomunistyczni.pl\/wp-content\/uploads\/2026\/02\/cropped-AntykomunistyczniLogoSquare150x150-2.png","contentUrl":"https:\/\/antykomunistyczni.pl\/wp-content\/uploads\/2026\/02\/cropped-AntykomunistyczniLogoSquare150x150-2.png","width":150,"height":150,"caption":"Antykomunistyczni.pl"},"image":{"@id":"https:\/\/antykomunistyczni.pl\/#\/schema\/logo\/image\/"},"sameAs":["https:\/\/www.facebook.com\/antykomunistyczni\/","https:\/\/x.com\/anty_komunisci"]}]}},"drts_fields":{"field_phone":[],"field_email":[],"field_website":["https:\/\/mlodalewica.pl\/"],"field_date_established":["2020-04-30T01:00:00+02:00"],"field_skrot_nazwy_popularna_nazwa":[],"field_status_organizacji":["Aktywna"],"field_data_rozwiazania_delegalizacji_1":[],"field_powod_delegalizacji1":[false],"field_szacunkowa_liczba_czlonkow1":["Kilka tysi\u0119cy"],"field_powiazania_miedzynarodowe1":true,"field_czerwona_flaga1":[],"field_kluczowe_wydarzenia":["2020 \u2013 rejestracja stowarzyszenia jako m\u0142odzie\u017c\u00f3wki Wiosny.\r\n\r\n2021\u20132023 \u2013 dynamiczny rozw\u00f3j struktur, udzia\u0142 w protestach Strajku Kobiet, akcje antyrz\u0105dowe wobec PiS.\r\n\r\n2023\u20132025 \u2013 po\u0142\u0105czenie z Federacj\u0105 M\u0142odych Socjaldemokrat\u00f3w (FMS) po fuzji SLD+Wiosna; jednolita m\u0142odzie\u017c\u00f3wka Nowej Lewicy.\r\n\r\n2024\u20132025 \u2013 kampania samorz\u0105dowa i prezydencka Lewicy; liczne akcje proaborcyjne, klimatyczne i antyfaszystowskie.\r\n\r\n2025\u20132026 \u2013 dalsza aktywno\u015b\u0107 w kontek\u015bcie rz\u0105du koalicyjnego (wsparcie dla Lewicy w Sejmie); protesty przeciwko pr\u00f3bom ograniczenia praw reprodukcyjnych i anty-LGBT; przygotowania do wybor\u00f3w prezydenckich 2025 i europejskich."],"field_liderzy_organizacji":["Wsp\u00f3\u0142przewodnicz\u0105cy \/ wsp\u00f3\u0142przewodnicz\u0105ca (przyk\u0142ad z ostatnich lat): Zuzanna Piwowar (historyczka sztuki, cz\u0142onkini Rady Krajowej Nowej Lewicy), Alex Zyskowski (wiceprzewodnicz\u0105cy ds. IT, aktywista podlaski).\r\n\r\nInni prominentni: Kacper \u0141ata (wsp\u00f3\u0142przewodnicz\u0105cy woj. \u0142\u00f3dzkiego), dzia\u0142acze lokalni w strukturach wojew\u00f3dzkich.\r\nOrganizacja dzia\u0142a kolektywnie \u2013 decyzje na radach krajowych i regionalnych; brak jednej \u201etwarzy\u201d jak w partiach doros\u0142ych."],"location_address":[{"address":"Polska Izba Ubezpiecze\u0144, 18, Twarda, \u017belazna Brama, \u015ar\u00f3dmie\u015bcie P\u00f3\u0142nocne, \u015ar\u00f3dmie\u015bcie, Warszawa, wojew\u00f3dztwo mazowieckie, 00-105, Polska","street":"Twarda 18","street2":"","city":"Warszawa","province":"wojew\u00f3dztwo mazowieckie","zip":"00-105","country":"Polska","timezone":"","zoom":10,"lat":52.234687000000001,"lng":20.999275000000001,"term_id":0,"display_address":"Twarda 18, 00-105, Warszawa, Polska"}],"field_ideologia":["Post\u0119powa, sprawiedliwa spo\u0142ecznie, zielona i \u015bwieckia Polski."],"field_powiazania_miedzynarodowe_opis":["SPD Niemcy"]},"_links":{"self":[{"href":"https:\/\/antykomunistyczni.pl\/index.php\/wp-json\/wp\/v2\/komunisci_dir_ltg\/1247","targetHints":{"allow":["GET"]}}],"collection":[{"href":"https:\/\/antykomunistyczni.pl\/index.php\/wp-json\/wp\/v2\/komunisci_dir_ltg"}],"about":[{"href":"https:\/\/antykomunistyczni.pl\/index.php\/wp-json\/wp\/v2\/types\/komunisci_dir_ltg"}],"author":[{"embeddable":true,"href":"https:\/\/antykomunistyczni.pl\/index.php\/wp-json\/wp\/v2\/users\/1"}],"replies":[{"embeddable":true,"href":"https:\/\/antykomunistyczni.pl\/index.php\/wp-json\/wp\/v2\/comments?post=1247"}],"wp:attachment":[{"href":"https:\/\/antykomunistyczni.pl\/index.php\/wp-json\/wp\/v2\/media?parent=1247"}],"wp:term":[{"taxonomy":"komunisci_dir_tag","embeddable":true,"href":"https:\/\/antykomunistyczni.pl\/index.php\/wp-json\/wp\/v2\/komunisci_dir_tag?post=1247"},{"taxonomy":"komunisci_loc_loc","embeddable":true,"href":"https:\/\/antykomunistyczni.pl\/index.php\/wp-json\/wp\/v2\/komunisci_loc_loc?post=1247"}],"curies":[{"name":"wp","href":"https:\/\/api.w.org\/{rel}","templated":true}]}}

Młoda Lewica

<!-- This site is optimized with the Yoast SEO plugin v28.4 - https://yoast.com/product/yoast-seo-wordpress/ -->
<title>Młoda Lewica - Antykomunistyczni.pl</title>
<meta name="robots" content="index, follow, max-snippet:-1, max-image-preview:large, max-video-preview:-1" />
<link rel="canonical" href="https://antykomunistyczni.pl/index.php/directory-komunisci/organizacje_komunistyczne/mloda-lewica/" />
<meta property="og:locale" content="pl_PL" />
<meta property="og:type" content="article" />
<meta property="og:title" content="Młoda Lewica - Antykomunistyczni.pl" />
<meta property="og:description" content="Radykalna, progresywno-lewicowa młodzieżówka – organizacja forsująca agendę kulturowo-społeczną (świeckość, LGBT+, aborcja na żądanie), krytykująca Kościół, tradycję i wolny rynek, postrzegana jako kontynuacja lewicowego aktywizmu z elementami „lewactwa kulturowego”. Młoda Lewica to oficjalna młodzieżówka partii Nowa Lewica (powstałej z połączenia SLD i Wiosny), a szerzej – koalicji Lewica. Przedstawia się jako lewicowe stowarzyszenie młodzieżowe działające na [&hellip;]" />
<meta property="og:url" content="https://antykomunistyczni.pl/index.php/directory-komunisci/organizacje_komunistyczne/mloda-lewica/" />
<meta property="og:site_name" content="Antykomunistyczni.pl" />
<meta property="article:publisher" content="https://www.facebook.com/antykomunistyczni/" />
<meta property="og:image" content="https://antykomunistyczni.pl/wp-content/uploads/2026/02/AntykomunistyczniLogoSquare.png" />
	<meta property="og:image:width" content="1024" />
	<meta property="og:image:height" content="1024" />
	<meta property="og:image:type" content="image/png" />
<meta name="twitter:card" content="summary_large_image" />
<meta name="twitter:site" content="@anty_komunisci" />
<meta name="twitter:label1" content="Szacowany czas czytania" />
	<meta name="twitter:data1" content="2 minuty" />
<script type="application/ld+json" class="yoast-schema-graph">{"@context":"https:\/\/schema.org","@graph":[{"@type":"WebPage","@id":"https:\/\/antykomunistyczni.pl\/index.php\/directory-komunisci\/organizacje_komunistyczne\/mloda-lewica\/","url":"https:\/\/antykomunistyczni.pl\/index.php\/directory-komunisci\/organizacje_komunistyczne\/mloda-lewica\/","name":"Młoda Lewica - Antykomunistyczni.pl","isPartOf":{"@id":"https:\/\/antykomunistyczni.pl\/#website"},"datePublished":"2026-03-14T06:12:35+00:00","breadcrumb":{"@id":"https:\/\/antykomunistyczni.pl\/index.php\/directory-komunisci\/organizacje_komunistyczne\/mloda-lewica\/#breadcrumb"},"inLanguage":"pl-PL","potentialAction":[{"@type":"ReadAction","target":["https:\/\/antykomunistyczni.pl\/index.php\/directory-komunisci\/organizacje_komunistyczne\/mloda-lewica\/"]}]},{"@type":"BreadcrumbList","@id":"https:\/\/antykomunistyczni.pl\/index.php\/directory-komunisci\/organizacje_komunistyczne\/mloda-lewica\/#breadcrumb","itemListElement":[{"@type":"ListItem","position":1,"name":"Strona główna","item":"https:\/\/antykomunistyczni.pl\/"},{"@type":"ListItem","position":2,"name":"Młoda Lewica"}]},{"@type":"WebSite","@id":"https:\/\/antykomunistyczni.pl\/#website","url":"https:\/\/antykomunistyczni.pl\/","name":"Antykomunistyczni.pl","description":"","publisher":{"@id":"https:\/\/antykomunistyczni.pl\/#organization"},"alternateName":"Historia PRL, zbrodnie komunistyczne w Polsce i na świecie","potentialAction":[{"@type":"SearchAction","target":{"@type":"EntryPoint","urlTemplate":"https:\/\/antykomunistyczni.pl\/?s={search_term_string}"},"query-input":{"@type":"PropertyValueSpecification","valueRequired":true,"valueName":"search_term_string"}}],"inLanguage":"pl-PL"},{"@type":"Organization","@id":"https:\/\/antykomunistyczni.pl\/#organization","name":"Antykomunistyczni.pl","url":"https:\/\/antykomunistyczni.pl\/","logo":{"@type":"ImageObject","inLanguage":"pl-PL","@id":"https:\/\/antykomunistyczni.pl\/#\/schema\/logo\/image\/","url":"https:\/\/antykomunistyczni.pl\/wp-content\/uploads\/2026\/02\/cropped-AntykomunistyczniLogoSquare150x150-2.png","contentUrl":"https:\/\/antykomunistyczni.pl\/wp-content\/uploads\/2026\/02\/cropped-AntykomunistyczniLogoSquare150x150-2.png","width":150,"height":150,"caption":"Antykomunistyczni.pl"},"image":{"@id":"https:\/\/antykomunistyczni.pl\/#\/schema\/logo\/image\/"},"sameAs":["https:\/\/www.facebook.com\/antykomunistyczni\/","https:\/\/x.com\/anty_komunisci"]}]}</script>
<!-- / Yoast SEO plugin. -->

Młoda Lewica - Antykomunistyczni.pl

Radykalna, progresywno-lewicowa młodzieżówka – organizacja forsująca agendę kulturowo-społeczną (świeckość, LGBT+, aborcja na żądanie), krytykująca Kościół, tradycję i wolny rynek, postrzegana jako kontynuacja lewicowego aktywizmu z elementami „lewactwa kulturowego”. Młoda Lewica to oficjalna młodzieżówka partii Nowa Lewica (powstałej z połączenia SLD i Wiosny), a szerzej – koalicji Lewica. Przedstawia się jako lewicowe stowarzyszenie młodzieżowe działające na [&hellip;]

Strona główna

Historia PRL, zbrodnie komunistyczne w Polsce i na świecie

Kilka tysięcy

2020 – rejestracja stowarzyszenia jako młodzieżówki Wiosny.

2021–2023 – dynamiczny rozwój struktur, udział w protestach Strajku Kobiet, akcje antyrządowe wobec PiS.

2023–2025 – połączenie z Federacją Młodych Socjaldemokratów (FMS) po fuzji SLD+Wiosna; jednolita młodzieżówka Nowej Lewicy.

2024–2025 – kampania samorządowa i prezydencka Lewicy; liczne akcje proaborcyjne, klimatyczne i antyfaszystowskie.

2025–2026 – dalsza aktywność w kontekście rządu koalicyjnego (wsparcie dla Lewicy w Sejmie); protesty przeciwko próbom ograniczenia praw reprodukcyjnych i anty-LGBT; przygotowania do wyborów prezydenckich 2025 i europejskich.

Współprzewodniczący / współprzewodnicząca (przykład z ostatnich lat): Zuzanna Piwowar (historyczka sztuki, członkini Rady Krajowej Nowej Lewicy), Alex Zyskowski (wiceprzewodniczący ds. IT, aktywista podlaski).

Inni prominentni: Kacper Łata (współprzewodniczący woj. łódzkiego), działacze lokalni w strukturach wojewódzkich.
Organizacja działa kolektywnie – decyzje na radach krajowych i regionalnych; brak jednej „twarzy” jak w partiach dorosłych.

Polska Izba Ubezpieczeń, 18, Twarda, Żelazna Brama, Śródmieście Północne, Śródmieście, Warszawa, województwo mazowieckie, 00-105, Polska

województwo mazowieckie

Postępowa, sprawiedliwa społecznie, zielona i świeckia Polski.
