{"id":1248,"date":"2026-03-14T06:48:29","date_gmt":"2026-03-14T05:48:29","guid":{"rendered":"https:\/\/antykomunistyczni.pl\/?post_type=komunisci_dir_ltg&#038;p=1248"},"modified":"2026-03-14T06:49:05","modified_gmt":"2026-03-14T05:49:05","slug":"czerwona-mlodziez","status":"publish","type":"komunisci_dir_ltg","link":"https:\/\/antykomunistyczni.pl\/index.php\/directory-komunisci\/organizacje_komunistyczne\/czerwona-mlodziez\/","title":{"rendered":"Czerwona M\u0142odzie\u017c"},"author":1,"comment_status":"closed","ping_status":"closed","template":"","komunisci_dir_tag":[],"komunisci_loc_loc":[],"class_list":["post-1248","komunisci_dir_ltg","type-komunisci_dir_ltg","status-publish","hentry"],"yoast_head":"<!-- This site is optimized with the Yoast SEO plugin v28.4 - https:\/\/yoast.com\/product\/yoast-seo-wordpress\/ -->\n<title>Czerwona M\u0142odzie\u017c - Antykomunistyczni.pl<\/title>\n<meta name=\"robots\" content=\"index, follow, max-snippet:-1, max-image-preview:large, max-video-preview:-1\" \/>\n<link rel=\"canonical\" href=\"https:\/\/antykomunistyczni.pl\/index.php\/directory-komunisci\/organizacje_komunistyczne\/czerwona-mlodziez\/\" \/>\n<meta property=\"og:locale\" content=\"pl_PL\" \/>\n<meta property=\"og:type\" content=\"article\" \/>\n<meta property=\"og:title\" content=\"Czerwona M\u0142odzie\u017c - Antykomunistyczni.pl\" \/>\n<meta property=\"og:description\" content=\"Przyk\u0142ad wsp\u00f3\u0142czesnego radykalnego lewactwa \u2013 grupa promuj\u0105ca socjalizm i antykapitalizm pod has\u0142ami patriotyzmu i antyfaszyzmu, krytykuj\u0105ca system III RP, ale bez powi\u0105za\u0144 z totalitaryzmem stalinowskim czy prorosyjsko\u015bci\u0105 (pozycja antyimperialistyczna wobec Rosji po 2022 r.). Organizacja pozostaje ma\u0142a i niszowa. (nieformalna kontynuacja po roz\u0142amie z PPS w 2022) \u2013 cz\u0119\u015b\u0107 przesz\u0142a do Stowarzyszenia Czerwoni, ale pozosta\u0142e [&hellip;]\" \/>\n<meta property=\"og:url\" content=\"https:\/\/antykomunistyczni.pl\/index.php\/directory-komunisci\/organizacje_komunistyczne\/czerwona-mlodziez\/\" \/>\n<meta property=\"og:site_name\" content=\"Antykomunistyczni.pl\" \/>\n<meta property=\"article:publisher\" content=\"https:\/\/www.facebook.com\/antykomunistyczni\/\" \/>\n<meta property=\"article:modified_time\" content=\"2026-03-14T05:49:05+00:00\" \/>\n<meta property=\"og:image\" content=\"https:\/\/antykomunistyczni.pl\/wp-content\/uploads\/2026\/02\/AntykomunistyczniLogoSquare.png\" \/>\n\t<meta property=\"og:image:width\" content=\"1024\" \/>\n\t<meta property=\"og:image:height\" content=\"1024\" \/>\n\t<meta property=\"og:image:type\" content=\"image\/png\" \/>\n<meta name=\"twitter:card\" content=\"summary_large_image\" \/>\n<meta name=\"twitter:site\" content=\"@anty_komunisci\" \/>\n<meta name=\"twitter:label1\" content=\"Szacowany czas czytania\" \/>\n\t<meta name=\"twitter:data1\" content=\"2 minuty\" \/>\n<script type=\"application\/ld+json\" class=\"yoast-schema-graph\">{\"@context\":\"https:\\\/\\\/schema.org\",\"@graph\":[{\"@type\":\"WebPage\",\"@id\":\"https:\\\/\\\/antykomunistyczni.pl\\\/index.php\\\/directory-komunisci\\\/organizacje_komunistyczne\\\/czerwona-mlodziez\\\/\",\"url\":\"https:\\\/\\\/antykomunistyczni.pl\\\/index.php\\\/directory-komunisci\\\/organizacje_komunistyczne\\\/czerwona-mlodziez\\\/\",\"name\":\"Czerwona M\u0142odzie\u017c - Antykomunistyczni.pl\",\"isPartOf\":{\"@id\":\"https:\\\/\\\/antykomunistyczni.pl\\\/#website\"},\"datePublished\":\"2026-03-14T05:48:29+00:00\",\"dateModified\":\"2026-03-14T05:49:05+00:00\",\"breadcrumb\":{\"@id\":\"https:\\\/\\\/antykomunistyczni.pl\\\/index.php\\\/directory-komunisci\\\/organizacje_komunistyczne\\\/czerwona-mlodziez\\\/#breadcrumb\"},\"inLanguage\":\"pl-PL\",\"potentialAction\":[{\"@type\":\"ReadAction\",\"target\":[\"https:\\\/\\\/antykomunistyczni.pl\\\/index.php\\\/directory-komunisci\\\/organizacje_komunistyczne\\\/czerwona-mlodziez\\\/\"]}]},{\"@type\":\"BreadcrumbList\",\"@id\":\"https:\\\/\\\/antykomunistyczni.pl\\\/index.php\\\/directory-komunisci\\\/organizacje_komunistyczne\\\/czerwona-mlodziez\\\/#breadcrumb\",\"itemListElement\":[{\"@type\":\"ListItem\",\"position\":1,\"name\":\"Strona g\u0142\u00f3wna\",\"item\":\"https:\\\/\\\/antykomunistyczni.pl\\\/\"},{\"@type\":\"ListItem\",\"position\":2,\"name\":\"Czerwona M\u0142odzie\u017c\"}]},{\"@type\":\"WebSite\",\"@id\":\"https:\\\/\\\/antykomunistyczni.pl\\\/#website\",\"url\":\"https:\\\/\\\/antykomunistyczni.pl\\\/\",\"name\":\"Antykomunistyczni.pl\",\"description\":\"\",\"publisher\":{\"@id\":\"https:\\\/\\\/antykomunistyczni.pl\\\/#organization\"},\"alternateName\":\"Historia PRL, zbrodnie komunistyczne w Polsce i na \u015bwiecie\",\"potentialAction\":[{\"@type\":\"SearchAction\",\"target\":{\"@type\":\"EntryPoint\",\"urlTemplate\":\"https:\\\/\\\/antykomunistyczni.pl\\\/?s={search_term_string}\"},\"query-input\":{\"@type\":\"PropertyValueSpecification\",\"valueRequired\":true,\"valueName\":\"search_term_string\"}}],\"inLanguage\":\"pl-PL\"},{\"@type\":\"Organization\",\"@id\":\"https:\\\/\\\/antykomunistyczni.pl\\\/#organization\",\"name\":\"Antykomunistyczni.pl\",\"url\":\"https:\\\/\\\/antykomunistyczni.pl\\\/\",\"logo\":{\"@type\":\"ImageObject\",\"inLanguage\":\"pl-PL\",\"@id\":\"https:\\\/\\\/antykomunistyczni.pl\\\/#\\\/schema\\\/logo\\\/image\\\/\",\"url\":\"https:\\\/\\\/antykomunistyczni.pl\\\/wp-content\\\/uploads\\\/2026\\\/02\\\/cropped-AntykomunistyczniLogoSquare150x150-2.png\",\"contentUrl\":\"https:\\\/\\\/antykomunistyczni.pl\\\/wp-content\\\/uploads\\\/2026\\\/02\\\/cropped-AntykomunistyczniLogoSquare150x150-2.png\",\"width\":150,\"height\":150,\"caption\":\"Antykomunistyczni.pl\"},\"image\":{\"@id\":\"https:\\\/\\\/antykomunistyczni.pl\\\/#\\\/schema\\\/logo\\\/image\\\/\"},\"sameAs\":[\"https:\\\/\\\/www.facebook.com\\\/antykomunistyczni\\\/\",\"https:\\\/\\\/x.com\\\/anty_komunisci\"]}]}<\/script>\n<!-- \/ Yoast SEO plugin. -->","yoast_head_json":{"title":"Czerwona M\u0142odzie\u017c - Antykomunistyczni.pl","robots":{"index":"index","follow":"follow","max-snippet":"max-snippet:-1","max-image-preview":"max-image-preview:large","max-video-preview":"max-video-preview:-1"},"canonical":"https:\/\/antykomunistyczni.pl\/index.php\/directory-komunisci\/organizacje_komunistyczne\/czerwona-mlodziez\/","og_locale":"pl_PL","og_type":"article","og_title":"Czerwona M\u0142odzie\u017c - Antykomunistyczni.pl","og_description":"Przyk\u0142ad wsp\u00f3\u0142czesnego radykalnego lewactwa \u2013 grupa promuj\u0105ca socjalizm i antykapitalizm pod has\u0142ami patriotyzmu i antyfaszyzmu, krytykuj\u0105ca system III RP, ale bez powi\u0105za\u0144 z totalitaryzmem stalinowskim czy prorosyjsko\u015bci\u0105 (pozycja antyimperialistyczna wobec Rosji po 2022 r.). Organizacja pozostaje ma\u0142a i niszowa. (nieformalna kontynuacja po roz\u0142amie z PPS w 2022) \u2013 cz\u0119\u015b\u0107 przesz\u0142a do Stowarzyszenia Czerwoni, ale pozosta\u0142e [&hellip;]","og_url":"https:\/\/antykomunistyczni.pl\/index.php\/directory-komunisci\/organizacje_komunistyczne\/czerwona-mlodziez\/","og_site_name":"Antykomunistyczni.pl","article_publisher":"https:\/\/www.facebook.com\/antykomunistyczni\/","article_modified_time":"2026-03-14T05:49:05+00:00","og_image":[{"width":1024,"height":1024,"url":"https:\/\/antykomunistyczni.pl\/wp-content\/uploads\/2026\/02\/AntykomunistyczniLogoSquare.png","type":"image\/png"}],"twitter_card":"summary_large_image","twitter_site":"@anty_komunisci","twitter_misc":{"Szacowany czas czytania":"2 minuty"},"schema":{"@context":"https:\/\/schema.org","@graph":[{"@type":"WebPage","@id":"https:\/\/antykomunistyczni.pl\/index.php\/directory-komunisci\/organizacje_komunistyczne\/czerwona-mlodziez\/","url":"https:\/\/antykomunistyczni.pl\/index.php\/directory-komunisci\/organizacje_komunistyczne\/czerwona-mlodziez\/","name":"Czerwona M\u0142odzie\u017c - Antykomunistyczni.pl","isPartOf":{"@id":"https:\/\/antykomunistyczni.pl\/#website"},"datePublished":"2026-03-14T05:48:29+00:00","dateModified":"2026-03-14T05:49:05+00:00","breadcrumb":{"@id":"https:\/\/antykomunistyczni.pl\/index.php\/directory-komunisci\/organizacje_komunistyczne\/czerwona-mlodziez\/#breadcrumb"},"inLanguage":"pl-PL","potentialAction":[{"@type":"ReadAction","target":["https:\/\/antykomunistyczni.pl\/index.php\/directory-komunisci\/organizacje_komunistyczne\/czerwona-mlodziez\/"]}]},{"@type":"BreadcrumbList","@id":"https:\/\/antykomunistyczni.pl\/index.php\/directory-komunisci\/organizacje_komunistyczne\/czerwona-mlodziez\/#breadcrumb","itemListElement":[{"@type":"ListItem","position":1,"name":"Strona g\u0142\u00f3wna","item":"https:\/\/antykomunistyczni.pl\/"},{"@type":"ListItem","position":2,"name":"Czerwona M\u0142odzie\u017c"}]},{"@type":"WebSite","@id":"https:\/\/antykomunistyczni.pl\/#website","url":"https:\/\/antykomunistyczni.pl\/","name":"Antykomunistyczni.pl","description":"","publisher":{"@id":"https:\/\/antykomunistyczni.pl\/#organization"},"alternateName":"Historia PRL, zbrodnie komunistyczne w Polsce i na \u015bwiecie","potentialAction":[{"@type":"SearchAction","target":{"@type":"EntryPoint","urlTemplate":"https:\/\/antykomunistyczni.pl\/?s={search_term_string}"},"query-input":{"@type":"PropertyValueSpecification","valueRequired":true,"valueName":"search_term_string"}}],"inLanguage":"pl-PL"},{"@type":"Organization","@id":"https:\/\/antykomunistyczni.pl\/#organization","name":"Antykomunistyczni.pl","url":"https:\/\/antykomunistyczni.pl\/","logo":{"@type":"ImageObject","inLanguage":"pl-PL","@id":"https:\/\/antykomunistyczni.pl\/#\/schema\/logo\/image\/","url":"https:\/\/antykomunistyczni.pl\/wp-content\/uploads\/2026\/02\/cropped-AntykomunistyczniLogoSquare150x150-2.png","contentUrl":"https:\/\/antykomunistyczni.pl\/wp-content\/uploads\/2026\/02\/cropped-AntykomunistyczniLogoSquare150x150-2.png","width":150,"height":150,"caption":"Antykomunistyczni.pl"},"image":{"@id":"https:\/\/antykomunistyczni.pl\/#\/schema\/logo\/image\/"},"sameAs":["https:\/\/www.facebook.com\/antykomunistyczni\/","https:\/\/x.com\/anty_komunisci"]}]}},"drts_fields":{"field_phone":[],"field_email":[],"field_website":["https:\/\/www.czerwoni.org\/"],"field_date_established":["2019-08-31T01:00:00+02:00"],"field_skrot_nazwy_popularna_nazwa":[],"field_status_organizacji":["Rozwi\u0105zana"],"field_data_rozwiazania_delegalizacji_1":[],"field_powod_delegalizacji1":[false],"field_szacunkowa_liczba_czlonkow1":["Kilkadziesi\u0105t"],"field_powiazania_miedzynarodowe1":false,"field_czerwona_flaga1":[],"field_kluczowe_wydarzenia":["Sierpie\u0144 2019 \u2013 reaktywacja OM PPS jako \u201eCzerwona M\u0142odzie\u017c\u201d; Piotr Kurzy\u0144ski przewodnicz\u0105cym.\r\n\r\n2020\u20132021 \u2013 akcje antyfaszystowskie, protesty pracownicze, sprzeciw wobec polityki rz\u0105du PiS.\r\n\r\nGrudzie\u0144 2021 \u2013 konflikt z PPS po \u201epuczu\u201d Wojciecha Koniecznego (przyj\u0119cie Rozenka, Senyszyn i in. do partii).\r\n\r\n17 lutego 2022 \u2013 rozwi\u0105zanie wi\u0119zi z PPS, deklaracja niezale\u017cno\u015bci.\r\n\r\n8 kwietnia 2022 \u2013 zmiana nazwy na \u201eCzerwoni\u201d, otwarcie na wszystkich wiek.\r\n\r\n2023\u20132025 \u2013 pr\u00f3by rejestracji stowarzyszenia \u201eCzerwoni\u201d; akcje antykapitalistyczne, feministyczne, antywojenne (w kontek\u015bcie Ukrainy \u2013 antyimperialistyczna krytyka Rosji i NATO).\r\n\r\n2025\u20132026 \u2013 kontynuacja dzia\u0142alno\u015bci jako \u201eCzerwoni\u201d (strona czerwoni.org, Instagram @czerwoni_org); marginalna rola w szerszym krajobrazie lewicy."],"field_liderzy_organizacji":["Piotr Kurzy\u0144ski \u2013 przewodnicz\u0105cy OM PPS \/ Czerwona M\u0142odzie\u017c w latach 2019\u20132022; g\u0142\u00f3wna posta\u0107 w okresie roz\u0142amu z PPS.\r\nPo 2022 r. (jako \u201eCzerwoni\u201d) \u2013 brak jednej centralnej figury; struktura kolektywna, decyzje na zebraniach, komunikaty zbiorcze."],"location_address":[{"address":"65, Legnicka, Popowice P\u00f3\u0142nocne, Popowice, Pilczyce-Kozan\u00f3w-Popowice P\u00f3\u0142nocne, Wroc\u0142aw, wojew\u00f3dztwo dolno\u015bl\u0105skie, 54-205, Polska","street":"Legnicka 65","street2":"","city":"Wroc\u0142aw","province":"wojew\u00f3dztwo dolno\u015bl\u0105skie","zip":"54-205","country":"Polska","timezone":"","zoom":10,"lat":51.126092999999997,"lng":16.982603999999998,"term_id":0,"display_address":"Legnicka 65, 54-205, Wroc\u0142aw, Polska"}],"field_ideologia":[],"field_powiazania_miedzynarodowe_opis":[false]},"_links":{"self":[{"href":"https:\/\/antykomunistyczni.pl\/index.php\/wp-json\/wp\/v2\/komunisci_dir_ltg\/1248","targetHints":{"allow":["GET"]}}],"collection":[{"href":"https:\/\/antykomunistyczni.pl\/index.php\/wp-json\/wp\/v2\/komunisci_dir_ltg"}],"about":[{"href":"https:\/\/antykomunistyczni.pl\/index.php\/wp-json\/wp\/v2\/types\/komunisci_dir_ltg"}],"author":[{"embeddable":true,"href":"https:\/\/antykomunistyczni.pl\/index.php\/wp-json\/wp\/v2\/users\/1"}],"replies":[{"embeddable":true,"href":"https:\/\/antykomunistyczni.pl\/index.php\/wp-json\/wp\/v2\/comments?post=1248"}],"wp:attachment":[{"href":"https:\/\/antykomunistyczni.pl\/index.php\/wp-json\/wp\/v2\/media?parent=1248"}],"wp:term":[{"taxonomy":"komunisci_dir_tag","embeddable":true,"href":"https:\/\/antykomunistyczni.pl\/index.php\/wp-json\/wp\/v2\/komunisci_dir_tag?post=1248"},{"taxonomy":"komunisci_loc_loc","embeddable":true,"href":"https:\/\/antykomunistyczni.pl\/index.php\/wp-json\/wp\/v2\/komunisci_loc_loc?post=1248"}],"curies":[{"name":"wp","href":"https:\/\/api.w.org\/{rel}","templated":true}]}}

Czerwona Młodzież

<!-- This site is optimized with the Yoast SEO plugin v28.4 - https://yoast.com/product/yoast-seo-wordpress/ -->
<title>Czerwona Młodzież - Antykomunistyczni.pl</title>
<meta name="robots" content="index, follow, max-snippet:-1, max-image-preview:large, max-video-preview:-1" />
<link rel="canonical" href="https://antykomunistyczni.pl/index.php/directory-komunisci/organizacje_komunistyczne/czerwona-mlodziez/" />
<meta property="og:locale" content="pl_PL" />
<meta property="og:type" content="article" />
<meta property="og:title" content="Czerwona Młodzież - Antykomunistyczni.pl" />
<meta property="og:description" content="Przykład współczesnego radykalnego lewactwa – grupa promująca socjalizm i antykapitalizm pod hasłami patriotyzmu i antyfaszyzmu, krytykująca system III RP, ale bez powiązań z totalitaryzmem stalinowskim czy prorosyjskością (pozycja antyimperialistyczna wobec Rosji po 2022 r.). Organizacja pozostaje mała i niszowa. (nieformalna kontynuacja po rozłamie z PPS w 2022) – część przeszła do Stowarzyszenia Czerwoni, ale pozostałe [&hellip;]" />
<meta property="og:url" content="https://antykomunistyczni.pl/index.php/directory-komunisci/organizacje_komunistyczne/czerwona-mlodziez/" />
<meta property="og:site_name" content="Antykomunistyczni.pl" />
<meta property="article:publisher" content="https://www.facebook.com/antykomunistyczni/" />
<meta property="article:modified_time" content="2026-03-14T05:49:05+00:00" />
<meta property="og:image" content="https://antykomunistyczni.pl/wp-content/uploads/2026/02/AntykomunistyczniLogoSquare.png" />
	<meta property="og:image:width" content="1024" />
	<meta property="og:image:height" content="1024" />
	<meta property="og:image:type" content="image/png" />
<meta name="twitter:card" content="summary_large_image" />
<meta name="twitter:site" content="@anty_komunisci" />
<meta name="twitter:label1" content="Szacowany czas czytania" />
	<meta name="twitter:data1" content="2 minuty" />
<script type="application/ld+json" class="yoast-schema-graph">{"@context":"https:\/\/schema.org","@graph":[{"@type":"WebPage","@id":"https:\/\/antykomunistyczni.pl\/index.php\/directory-komunisci\/organizacje_komunistyczne\/czerwona-mlodziez\/","url":"https:\/\/antykomunistyczni.pl\/index.php\/directory-komunisci\/organizacje_komunistyczne\/czerwona-mlodziez\/","name":"Czerwona Młodzież - Antykomunistyczni.pl","isPartOf":{"@id":"https:\/\/antykomunistyczni.pl\/#website"},"datePublished":"2026-03-14T05:48:29+00:00","dateModified":"2026-03-14T05:49:05+00:00","breadcrumb":{"@id":"https:\/\/antykomunistyczni.pl\/index.php\/directory-komunisci\/organizacje_komunistyczne\/czerwona-mlodziez\/#breadcrumb"},"inLanguage":"pl-PL","potentialAction":[{"@type":"ReadAction","target":["https:\/\/antykomunistyczni.pl\/index.php\/directory-komunisci\/organizacje_komunistyczne\/czerwona-mlodziez\/"]}]},{"@type":"BreadcrumbList","@id":"https:\/\/antykomunistyczni.pl\/index.php\/directory-komunisci\/organizacje_komunistyczne\/czerwona-mlodziez\/#breadcrumb","itemListElement":[{"@type":"ListItem","position":1,"name":"Strona główna","item":"https:\/\/antykomunistyczni.pl\/"},{"@type":"ListItem","position":2,"name":"Czerwona Młodzież"}]},{"@type":"WebSite","@id":"https:\/\/antykomunistyczni.pl\/#website","url":"https:\/\/antykomunistyczni.pl\/","name":"Antykomunistyczni.pl","description":"","publisher":{"@id":"https:\/\/antykomunistyczni.pl\/#organization"},"alternateName":"Historia PRL, zbrodnie komunistyczne w Polsce i na świecie","potentialAction":[{"@type":"SearchAction","target":{"@type":"EntryPoint","urlTemplate":"https:\/\/antykomunistyczni.pl\/?s={search_term_string}"},"query-input":{"@type":"PropertyValueSpecification","valueRequired":true,"valueName":"search_term_string"}}],"inLanguage":"pl-PL"},{"@type":"Organization","@id":"https:\/\/antykomunistyczni.pl\/#organization","name":"Antykomunistyczni.pl","url":"https:\/\/antykomunistyczni.pl\/","logo":{"@type":"ImageObject","inLanguage":"pl-PL","@id":"https:\/\/antykomunistyczni.pl\/#\/schema\/logo\/image\/","url":"https:\/\/antykomunistyczni.pl\/wp-content\/uploads\/2026\/02\/cropped-AntykomunistyczniLogoSquare150x150-2.png","contentUrl":"https:\/\/antykomunistyczni.pl\/wp-content\/uploads\/2026\/02\/cropped-AntykomunistyczniLogoSquare150x150-2.png","width":150,"height":150,"caption":"Antykomunistyczni.pl"},"image":{"@id":"https:\/\/antykomunistyczni.pl\/#\/schema\/logo\/image\/"},"sameAs":["https:\/\/www.facebook.com\/antykomunistyczni\/","https:\/\/x.com\/anty_komunisci"]}]}</script>
<!-- / Yoast SEO plugin. -->

Czerwona Młodzież - Antykomunistyczni.pl

Przykład współczesnego radykalnego lewactwa – grupa promująca socjalizm i antykapitalizm pod hasłami patriotyzmu i antyfaszyzmu, krytykująca system III RP, ale bez powiązań z totalitaryzmem stalinowskim czy prorosyjskością (pozycja antyimperialistyczna wobec Rosji po 2022 r.). Organizacja pozostaje mała i niszowa. (nieformalna kontynuacja po rozłamie z PPS w 2022) – część przeszła do Stowarzyszenia Czerwoni, ale pozostałe [&hellip;]

Strona główna

Historia PRL, zbrodnie komunistyczne w Polsce i na świecie

Rozwiązana

Kilkadziesiąt

Sierpień 2019 – reaktywacja OM PPS jako „Czerwona Młodzież”; Piotr Kurzyński przewodniczącym.

2020–2021 – akcje antyfaszystowskie, protesty pracownicze, sprzeciw wobec polityki rządu PiS.

Grudzień 2021 – konflikt z PPS po „puczu” Wojciecha Koniecznego (przyjęcie Rozenka, Senyszyn i in. do partii).

17 lutego 2022 – rozwiązanie więzi z PPS, deklaracja niezależności.

8 kwietnia 2022 – zmiana nazwy na „Czerwoni”, otwarcie na wszystkich wiek.

2023–2025 – próby rejestracji stowarzyszenia „Czerwoni”; akcje antykapitalistyczne, feministyczne, antywojenne (w kontekście Ukrainy – antyimperialistyczna krytyka Rosji i NATO).

2025–2026 – kontynuacja działalności jako „Czerwoni” (strona czerwoni.org, Instagram @czerwoni_org); marginalna rola w szerszym krajobrazie lewicy.

Piotr Kurzyński – przewodniczący OM PPS / Czerwona Młodzież w latach 2019–2022; główna postać w okresie rozłamu z PPS.
Po 2022 r. (jako „Czerwoni”) – brak jednej centralnej figury; struktura kolektywna, decyzje na zebraniach, komunikaty zbiorcze.

65, Legnicka, Popowice Północne, Popowice, Pilczyce-Kozanów-Popowice Północne, Wrocław, województwo dolnośląskie, 54-205, Polska

Wrocław

województwo dolnośląskie

Legnicka 65, 54-205, Wrocław, Polska
