{"id":1253,"date":"2026-03-13T21:26:59","date_gmt":"2026-03-13T20:26:59","guid":{"rendered":"https:\/\/antykomunistyczni.pl\/?post_type=komunisci_dir_ltg&#038;p=1253"},"modified":"2026-05-19T13:16:10","modified_gmt":"2026-05-19T11:16:10","slug":"zwiazkowa-alternatywa","status":"publish","type":"komunisci_dir_ltg","link":"https:\/\/antykomunistyczni.pl\/index.php\/directory-komunisci\/organizacje_komunistyczne\/zwiazkowa-alternatywa\/","title":{"rendered":"Zwi\u0105zkowa Alternatywa"},"author":1,"comment_status":"closed","ping_status":"closed","template":"","komunisci_dir_tag":[],"komunisci_loc_loc":[],"class_list":["post-1253","komunisci_dir_ltg","type-komunisci_dir_ltg","status-publish","hentry"],"yoast_head":"<!-- This site is optimized with the Yoast SEO plugin v28.4 - https:\/\/yoast.com\/product\/yoast-seo-wordpress\/ -->\n<title>Zwi\u0105zkowa Alternatywa - Antykomunistyczni.pl<\/title>\n<meta name=\"robots\" content=\"index, follow, max-snippet:-1, max-image-preview:large, max-video-preview:-1\" \/>\n<link rel=\"canonical\" href=\"https:\/\/antykomunistyczni.pl\/index.php\/directory-komunisci\/organizacje_komunistyczne\/zwiazkowa-alternatywa\/\" \/>\n<meta property=\"og:locale\" content=\"pl_PL\" \/>\n<meta property=\"og:type\" content=\"article\" \/>\n<meta property=\"og:title\" content=\"Zwi\u0105zkowa Alternatywa - Antykomunistyczni.pl\" \/>\n<meta property=\"og:description\" content=\"Opis organizacji Zwi\u0105zkowa Alternatywa przedstawia si\u0119 jako \u201epost\u0119powy, bojowy zwi\u0105zek zawodowy\u201d, kt\u00f3ry ma by\u0107 alternatyw\u0105 zar\u00f3wno wobec \u201ewyzysku kapitalistycznego\u201d, jak i wobec \u201ekoncyliacyjnych\u201d central (OPZZ i \u201eSolidarno\u015b\u0107\u201d). W praktyce jest to organizacja o wyra\u017anym profilu lewicowo-radykalnym, mocno zaanga\u017cowana w polityk\u0119 kulturow\u0105 i ideologiczn\u0105. Kluczowe elementy programu i retoryki:\" \/>\n<meta property=\"og:url\" content=\"https:\/\/antykomunistyczni.pl\/index.php\/directory-komunisci\/organizacje_komunistyczne\/zwiazkowa-alternatywa\/\" \/>\n<meta property=\"og:site_name\" content=\"Antykomunistyczni.pl\" \/>\n<meta property=\"article:publisher\" content=\"https:\/\/www.facebook.com\/antykomunistyczni\/\" \/>\n<meta property=\"article:modified_time\" content=\"2026-05-19T11:16:10+00:00\" \/>\n<meta property=\"og:image\" content=\"https:\/\/antykomunistyczni.pl\/wp-content\/uploads\/2026\/02\/AntykomunistyczniLogoSquare.png\" \/>\n\t<meta property=\"og:image:width\" content=\"1024\" \/>\n\t<meta property=\"og:image:height\" content=\"1024\" \/>\n\t<meta property=\"og:image:type\" content=\"image\/png\" \/>\n<meta name=\"twitter:card\" content=\"summary_large_image\" \/>\n<meta name=\"twitter:site\" content=\"@anty_komunisci\" \/>\n<meta name=\"twitter:label1\" content=\"Szacowany czas czytania\" \/>\n\t<meta name=\"twitter:data1\" content=\"1 minuta\" \/>\n<script type=\"application\/ld+json\" class=\"yoast-schema-graph\">{\"@context\":\"https:\\\/\\\/schema.org\",\"@graph\":[{\"@type\":\"WebPage\",\"@id\":\"https:\\\/\\\/antykomunistyczni.pl\\\/index.php\\\/directory-komunisci\\\/organizacje_komunistyczne\\\/zwiazkowa-alternatywa\\\/\",\"url\":\"https:\\\/\\\/antykomunistyczni.pl\\\/index.php\\\/directory-komunisci\\\/organizacje_komunistyczne\\\/zwiazkowa-alternatywa\\\/\",\"name\":\"Zwi\u0105zkowa Alternatywa - Antykomunistyczni.pl\",\"isPartOf\":{\"@id\":\"https:\\\/\\\/antykomunistyczni.pl\\\/#website\"},\"datePublished\":\"2026-03-13T20:26:59+00:00\",\"dateModified\":\"2026-05-19T11:16:10+00:00\",\"breadcrumb\":{\"@id\":\"https:\\\/\\\/antykomunistyczni.pl\\\/index.php\\\/directory-komunisci\\\/organizacje_komunistyczne\\\/zwiazkowa-alternatywa\\\/#breadcrumb\"},\"inLanguage\":\"pl-PL\",\"potentialAction\":[{\"@type\":\"ReadAction\",\"target\":[\"https:\\\/\\\/antykomunistyczni.pl\\\/index.php\\\/directory-komunisci\\\/organizacje_komunistyczne\\\/zwiazkowa-alternatywa\\\/\"]}]},{\"@type\":\"BreadcrumbList\",\"@id\":\"https:\\\/\\\/antykomunistyczni.pl\\\/index.php\\\/directory-komunisci\\\/organizacje_komunistyczne\\\/zwiazkowa-alternatywa\\\/#breadcrumb\",\"itemListElement\":[{\"@type\":\"ListItem\",\"position\":1,\"name\":\"Strona g\u0142\u00f3wna\",\"item\":\"https:\\\/\\\/antykomunistyczni.pl\\\/\"},{\"@type\":\"ListItem\",\"position\":2,\"name\":\"Zwi\u0105zkowa Alternatywa\"}]},{\"@type\":\"WebSite\",\"@id\":\"https:\\\/\\\/antykomunistyczni.pl\\\/#website\",\"url\":\"https:\\\/\\\/antykomunistyczni.pl\\\/\",\"name\":\"Antykomunistyczni.pl\",\"description\":\"\",\"publisher\":{\"@id\":\"https:\\\/\\\/antykomunistyczni.pl\\\/#organization\"},\"alternateName\":\"Historia PRL, zbrodnie komunistyczne w Polsce i na \u015bwiecie\",\"potentialAction\":[{\"@type\":\"SearchAction\",\"target\":{\"@type\":\"EntryPoint\",\"urlTemplate\":\"https:\\\/\\\/antykomunistyczni.pl\\\/?s={search_term_string}\"},\"query-input\":{\"@type\":\"PropertyValueSpecification\",\"valueRequired\":true,\"valueName\":\"search_term_string\"}}],\"inLanguage\":\"pl-PL\"},{\"@type\":\"Organization\",\"@id\":\"https:\\\/\\\/antykomunistyczni.pl\\\/#organization\",\"name\":\"Antykomunistyczni.pl\",\"url\":\"https:\\\/\\\/antykomunistyczni.pl\\\/\",\"logo\":{\"@type\":\"ImageObject\",\"inLanguage\":\"pl-PL\",\"@id\":\"https:\\\/\\\/antykomunistyczni.pl\\\/#\\\/schema\\\/logo\\\/image\\\/\",\"url\":\"https:\\\/\\\/antykomunistyczni.pl\\\/wp-content\\\/uploads\\\/2026\\\/02\\\/cropped-AntykomunistyczniLogoSquare150x150-2.png\",\"contentUrl\":\"https:\\\/\\\/antykomunistyczni.pl\\\/wp-content\\\/uploads\\\/2026\\\/02\\\/cropped-AntykomunistyczniLogoSquare150x150-2.png\",\"width\":150,\"height\":150,\"caption\":\"Antykomunistyczni.pl\"},\"image\":{\"@id\":\"https:\\\/\\\/antykomunistyczni.pl\\\/#\\\/schema\\\/logo\\\/image\\\/\"},\"sameAs\":[\"https:\\\/\\\/www.facebook.com\\\/antykomunistyczni\\\/\",\"https:\\\/\\\/x.com\\\/anty_komunisci\"]}]}<\/script>\n<!-- \/ Yoast SEO plugin. -->","yoast_head_json":{"title":"Zwi\u0105zkowa Alternatywa - Antykomunistyczni.pl","robots":{"index":"index","follow":"follow","max-snippet":"max-snippet:-1","max-image-preview":"max-image-preview:large","max-video-preview":"max-video-preview:-1"},"canonical":"https:\/\/antykomunistyczni.pl\/index.php\/directory-komunisci\/organizacje_komunistyczne\/zwiazkowa-alternatywa\/","og_locale":"pl_PL","og_type":"article","og_title":"Zwi\u0105zkowa Alternatywa - Antykomunistyczni.pl","og_description":"Opis organizacji Zwi\u0105zkowa Alternatywa przedstawia si\u0119 jako \u201epost\u0119powy, bojowy zwi\u0105zek zawodowy\u201d, kt\u00f3ry ma by\u0107 alternatyw\u0105 zar\u00f3wno wobec \u201ewyzysku kapitalistycznego\u201d, jak i wobec \u201ekoncyliacyjnych\u201d central (OPZZ i \u201eSolidarno\u015b\u0107\u201d). W praktyce jest to organizacja o wyra\u017anym profilu lewicowo-radykalnym, mocno zaanga\u017cowana w polityk\u0119 kulturow\u0105 i ideologiczn\u0105. Kluczowe elementy programu i retoryki:","og_url":"https:\/\/antykomunistyczni.pl\/index.php\/directory-komunisci\/organizacje_komunistyczne\/zwiazkowa-alternatywa\/","og_site_name":"Antykomunistyczni.pl","article_publisher":"https:\/\/www.facebook.com\/antykomunistyczni\/","article_modified_time":"2026-05-19T11:16:10+00:00","og_image":[{"width":1024,"height":1024,"url":"https:\/\/antykomunistyczni.pl\/wp-content\/uploads\/2026\/02\/AntykomunistyczniLogoSquare.png","type":"image\/png"}],"twitter_card":"summary_large_image","twitter_site":"@anty_komunisci","twitter_misc":{"Szacowany czas czytania":"1 minuta"},"schema":{"@context":"https:\/\/schema.org","@graph":[{"@type":"WebPage","@id":"https:\/\/antykomunistyczni.pl\/index.php\/directory-komunisci\/organizacje_komunistyczne\/zwiazkowa-alternatywa\/","url":"https:\/\/antykomunistyczni.pl\/index.php\/directory-komunisci\/organizacje_komunistyczne\/zwiazkowa-alternatywa\/","name":"Zwi\u0105zkowa Alternatywa - Antykomunistyczni.pl","isPartOf":{"@id":"https:\/\/antykomunistyczni.pl\/#website"},"datePublished":"2026-03-13T20:26:59+00:00","dateModified":"2026-05-19T11:16:10+00:00","breadcrumb":{"@id":"https:\/\/antykomunistyczni.pl\/index.php\/directory-komunisci\/organizacje_komunistyczne\/zwiazkowa-alternatywa\/#breadcrumb"},"inLanguage":"pl-PL","potentialAction":[{"@type":"ReadAction","target":["https:\/\/antykomunistyczni.pl\/index.php\/directory-komunisci\/organizacje_komunistyczne\/zwiazkowa-alternatywa\/"]}]},{"@type":"BreadcrumbList","@id":"https:\/\/antykomunistyczni.pl\/index.php\/directory-komunisci\/organizacje_komunistyczne\/zwiazkowa-alternatywa\/#breadcrumb","itemListElement":[{"@type":"ListItem","position":1,"name":"Strona g\u0142\u00f3wna","item":"https:\/\/antykomunistyczni.pl\/"},{"@type":"ListItem","position":2,"name":"Zwi\u0105zkowa Alternatywa"}]},{"@type":"WebSite","@id":"https:\/\/antykomunistyczni.pl\/#website","url":"https:\/\/antykomunistyczni.pl\/","name":"Antykomunistyczni.pl","description":"","publisher":{"@id":"https:\/\/antykomunistyczni.pl\/#organization"},"alternateName":"Historia PRL, zbrodnie komunistyczne w Polsce i na \u015bwiecie","potentialAction":[{"@type":"SearchAction","target":{"@type":"EntryPoint","urlTemplate":"https:\/\/antykomunistyczni.pl\/?s={search_term_string}"},"query-input":{"@type":"PropertyValueSpecification","valueRequired":true,"valueName":"search_term_string"}}],"inLanguage":"pl-PL"},{"@type":"Organization","@id":"https:\/\/antykomunistyczni.pl\/#organization","name":"Antykomunistyczni.pl","url":"https:\/\/antykomunistyczni.pl\/","logo":{"@type":"ImageObject","inLanguage":"pl-PL","@id":"https:\/\/antykomunistyczni.pl\/#\/schema\/logo\/image\/","url":"https:\/\/antykomunistyczni.pl\/wp-content\/uploads\/2026\/02\/cropped-AntykomunistyczniLogoSquare150x150-2.png","contentUrl":"https:\/\/antykomunistyczni.pl\/wp-content\/uploads\/2026\/02\/cropped-AntykomunistyczniLogoSquare150x150-2.png","width":150,"height":150,"caption":"Antykomunistyczni.pl"},"image":{"@id":"https:\/\/antykomunistyczni.pl\/#\/schema\/logo\/image\/"},"sameAs":["https:\/\/www.facebook.com\/antykomunistyczni\/","https:\/\/x.com\/anty_komunisci"]}]}},"drts_fields":{"field_phone":[],"field_email":[],"field_website":["https:\/\/www.za.org.pl\/"],"field_date_established":["2019-06-13T00:00:00+02:00"],"field_skrot_nazwy_popularna_nazwa":[],"field_status_organizacji":["Aktywna"],"field_data_rozwiazania_delegalizacji_1":[],"field_powod_delegalizacji1":[false],"field_szacunkowa_liczba_czlonkow1":["Kilka tysi\u0119cy"],"field_powiazania_miedzynarodowe1":false,"field_czerwona_flaga1":[],"field_kluczowe_wydarzenia":["13 czerwca 2019 r. (data rejestracji w KRS). Organizacja powsta\u0142a po roz\u0142amie w OPZZ, g\u0142\u00f3wnie na fali strajku personelu pok\u0142adowego w PLL LOT w 2018 r."],"field_liderzy_organizacji":["Piotr Szumlewicz \u2013 przewodnicz\u0105cy od za\u0142o\u017cenia (2019), faktyczny lider i twarz organizacji; publicysta lewicowy (\u201eBez Dogmatu\u201d, lewica.pl, Gazeta Wyborcza), by\u0142y dzia\u0142acz OPZZ, kandydat na prezydenta RP w 2025 r., redaktor i felietonista.\r\n\r\nIlona Garczy\u0144ska (m.in. liderka struktur w ZUS), Agata Jagodzi\u0144ska, Tomasz Ozimkiewicz."],"location_address":[{"address":"Avangarda, 3\/5, Tadeusza Czackiego, Centrum, \u015ar\u00f3dmie\u015bcie P\u00f3\u0142nocne, \u015ar\u00f3dmie\u015bcie, Warszawa, wojew\u00f3dztwo mazowieckie, 00-043, Polska","street":"Czackiego 3\/5","street2":"","city":"Warszawa","province":"wojew\u00f3dztwo mazowieckie","zip":"00-043","country":"Polska","timezone":"","zoom":10,"lat":52.236966000000002,"lng":21.014723,"term_id":0,"display_address":"Czackiego 3\/5, 00-043, Warszawa, Polska"}],"field_ideologia":["Radykalnie lewicowy zwi\u0105zek zawodowy o wyra\u017anie marksistowsko-progresywnej orientacji"],"field_powiazania_miedzynarodowe_opis":[false]},"_links":{"self":[{"href":"https:\/\/antykomunistyczni.pl\/index.php\/wp-json\/wp\/v2\/komunisci_dir_ltg\/1253","targetHints":{"allow":["GET"]}}],"collection":[{"href":"https:\/\/antykomunistyczni.pl\/index.php\/wp-json\/wp\/v2\/komunisci_dir_ltg"}],"about":[{"href":"https:\/\/antykomunistyczni.pl\/index.php\/wp-json\/wp\/v2\/types\/komunisci_dir_ltg"}],"author":[{"embeddable":true,"href":"https:\/\/antykomunistyczni.pl\/index.php\/wp-json\/wp\/v2\/users\/1"}],"replies":[{"embeddable":true,"href":"https:\/\/antykomunistyczni.pl\/index.php\/wp-json\/wp\/v2\/comments?post=1253"}],"wp:attachment":[{"href":"https:\/\/antykomunistyczni.pl\/index.php\/wp-json\/wp\/v2\/media?parent=1253"}],"wp:term":[{"taxonomy":"komunisci_dir_tag","embeddable":true,"href":"https:\/\/antykomunistyczni.pl\/index.php\/wp-json\/wp\/v2\/komunisci_dir_tag?post=1253"},{"taxonomy":"komunisci_loc_loc","embeddable":true,"href":"https:\/\/antykomunistyczni.pl\/index.php\/wp-json\/wp\/v2\/komunisci_loc_loc?post=1253"}],"curies":[{"name":"wp","href":"https:\/\/api.w.org\/{rel}","templated":true}]}}

Związkowa Alternatywa

<!-- This site is optimized with the Yoast SEO plugin v28.4 - https://yoast.com/product/yoast-seo-wordpress/ -->
<title>Związkowa Alternatywa - Antykomunistyczni.pl</title>
<meta name="robots" content="index, follow, max-snippet:-1, max-image-preview:large, max-video-preview:-1" />
<link rel="canonical" href="https://antykomunistyczni.pl/index.php/directory-komunisci/organizacje_komunistyczne/zwiazkowa-alternatywa/" />
<meta property="og:locale" content="pl_PL" />
<meta property="og:type" content="article" />
<meta property="og:title" content="Związkowa Alternatywa - Antykomunistyczni.pl" />
<meta property="og:description" content="Opis organizacji Związkowa Alternatywa przedstawia się jako „postępowy, bojowy związek zawodowy”, który ma być alternatywą zarówno wobec „wyzysku kapitalistycznego”, jak i wobec „koncyliacyjnych” central (OPZZ i „Solidarność”). W praktyce jest to organizacja o wyraźnym profilu lewicowo-radykalnym, mocno zaangażowana w politykę kulturową i ideologiczną. Kluczowe elementy programu i retoryki:" />
<meta property="og:url" content="https://antykomunistyczni.pl/index.php/directory-komunisci/organizacje_komunistyczne/zwiazkowa-alternatywa/" />
<meta property="og:site_name" content="Antykomunistyczni.pl" />
<meta property="article:publisher" content="https://www.facebook.com/antykomunistyczni/" />
<meta property="article:modified_time" content="2026-05-19T11:16:10+00:00" />
<meta property="og:image" content="https://antykomunistyczni.pl/wp-content/uploads/2026/02/AntykomunistyczniLogoSquare.png" />
	<meta property="og:image:width" content="1024" />
	<meta property="og:image:height" content="1024" />
	<meta property="og:image:type" content="image/png" />
<meta name="twitter:card" content="summary_large_image" />
<meta name="twitter:site" content="@anty_komunisci" />
<meta name="twitter:label1" content="Szacowany czas czytania" />
	<meta name="twitter:data1" content="1 minuta" />
<script type="application/ld+json" class="yoast-schema-graph">{"@context":"https:\/\/schema.org","@graph":[{"@type":"WebPage","@id":"https:\/\/antykomunistyczni.pl\/index.php\/directory-komunisci\/organizacje_komunistyczne\/zwiazkowa-alternatywa\/","url":"https:\/\/antykomunistyczni.pl\/index.php\/directory-komunisci\/organizacje_komunistyczne\/zwiazkowa-alternatywa\/","name":"Związkowa Alternatywa - Antykomunistyczni.pl","isPartOf":{"@id":"https:\/\/antykomunistyczni.pl\/#website"},"datePublished":"2026-03-13T20:26:59+00:00","dateModified":"2026-05-19T11:16:10+00:00","breadcrumb":{"@id":"https:\/\/antykomunistyczni.pl\/index.php\/directory-komunisci\/organizacje_komunistyczne\/zwiazkowa-alternatywa\/#breadcrumb"},"inLanguage":"pl-PL","potentialAction":[{"@type":"ReadAction","target":["https:\/\/antykomunistyczni.pl\/index.php\/directory-komunisci\/organizacje_komunistyczne\/zwiazkowa-alternatywa\/"]}]},{"@type":"BreadcrumbList","@id":"https:\/\/antykomunistyczni.pl\/index.php\/directory-komunisci\/organizacje_komunistyczne\/zwiazkowa-alternatywa\/#breadcrumb","itemListElement":[{"@type":"ListItem","position":1,"name":"Strona główna","item":"https:\/\/antykomunistyczni.pl\/"},{"@type":"ListItem","position":2,"name":"Związkowa Alternatywa"}]},{"@type":"WebSite","@id":"https:\/\/antykomunistyczni.pl\/#website","url":"https:\/\/antykomunistyczni.pl\/","name":"Antykomunistyczni.pl","description":"","publisher":{"@id":"https:\/\/antykomunistyczni.pl\/#organization"},"alternateName":"Historia PRL, zbrodnie komunistyczne w Polsce i na świecie","potentialAction":[{"@type":"SearchAction","target":{"@type":"EntryPoint","urlTemplate":"https:\/\/antykomunistyczni.pl\/?s={search_term_string}"},"query-input":{"@type":"PropertyValueSpecification","valueRequired":true,"valueName":"search_term_string"}}],"inLanguage":"pl-PL"},{"@type":"Organization","@id":"https:\/\/antykomunistyczni.pl\/#organization","name":"Antykomunistyczni.pl","url":"https:\/\/antykomunistyczni.pl\/","logo":{"@type":"ImageObject","inLanguage":"pl-PL","@id":"https:\/\/antykomunistyczni.pl\/#\/schema\/logo\/image\/","url":"https:\/\/antykomunistyczni.pl\/wp-content\/uploads\/2026\/02\/cropped-AntykomunistyczniLogoSquare150x150-2.png","contentUrl":"https:\/\/antykomunistyczni.pl\/wp-content\/uploads\/2026\/02\/cropped-AntykomunistyczniLogoSquare150x150-2.png","width":150,"height":150,"caption":"Antykomunistyczni.pl"},"image":{"@id":"https:\/\/antykomunistyczni.pl\/#\/schema\/logo\/image\/"},"sameAs":["https:\/\/www.facebook.com\/antykomunistyczni\/","https:\/\/x.com\/anty_komunisci"]}]}</script>
<!-- / Yoast SEO plugin. -->

Związkowa Alternatywa - Antykomunistyczni.pl

Opis organizacji Związkowa Alternatywa przedstawia się jako „postępowy, bojowy związek zawodowy”, który ma być alternatywą zarówno wobec „wyzysku kapitalistycznego”, jak i wobec „koncyliacyjnych” central (OPZZ i „Solidarność”). W praktyce jest to organizacja o wyraźnym profilu lewicowo-radykalnym, mocno zaangażowana w politykę kulturową i ideologiczną. Kluczowe elementy programu i retoryki:

Strona główna

Historia PRL, zbrodnie komunistyczne w Polsce i na świecie

Kilka tysięcy

13 czerwca 2019 r. (data rejestracji w KRS). Organizacja powstała po rozłamie w OPZZ, głównie na fali strajku personelu pokładowego w PLL LOT w 2018 r.

Piotr Szumlewicz – przewodniczący od założenia (2019), faktyczny lider i twarz organizacji; publicysta lewicowy („Bez Dogmatu”, lewica.pl, Gazeta Wyborcza), były działacz OPZZ, kandydat na prezydenta RP w 2025 r., redaktor i felietonista.

Ilona Garczyńska (m.in. liderka struktur w ZUS), Agata Jagodzińska, Tomasz Ozimkiewicz.

Avangarda, 3/5, Tadeusza Czackiego, Centrum, Śródmieście Północne, Śródmieście, Warszawa, województwo mazowieckie, 00-043, Polska

województwo mazowieckie

Radykalnie lewicowy związek zawodowy o wyraźnie marksistowsko-progresywnej orientacji
