{"id":1936,"date":"2026-03-31T16:12:36","date_gmt":"2026-03-31T14:12:36","guid":{"rendered":"https:\/\/antykomunistyczni.pl\/index.php\/directory-komunisci\/organizacje_komunistyczne\/lewica-razem\/"},"modified":"2026-03-31T20:55:09","modified_gmt":"2026-03-31T18:55:09","slug":"lewica-razem","status":"publish","type":"komunisci_dir_ltg","link":"https:\/\/antykomunistyczni.pl\/index.php\/directory-komunisci\/organizacje_komunistyczne\/lewica-razem\/","title":{"rendered":"Lewica Razem"},"author":1,"comment_status":"closed","ping_status":"closed","template":"","komunisci_dir_tag":[],"komunisci_loc_loc":[],"class_list":["post-1936","komunisci_dir_ltg","type-komunisci_dir_ltg","status-publish","hentry"],"yoast_head":"<!-- This site is optimized with the Yoast SEO plugin v28.4 - https:\/\/yoast.com\/product\/yoast-seo-wordpress\/ -->\n<title>Lewica Razem - Antykomunistyczni.pl<\/title>\n<meta name=\"description\" content=\"Lewica Razem to radykalnie lewicowa partia o profilu marksistowsko-socjalistycznym, za\u0142o\u017cona w 2015 roku przez grup\u0119 aktywist\u00f3w zwi\u0105zanych wcze\u015bniej z ruchem anarchistycznym, alterglobalistycznym i trockistowskim.\" \/>\n<meta name=\"robots\" content=\"index, follow, max-snippet:-1, max-image-preview:large, max-video-preview:-1\" \/>\n<link rel=\"canonical\" href=\"https:\/\/antykomunistyczni.pl\/index.php\/directory-komunisci\/organizacje_komunistyczne\/lewica-razem\/\" \/>\n<meta property=\"og:locale\" content=\"pl_PL\" \/>\n<meta property=\"og:type\" content=\"article\" \/>\n<meta property=\"og:title\" content=\"Lewica Razem - Antykomunistyczni.pl\" \/>\n<meta property=\"og:description\" content=\"Lewica Razem to radykalnie lewicowa partia o profilu marksistowsko-socjalistycznym, za\u0142o\u017cona w 2015 roku przez grup\u0119 aktywist\u00f3w zwi\u0105zanych wcze\u015bniej z ruchem anarchistycznym, alterglobalistycznym i trockistowskim.\" \/>\n<meta property=\"og:url\" content=\"https:\/\/antykomunistyczni.pl\/index.php\/directory-komunisci\/organizacje_komunistyczne\/lewica-razem\/\" \/>\n<meta property=\"og:site_name\" content=\"Antykomunistyczni.pl\" \/>\n<meta property=\"article:publisher\" content=\"https:\/\/www.facebook.com\/antykomunistyczni\/\" \/>\n<meta property=\"article:modified_time\" content=\"2026-03-31T18:55:09+00:00\" \/>\n<meta property=\"og:image\" content=\"https:\/\/antykomunistyczni.pl\/wp-content\/uploads\/2026\/02\/AntykomunistyczniLogoSquare.png\" \/>\n\t<meta property=\"og:image:width\" content=\"1024\" \/>\n\t<meta property=\"og:image:height\" content=\"1024\" \/>\n\t<meta property=\"og:image:type\" content=\"image\/png\" \/>\n<meta name=\"twitter:card\" content=\"summary_large_image\" \/>\n<meta name=\"twitter:site\" content=\"@anty_komunisci\" \/>\n<meta name=\"twitter:label1\" content=\"Szacowany czas czytania\" \/>\n\t<meta name=\"twitter:data1\" content=\"1 minuta\" \/>\n<script type=\"application\/ld+json\" class=\"yoast-schema-graph\">{\"@context\":\"https:\\\/\\\/schema.org\",\"@graph\":[{\"@type\":\"WebPage\",\"@id\":\"https:\\\/\\\/antykomunistyczni.pl\\\/index.php\\\/directory-komunisci\\\/organizacje_komunistyczne\\\/lewica-razem\\\/\",\"url\":\"https:\\\/\\\/antykomunistyczni.pl\\\/index.php\\\/directory-komunisci\\\/organizacje_komunistyczne\\\/lewica-razem\\\/\",\"name\":\"Lewica Razem - Antykomunistyczni.pl\",\"isPartOf\":{\"@id\":\"https:\\\/\\\/antykomunistyczni.pl\\\/#website\"},\"datePublished\":\"2026-03-31T14:12:36+00:00\",\"dateModified\":\"2026-03-31T18:55:09+00:00\",\"description\":\"Lewica Razem to radykalnie lewicowa partia o profilu marksistowsko-socjalistycznym, za\u0142o\u017cona w 2015 roku przez grup\u0119 aktywist\u00f3w zwi\u0105zanych wcze\u015bniej z ruchem anarchistycznym, alterglobalistycznym i trockistowskim.\",\"breadcrumb\":{\"@id\":\"https:\\\/\\\/antykomunistyczni.pl\\\/index.php\\\/directory-komunisci\\\/organizacje_komunistyczne\\\/lewica-razem\\\/#breadcrumb\"},\"inLanguage\":\"pl-PL\",\"potentialAction\":[{\"@type\":\"ReadAction\",\"target\":[\"https:\\\/\\\/antykomunistyczni.pl\\\/index.php\\\/directory-komunisci\\\/organizacje_komunistyczne\\\/lewica-razem\\\/\"]}]},{\"@type\":\"BreadcrumbList\",\"@id\":\"https:\\\/\\\/antykomunistyczni.pl\\\/index.php\\\/directory-komunisci\\\/organizacje_komunistyczne\\\/lewica-razem\\\/#breadcrumb\",\"itemListElement\":[{\"@type\":\"ListItem\",\"position\":1,\"name\":\"Strona g\u0142\u00f3wna\",\"item\":\"https:\\\/\\\/antykomunistyczni.pl\\\/\"},{\"@type\":\"ListItem\",\"position\":2,\"name\":\"Lewica Razem\"}]},{\"@type\":\"WebSite\",\"@id\":\"https:\\\/\\\/antykomunistyczni.pl\\\/#website\",\"url\":\"https:\\\/\\\/antykomunistyczni.pl\\\/\",\"name\":\"Antykomunistyczni.pl\",\"description\":\"\",\"publisher\":{\"@id\":\"https:\\\/\\\/antykomunistyczni.pl\\\/#organization\"},\"alternateName\":\"Historia PRL, zbrodnie komunistyczne w Polsce i na \u015bwiecie\",\"potentialAction\":[{\"@type\":\"SearchAction\",\"target\":{\"@type\":\"EntryPoint\",\"urlTemplate\":\"https:\\\/\\\/antykomunistyczni.pl\\\/?s={search_term_string}\"},\"query-input\":{\"@type\":\"PropertyValueSpecification\",\"valueRequired\":true,\"valueName\":\"search_term_string\"}}],\"inLanguage\":\"pl-PL\"},{\"@type\":\"Organization\",\"@id\":\"https:\\\/\\\/antykomunistyczni.pl\\\/#organization\",\"name\":\"Antykomunistyczni.pl\",\"url\":\"https:\\\/\\\/antykomunistyczni.pl\\\/\",\"logo\":{\"@type\":\"ImageObject\",\"inLanguage\":\"pl-PL\",\"@id\":\"https:\\\/\\\/antykomunistyczni.pl\\\/#\\\/schema\\\/logo\\\/image\\\/\",\"url\":\"https:\\\/\\\/antykomunistyczni.pl\\\/wp-content\\\/uploads\\\/2026\\\/02\\\/cropped-AntykomunistyczniLogoSquare150x150-2.png\",\"contentUrl\":\"https:\\\/\\\/antykomunistyczni.pl\\\/wp-content\\\/uploads\\\/2026\\\/02\\\/cropped-AntykomunistyczniLogoSquare150x150-2.png\",\"width\":150,\"height\":150,\"caption\":\"Antykomunistyczni.pl\"},\"image\":{\"@id\":\"https:\\\/\\\/antykomunistyczni.pl\\\/#\\\/schema\\\/logo\\\/image\\\/\"},\"sameAs\":[\"https:\\\/\\\/www.facebook.com\\\/antykomunistyczni\\\/\",\"https:\\\/\\\/x.com\\\/anty_komunisci\"]}]}<\/script>\n<!-- \/ Yoast SEO plugin. -->","yoast_head_json":{"title":"Lewica Razem - Antykomunistyczni.pl","description":"Lewica Razem to radykalnie lewicowa partia o profilu marksistowsko-socjalistycznym, za\u0142o\u017cona w 2015 roku przez grup\u0119 aktywist\u00f3w zwi\u0105zanych wcze\u015bniej z ruchem anarchistycznym, alterglobalistycznym i trockistowskim.","robots":{"index":"index","follow":"follow","max-snippet":"max-snippet:-1","max-image-preview":"max-image-preview:large","max-video-preview":"max-video-preview:-1"},"canonical":"https:\/\/antykomunistyczni.pl\/index.php\/directory-komunisci\/organizacje_komunistyczne\/lewica-razem\/","og_locale":"pl_PL","og_type":"article","og_title":"Lewica Razem - Antykomunistyczni.pl","og_description":"Lewica Razem to radykalnie lewicowa partia o profilu marksistowsko-socjalistycznym, za\u0142o\u017cona w 2015 roku przez grup\u0119 aktywist\u00f3w zwi\u0105zanych wcze\u015bniej z ruchem anarchistycznym, alterglobalistycznym i trockistowskim.","og_url":"https:\/\/antykomunistyczni.pl\/index.php\/directory-komunisci\/organizacje_komunistyczne\/lewica-razem\/","og_site_name":"Antykomunistyczni.pl","article_publisher":"https:\/\/www.facebook.com\/antykomunistyczni\/","article_modified_time":"2026-03-31T18:55:09+00:00","og_image":[{"width":1024,"height":1024,"url":"https:\/\/antykomunistyczni.pl\/wp-content\/uploads\/2026\/02\/AntykomunistyczniLogoSquare.png","type":"image\/png"}],"twitter_card":"summary_large_image","twitter_site":"@anty_komunisci","twitter_misc":{"Szacowany czas czytania":"1 minuta"},"schema":{"@context":"https:\/\/schema.org","@graph":[{"@type":"WebPage","@id":"https:\/\/antykomunistyczni.pl\/index.php\/directory-komunisci\/organizacje_komunistyczne\/lewica-razem\/","url":"https:\/\/antykomunistyczni.pl\/index.php\/directory-komunisci\/organizacje_komunistyczne\/lewica-razem\/","name":"Lewica Razem - Antykomunistyczni.pl","isPartOf":{"@id":"https:\/\/antykomunistyczni.pl\/#website"},"datePublished":"2026-03-31T14:12:36+00:00","dateModified":"2026-03-31T18:55:09+00:00","description":"Lewica Razem to radykalnie lewicowa partia o profilu marksistowsko-socjalistycznym, za\u0142o\u017cona w 2015 roku przez grup\u0119 aktywist\u00f3w zwi\u0105zanych wcze\u015bniej z ruchem anarchistycznym, alterglobalistycznym i trockistowskim.","breadcrumb":{"@id":"https:\/\/antykomunistyczni.pl\/index.php\/directory-komunisci\/organizacje_komunistyczne\/lewica-razem\/#breadcrumb"},"inLanguage":"pl-PL","potentialAction":[{"@type":"ReadAction","target":["https:\/\/antykomunistyczni.pl\/index.php\/directory-komunisci\/organizacje_komunistyczne\/lewica-razem\/"]}]},{"@type":"BreadcrumbList","@id":"https:\/\/antykomunistyczni.pl\/index.php\/directory-komunisci\/organizacje_komunistyczne\/lewica-razem\/#breadcrumb","itemListElement":[{"@type":"ListItem","position":1,"name":"Strona g\u0142\u00f3wna","item":"https:\/\/antykomunistyczni.pl\/"},{"@type":"ListItem","position":2,"name":"Lewica Razem"}]},{"@type":"WebSite","@id":"https:\/\/antykomunistyczni.pl\/#website","url":"https:\/\/antykomunistyczni.pl\/","name":"Antykomunistyczni.pl","description":"","publisher":{"@id":"https:\/\/antykomunistyczni.pl\/#organization"},"alternateName":"Historia PRL, zbrodnie komunistyczne w Polsce i na \u015bwiecie","potentialAction":[{"@type":"SearchAction","target":{"@type":"EntryPoint","urlTemplate":"https:\/\/antykomunistyczni.pl\/?s={search_term_string}"},"query-input":{"@type":"PropertyValueSpecification","valueRequired":true,"valueName":"search_term_string"}}],"inLanguage":"pl-PL"},{"@type":"Organization","@id":"https:\/\/antykomunistyczni.pl\/#organization","name":"Antykomunistyczni.pl","url":"https:\/\/antykomunistyczni.pl\/","logo":{"@type":"ImageObject","inLanguage":"pl-PL","@id":"https:\/\/antykomunistyczni.pl\/#\/schema\/logo\/image\/","url":"https:\/\/antykomunistyczni.pl\/wp-content\/uploads\/2026\/02\/cropped-AntykomunistyczniLogoSquare150x150-2.png","contentUrl":"https:\/\/antykomunistyczni.pl\/wp-content\/uploads\/2026\/02\/cropped-AntykomunistyczniLogoSquare150x150-2.png","width":150,"height":150,"caption":"Antykomunistyczni.pl"},"image":{"@id":"https:\/\/antykomunistyczni.pl\/#\/schema\/logo\/image\/"},"sameAs":["https:\/\/www.facebook.com\/antykomunistyczni\/","https:\/\/x.com\/anty_komunisci"]}]}},"drts_fields":{"field_phone":["663 483 923"],"field_email":["kontakt@partiarazem.pl"],"field_website":["https:\/\/partiarazem.pl"],"field_date_established":["2015-06-30T00:00:00+02:00"],"field_skrot_nazwy_popularna_nazwa":["Razem"],"field_status_organizacji":["Aktywna"],"field_data_rozwiazania_delegalizacji_1":[],"field_powod_delegalizacji1":[false],"field_szacunkowa_liczba_czlonkow1":[],"field_powiazania_miedzynarodowe1":false,"field_czerwona_flaga1":[],"field_kluczowe_wydarzenia":["2015 \u2013 Wej\u015bcie do Sejmu w ramach koalicji Zjednoczona Lewica (nie przekroczy\u0142a progu jako samodzielna partia, ale sta\u0142a si\u0119 widoczna)\r\n2019 i 2023 \u2013 Start w wyborach samodzielnie lub w szerszych koalicjach lewicowych\r\n2020\u20132022 \u2013 Silne zaanga\u017cowanie w protesty Strajku Kobiet i radykaln\u0105 lewicow\u0105 agend\u0119\r\n2024 \u2013 Adrian Zandberg w wywiadzie stwierdzi\u0142: \u201eKapitalizm jest systemem, kt\u00f3ry musi zosta\u0107 zast\u0105piony przez socjalizm demokratyczny. Nie ma trzeciej drogi.\u201d\r\n2025 \u2013 Partia wielokrotnie broni\u0142a postaci historycznych lewicy rewolucyjnej, krytykuj\u0105c \u201eantykomunistyczn\u0105 propagand\u0119\u201d i proces usuwania symboli komunistycznych w Polsce."],"field_liderzy_organizacji":["Adrian Zandberg (przewodnicz\u0105cy)\r\n\r\nMarcelina Zawisza\r\nMaciej Konieczny\r\nPaulina Matysiak"],"location_address":[{"address":"Razem, 27\/1, Nowy \u015awiat, Centrum, \u015ar\u00f3dmie\u015bcie P\u00f3\u0142nocne, \u015ar\u00f3dmie\u015bcie, Warszawa, wojew\u00f3dztwo mazowieckie, 00-373, Polska","street":"Nowy \u015awiat 27\/1","street2":"","city":"Warszawa","province":"wojew\u00f3dztwo mazowieckie","zip":"00-029","country":"Polska","timezone":"Europe\/Warsaw","zoom":10,"lat":52.232872,"lng":21.019506,"term_id":0,"display_address":"Nowy \u015awiat 27\/1, 00-029, Warszawa, Polska"}],"field_ideologia":["Partia polityczna (skrajna lewica \/ demokratyczny socjalizm)"],"field_powiazania_miedzynarodowe_opis":[false]},"_links":{"self":[{"href":"https:\/\/antykomunistyczni.pl\/index.php\/wp-json\/wp\/v2\/komunisci_dir_ltg\/1936","targetHints":{"allow":["GET"]}}],"collection":[{"href":"https:\/\/antykomunistyczni.pl\/index.php\/wp-json\/wp\/v2\/komunisci_dir_ltg"}],"about":[{"href":"https:\/\/antykomunistyczni.pl\/index.php\/wp-json\/wp\/v2\/types\/komunisci_dir_ltg"}],"author":[{"embeddable":true,"href":"https:\/\/antykomunistyczni.pl\/index.php\/wp-json\/wp\/v2\/users\/1"}],"replies":[{"embeddable":true,"href":"https:\/\/antykomunistyczni.pl\/index.php\/wp-json\/wp\/v2\/comments?post=1936"}],"wp:attachment":[{"href":"https:\/\/antykomunistyczni.pl\/index.php\/wp-json\/wp\/v2\/media?parent=1936"}],"wp:term":[{"taxonomy":"komunisci_dir_tag","embeddable":true,"href":"https:\/\/antykomunistyczni.pl\/index.php\/wp-json\/wp\/v2\/komunisci_dir_tag?post=1936"},{"taxonomy":"komunisci_loc_loc","embeddable":true,"href":"https:\/\/antykomunistyczni.pl\/index.php\/wp-json\/wp\/v2\/komunisci_loc_loc?post=1936"}],"curies":[{"name":"wp","href":"https:\/\/api.w.org\/{rel}","templated":true}]}}

<!-- This site is optimized with the Yoast SEO plugin v28.4 - https://yoast.com/product/yoast-seo-wordpress/ -->
<title>Lewica Razem - Antykomunistyczni.pl</title>
<meta name="description" content="Lewica Razem to radykalnie lewicowa partia o profilu marksistowsko-socjalistycznym, założona w 2015 roku przez grupę aktywistów związanych wcześniej z ruchem anarchistycznym, alterglobalistycznym i trockistowskim." />
<meta name="robots" content="index, follow, max-snippet:-1, max-image-preview:large, max-video-preview:-1" />
<link rel="canonical" href="https://antykomunistyczni.pl/index.php/directory-komunisci/organizacje_komunistyczne/lewica-razem/" />
<meta property="og:locale" content="pl_PL" />
<meta property="og:type" content="article" />
<meta property="og:title" content="Lewica Razem - Antykomunistyczni.pl" />
<meta property="og:description" content="Lewica Razem to radykalnie lewicowa partia o profilu marksistowsko-socjalistycznym, założona w 2015 roku przez grupę aktywistów związanych wcześniej z ruchem anarchistycznym, alterglobalistycznym i trockistowskim." />
<meta property="og:url" content="https://antykomunistyczni.pl/index.php/directory-komunisci/organizacje_komunistyczne/lewica-razem/" />
<meta property="og:site_name" content="Antykomunistyczni.pl" />
<meta property="article:publisher" content="https://www.facebook.com/antykomunistyczni/" />
<meta property="article:modified_time" content="2026-03-31T18:55:09+00:00" />
<meta property="og:image" content="https://antykomunistyczni.pl/wp-content/uploads/2026/02/AntykomunistyczniLogoSquare.png" />
	<meta property="og:image:width" content="1024" />
	<meta property="og:image:height" content="1024" />
	<meta property="og:image:type" content="image/png" />
<meta name="twitter:card" content="summary_large_image" />
<meta name="twitter:site" content="@anty_komunisci" />
<meta name="twitter:label1" content="Szacowany czas czytania" />
	<meta name="twitter:data1" content="1 minuta" />
<script type="application/ld+json" class="yoast-schema-graph">{"@context":"https:\/\/schema.org","@graph":[{"@type":"WebPage","@id":"https:\/\/antykomunistyczni.pl\/index.php\/directory-komunisci\/organizacje_komunistyczne\/lewica-razem\/","url":"https:\/\/antykomunistyczni.pl\/index.php\/directory-komunisci\/organizacje_komunistyczne\/lewica-razem\/","name":"Lewica Razem - Antykomunistyczni.pl","isPartOf":{"@id":"https:\/\/antykomunistyczni.pl\/#website"},"datePublished":"2026-03-31T14:12:36+00:00","dateModified":"2026-03-31T18:55:09+00:00","description":"Lewica Razem to radykalnie lewicowa partia o profilu marksistowsko-socjalistycznym, założona w 2015 roku przez grupę aktywistów związanych wcześniej z ruchem anarchistycznym, alterglobalistycznym i trockistowskim.","breadcrumb":{"@id":"https:\/\/antykomunistyczni.pl\/index.php\/directory-komunisci\/organizacje_komunistyczne\/lewica-razem\/#breadcrumb"},"inLanguage":"pl-PL","potentialAction":[{"@type":"ReadAction","target":["https:\/\/antykomunistyczni.pl\/index.php\/directory-komunisci\/organizacje_komunistyczne\/lewica-razem\/"]}]},{"@type":"BreadcrumbList","@id":"https:\/\/antykomunistyczni.pl\/index.php\/directory-komunisci\/organizacje_komunistyczne\/lewica-razem\/#breadcrumb","itemListElement":[{"@type":"ListItem","position":1,"name":"Strona główna","item":"https:\/\/antykomunistyczni.pl\/"},{"@type":"ListItem","position":2,"name":"Lewica Razem"}]},{"@type":"WebSite","@id":"https:\/\/antykomunistyczni.pl\/#website","url":"https:\/\/antykomunistyczni.pl\/","name":"Antykomunistyczni.pl","description":"","publisher":{"@id":"https:\/\/antykomunistyczni.pl\/#organization"},"alternateName":"Historia PRL, zbrodnie komunistyczne w Polsce i na świecie","potentialAction":[{"@type":"SearchAction","target":{"@type":"EntryPoint","urlTemplate":"https:\/\/antykomunistyczni.pl\/?s={search_term_string}"},"query-input":{"@type":"PropertyValueSpecification","valueRequired":true,"valueName":"search_term_string"}}],"inLanguage":"pl-PL"},{"@type":"Organization","@id":"https:\/\/antykomunistyczni.pl\/#organization","name":"Antykomunistyczni.pl","url":"https:\/\/antykomunistyczni.pl\/","logo":{"@type":"ImageObject","inLanguage":"pl-PL","@id":"https:\/\/antykomunistyczni.pl\/#\/schema\/logo\/image\/","url":"https:\/\/antykomunistyczni.pl\/wp-content\/uploads\/2026\/02\/cropped-AntykomunistyczniLogoSquare150x150-2.png","contentUrl":"https:\/\/antykomunistyczni.pl\/wp-content\/uploads\/2026\/02\/cropped-AntykomunistyczniLogoSquare150x150-2.png","width":150,"height":150,"caption":"Antykomunistyczni.pl"},"image":{"@id":"https:\/\/antykomunistyczni.pl\/#\/schema\/logo\/image\/"},"sameAs":["https:\/\/www.facebook.com\/antykomunistyczni\/","https:\/\/x.com\/anty_komunisci"]}]}</script>
<!-- / Yoast SEO plugin. -->

Lewica Razem to radykalnie lewicowa partia o profilu marksistowsko-socjalistycznym, założona w 2015 roku przez grupę aktywistów związanych wcześniej z ruchem anarchistycznym, alterglobalistycznym i trockistowskim.

Strona główna

Historia PRL, zbrodnie komunistyczne w Polsce i na świecie

2015 – Wejście do Sejmu w ramach koalicji Zjednoczona Lewica (nie przekroczyła progu jako samodzielna partia, ale stała się widoczna)
2019 i 2023 – Start w wyborach samodzielnie lub w szerszych koalicjach lewicowych
2020–2022 – Silne zaangażowanie w protesty Strajku Kobiet i radykalną lewicową agendę
2024 – Adrian Zandberg w wywiadzie stwierdził: „Kapitalizm jest systemem, który musi zostać zastąpiony przez socjalizm demokratyczny. Nie ma trzeciej drogi.”
2025 – Partia wielokrotnie broniła postaci historycznych lewicy rewolucyjnej, krytykując „antykomunistyczną propagandę” i proces usuwania symboli komunistycznych w Polsce.

Adrian Zandberg (przewodniczący)

Marcelina Zawisza
Maciej Konieczny
Paulina Matysiak

Razem, 27/1, Nowy Świat, Centrum, Śródmieście Północne, Śródmieście, Warszawa, województwo mazowieckie, 00-373, Polska

Nowy Świat 27/1

województwo mazowieckie

Nowy Świat 27/1, 00-029, Warszawa, Polska
