{"id":1970,"date":"2026-03-31T21:40:27","date_gmt":"2026-03-31T19:40:27","guid":{"rendered":"https:\/\/antykomunistyczni.pl\/index.php\/directory-komunisci\/organizacje_komunistyczne\/unia-pracy\/"},"modified":"2026-03-31T21:41:25","modified_gmt":"2026-03-31T19:41:25","slug":"unia-pracy","status":"publish","type":"komunisci_dir_ltg","link":"https:\/\/antykomunistyczni.pl\/index.php\/directory-komunisci\/organizacje_komunistyczne\/unia-pracy\/","title":{"rendered":"Unia Pracy"},"author":1,"comment_status":"closed","ping_status":"closed","template":"","komunisci_dir_tag":[],"komunisci_loc_loc":[],"class_list":["post-1970","komunisci_dir_ltg","type-komunisci_dir_ltg","status-publish","hentry"],"yoast_head":"<!-- This site is optimized with the Yoast SEO plugin v28.4 - https:\/\/yoast.com\/product\/yoast-seo-wordpress\/ -->\n<title>Unia Pracy - Antykomunistyczni.pl<\/title>\n<meta name=\"robots\" content=\"index, follow, max-snippet:-1, max-image-preview:large, max-video-preview:-1\" \/>\n<link rel=\"canonical\" href=\"https:\/\/antykomunistyczni.pl\/index.php\/directory-komunisci\/organizacje_komunistyczne\/unia-pracy\/\" \/>\n<meta property=\"og:locale\" content=\"pl_PL\" \/>\n<meta property=\"og:type\" content=\"article\" \/>\n<meta property=\"og:title\" content=\"Unia Pracy - Antykomunistyczni.pl\" \/>\n<meta property=\"og:description\" content=\"Unia Pracy to jedna z najstarszych dzia\u0142aj\u0105cych partii lewicowych w Polsce, powsta\u0142a w 1992 roku jako fuzja kilku organizacji lewicowych, w tym \u015brodowisk wywodz\u0105cych si\u0119 z reformatorskiego skrzyd\u0142a PZPR (m.in. Wielkopolska Unia Socjaldemokratyczna) oraz cz\u0119\u015bci dawnej \u201eSolidarno\u015bci\u201d (Solidarno\u015b\u0107 Pracy i Ruch Demokratyczno-Spo\u0142eczny Zbigniewa Bujaka). Partia ma charakter socjaldemokratyczny z silnymi akcentami proeuropejskimi i progresywnymi. Od [&hellip;]\" \/>\n<meta property=\"og:url\" content=\"https:\/\/antykomunistyczni.pl\/index.php\/directory-komunisci\/organizacje_komunistyczne\/unia-pracy\/\" \/>\n<meta property=\"og:site_name\" content=\"Antykomunistyczni.pl\" \/>\n<meta property=\"article:publisher\" content=\"https:\/\/www.facebook.com\/antykomunistyczni\/\" \/>\n<meta property=\"article:modified_time\" content=\"2026-03-31T19:41:25+00:00\" \/>\n<meta property=\"og:image\" content=\"https:\/\/antykomunistyczni.pl\/wp-content\/uploads\/2026\/02\/AntykomunistyczniLogoSquare.png\" \/>\n\t<meta property=\"og:image:width\" content=\"1024\" \/>\n\t<meta property=\"og:image:height\" content=\"1024\" \/>\n\t<meta property=\"og:image:type\" content=\"image\/png\" \/>\n<meta name=\"twitter:card\" content=\"summary_large_image\" \/>\n<meta name=\"twitter:site\" content=\"@anty_komunisci\" \/>\n<meta name=\"twitter:label1\" content=\"Szacowany czas czytania\" \/>\n\t<meta name=\"twitter:data1\" content=\"1 minuta\" \/>\n<script type=\"application\/ld+json\" class=\"yoast-schema-graph\">{\"@context\":\"https:\\\/\\\/schema.org\",\"@graph\":[{\"@type\":\"WebPage\",\"@id\":\"https:\\\/\\\/antykomunistyczni.pl\\\/index.php\\\/directory-komunisci\\\/organizacje_komunistyczne\\\/unia-pracy\\\/\",\"url\":\"https:\\\/\\\/antykomunistyczni.pl\\\/index.php\\\/directory-komunisci\\\/organizacje_komunistyczne\\\/unia-pracy\\\/\",\"name\":\"Unia Pracy - Antykomunistyczni.pl\",\"isPartOf\":{\"@id\":\"https:\\\/\\\/antykomunistyczni.pl\\\/#website\"},\"datePublished\":\"2026-03-31T19:40:27+00:00\",\"dateModified\":\"2026-03-31T19:41:25+00:00\",\"breadcrumb\":{\"@id\":\"https:\\\/\\\/antykomunistyczni.pl\\\/index.php\\\/directory-komunisci\\\/organizacje_komunistyczne\\\/unia-pracy\\\/#breadcrumb\"},\"inLanguage\":\"pl-PL\",\"potentialAction\":[{\"@type\":\"ReadAction\",\"target\":[\"https:\\\/\\\/antykomunistyczni.pl\\\/index.php\\\/directory-komunisci\\\/organizacje_komunistyczne\\\/unia-pracy\\\/\"]}]},{\"@type\":\"BreadcrumbList\",\"@id\":\"https:\\\/\\\/antykomunistyczni.pl\\\/index.php\\\/directory-komunisci\\\/organizacje_komunistyczne\\\/unia-pracy\\\/#breadcrumb\",\"itemListElement\":[{\"@type\":\"ListItem\",\"position\":1,\"name\":\"Strona g\u0142\u00f3wna\",\"item\":\"https:\\\/\\\/antykomunistyczni.pl\\\/\"},{\"@type\":\"ListItem\",\"position\":2,\"name\":\"Unia Pracy\"}]},{\"@type\":\"WebSite\",\"@id\":\"https:\\\/\\\/antykomunistyczni.pl\\\/#website\",\"url\":\"https:\\\/\\\/antykomunistyczni.pl\\\/\",\"name\":\"Antykomunistyczni.pl\",\"description\":\"\",\"publisher\":{\"@id\":\"https:\\\/\\\/antykomunistyczni.pl\\\/#organization\"},\"alternateName\":\"Historia PRL, zbrodnie komunistyczne w Polsce i na \u015bwiecie\",\"potentialAction\":[{\"@type\":\"SearchAction\",\"target\":{\"@type\":\"EntryPoint\",\"urlTemplate\":\"https:\\\/\\\/antykomunistyczni.pl\\\/?s={search_term_string}\"},\"query-input\":{\"@type\":\"PropertyValueSpecification\",\"valueRequired\":true,\"valueName\":\"search_term_string\"}}],\"inLanguage\":\"pl-PL\"},{\"@type\":\"Organization\",\"@id\":\"https:\\\/\\\/antykomunistyczni.pl\\\/#organization\",\"name\":\"Antykomunistyczni.pl\",\"url\":\"https:\\\/\\\/antykomunistyczni.pl\\\/\",\"logo\":{\"@type\":\"ImageObject\",\"inLanguage\":\"pl-PL\",\"@id\":\"https:\\\/\\\/antykomunistyczni.pl\\\/#\\\/schema\\\/logo\\\/image\\\/\",\"url\":\"https:\\\/\\\/antykomunistyczni.pl\\\/wp-content\\\/uploads\\\/2026\\\/02\\\/cropped-AntykomunistyczniLogoSquare150x150-2.png\",\"contentUrl\":\"https:\\\/\\\/antykomunistyczni.pl\\\/wp-content\\\/uploads\\\/2026\\\/02\\\/cropped-AntykomunistyczniLogoSquare150x150-2.png\",\"width\":150,\"height\":150,\"caption\":\"Antykomunistyczni.pl\"},\"image\":{\"@id\":\"https:\\\/\\\/antykomunistyczni.pl\\\/#\\\/schema\\\/logo\\\/image\\\/\"},\"sameAs\":[\"https:\\\/\\\/www.facebook.com\\\/antykomunistyczni\\\/\",\"https:\\\/\\\/x.com\\\/anty_komunisci\"]}]}<\/script>\n<!-- \/ Yoast SEO plugin. -->","yoast_head_json":{"title":"Unia Pracy - Antykomunistyczni.pl","robots":{"index":"index","follow":"follow","max-snippet":"max-snippet:-1","max-image-preview":"max-image-preview:large","max-video-preview":"max-video-preview:-1"},"canonical":"https:\/\/antykomunistyczni.pl\/index.php\/directory-komunisci\/organizacje_komunistyczne\/unia-pracy\/","og_locale":"pl_PL","og_type":"article","og_title":"Unia Pracy - Antykomunistyczni.pl","og_description":"Unia Pracy to jedna z najstarszych dzia\u0142aj\u0105cych partii lewicowych w Polsce, powsta\u0142a w 1992 roku jako fuzja kilku organizacji lewicowych, w tym \u015brodowisk wywodz\u0105cych si\u0119 z reformatorskiego skrzyd\u0142a PZPR (m.in. Wielkopolska Unia Socjaldemokratyczna) oraz cz\u0119\u015bci dawnej \u201eSolidarno\u015bci\u201d (Solidarno\u015b\u0107 Pracy i Ruch Demokratyczno-Spo\u0142eczny Zbigniewa Bujaka). Partia ma charakter socjaldemokratyczny z silnymi akcentami proeuropejskimi i progresywnymi. Od [&hellip;]","og_url":"https:\/\/antykomunistyczni.pl\/index.php\/directory-komunisci\/organizacje_komunistyczne\/unia-pracy\/","og_site_name":"Antykomunistyczni.pl","article_publisher":"https:\/\/www.facebook.com\/antykomunistyczni\/","article_modified_time":"2026-03-31T19:41:25+00:00","og_image":[{"width":1024,"height":1024,"url":"https:\/\/antykomunistyczni.pl\/wp-content\/uploads\/2026\/02\/AntykomunistyczniLogoSquare.png","type":"image\/png"}],"twitter_card":"summary_large_image","twitter_site":"@anty_komunisci","twitter_misc":{"Szacowany czas czytania":"1 minuta"},"schema":{"@context":"https:\/\/schema.org","@graph":[{"@type":"WebPage","@id":"https:\/\/antykomunistyczni.pl\/index.php\/directory-komunisci\/organizacje_komunistyczne\/unia-pracy\/","url":"https:\/\/antykomunistyczni.pl\/index.php\/directory-komunisci\/organizacje_komunistyczne\/unia-pracy\/","name":"Unia Pracy - Antykomunistyczni.pl","isPartOf":{"@id":"https:\/\/antykomunistyczni.pl\/#website"},"datePublished":"2026-03-31T19:40:27+00:00","dateModified":"2026-03-31T19:41:25+00:00","breadcrumb":{"@id":"https:\/\/antykomunistyczni.pl\/index.php\/directory-komunisci\/organizacje_komunistyczne\/unia-pracy\/#breadcrumb"},"inLanguage":"pl-PL","potentialAction":[{"@type":"ReadAction","target":["https:\/\/antykomunistyczni.pl\/index.php\/directory-komunisci\/organizacje_komunistyczne\/unia-pracy\/"]}]},{"@type":"BreadcrumbList","@id":"https:\/\/antykomunistyczni.pl\/index.php\/directory-komunisci\/organizacje_komunistyczne\/unia-pracy\/#breadcrumb","itemListElement":[{"@type":"ListItem","position":1,"name":"Strona g\u0142\u00f3wna","item":"https:\/\/antykomunistyczni.pl\/"},{"@type":"ListItem","position":2,"name":"Unia Pracy"}]},{"@type":"WebSite","@id":"https:\/\/antykomunistyczni.pl\/#website","url":"https:\/\/antykomunistyczni.pl\/","name":"Antykomunistyczni.pl","description":"","publisher":{"@id":"https:\/\/antykomunistyczni.pl\/#organization"},"alternateName":"Historia PRL, zbrodnie komunistyczne w Polsce i na \u015bwiecie","potentialAction":[{"@type":"SearchAction","target":{"@type":"EntryPoint","urlTemplate":"https:\/\/antykomunistyczni.pl\/?s={search_term_string}"},"query-input":{"@type":"PropertyValueSpecification","valueRequired":true,"valueName":"search_term_string"}}],"inLanguage":"pl-PL"},{"@type":"Organization","@id":"https:\/\/antykomunistyczni.pl\/#organization","name":"Antykomunistyczni.pl","url":"https:\/\/antykomunistyczni.pl\/","logo":{"@type":"ImageObject","inLanguage":"pl-PL","@id":"https:\/\/antykomunistyczni.pl\/#\/schema\/logo\/image\/","url":"https:\/\/antykomunistyczni.pl\/wp-content\/uploads\/2026\/02\/cropped-AntykomunistyczniLogoSquare150x150-2.png","contentUrl":"https:\/\/antykomunistyczni.pl\/wp-content\/uploads\/2026\/02\/cropped-AntykomunistyczniLogoSquare150x150-2.png","width":150,"height":150,"caption":"Antykomunistyczni.pl"},"image":{"@id":"https:\/\/antykomunistyczni.pl\/#\/schema\/logo\/image\/"},"sameAs":["https:\/\/www.facebook.com\/antykomunistyczni\/","https:\/\/x.com\/anty_komunisci"]}]}},"drts_fields":{"field_phone":[],"field_email":["uniapracy.org@wp.pl"],"field_website":["http:\/\/uniapracy.org.pl\/"],"field_date_established":["1992-06-07T00:00:00+02:00"],"field_skrot_nazwy_popularna_nazwa":[],"field_status_organizacji":["Aktywna"],"field_data_rozwiazania_delegalizacji_1":[],"field_powod_delegalizacji1":[false],"field_szacunkowa_liczba_czlonkow1":[],"field_powiazania_miedzynarodowe1":false,"field_czerwona_flaga1":["Propaguje ideologi\u0119 totalitarn\u0105","Gloryfikuje zbrodniarzy komunistycznych"],"field_kluczowe_wydarzenia":["- 1992 \u2013 Za\u0142o\u017cenie partii przez by\u0142ych dzia\u0142aczy PZPR i \u015brodowiska post-\u201eSolidarno\u015bci\u201d.\r\n- 2001\u20132005 \u2013 Wej\u015bcie do koalicji rz\u0105dowej SLD\u2013UP\u2013PSL. Unia Pracy otrzyma\u0142a m.in. resort pracy (Jerzy Hausner) i aktywnego uczestnictwa w rz\u0105dach postkomunistycznej lewicy.\r\n- 2007\u20132015 \u2013 Okres marginalizacji po kl\u0119sce wyborczej SLD. Partia utrzymywa\u0142a si\u0119 g\u0142\u00f3wnie dzi\u0119ki koalicjom lokalnym i regionalnym.\r\n- 2019\u20132023 \u2013 Ponowne wej\u015bcie do szerszego bloku Lewicy i start w wyborach z list SLD\/Nowej Lewicy.\r\n- 2023 \u2013 Wsparcie koalicji KO\u2013Trzecia Droga\u2013Lewica i wej\u015bcie do trzeciego rz\u0105du Donalda Tuska poprzez klub parlamentarny Lewicy.\r\n- 2024\u20132026 \u2013 Regularne wypowiedzi Waldemara Witkowskiego broni\u0105ce \u201eosi\u0105gni\u0119\u0107 spo\u0142ecznych PRL-u\u201d i krytykuj\u0105ce \u201eantykomunistyczny rewan\u017cyzm\u201d."],"field_liderzy_organizacji":["Waldemar Witkowski (od 2006 roku)"],"location_address":[{"address":"50, Zwyci\u0119zc\u00f3w, Saska K\u0119pa, Praga-Po\u0142udnie, Warszawa, wojew\u00f3dztwo mazowieckie, 03-938, Polska","street":"","street2":"","city":"Warszawa","province":"wojew\u00f3dztwo mazowieckie","zip":"","country":"Polska","timezone":"Europe\/Warsaw","zoom":10,"lat":52.233373999999998,"lng":21.071148999999998,"term_id":0,"display_address":"Warszawa, Polska"}],"field_ideologia":["Partia polityczna (socjaldemokratyczna \/ postkomunistyczna lewica)"],"field_powiazania_miedzynarodowe_opis":[false]},"_links":{"self":[{"href":"https:\/\/antykomunistyczni.pl\/index.php\/wp-json\/wp\/v2\/komunisci_dir_ltg\/1970","targetHints":{"allow":["GET"]}}],"collection":[{"href":"https:\/\/antykomunistyczni.pl\/index.php\/wp-json\/wp\/v2\/komunisci_dir_ltg"}],"about":[{"href":"https:\/\/antykomunistyczni.pl\/index.php\/wp-json\/wp\/v2\/types\/komunisci_dir_ltg"}],"author":[{"embeddable":true,"href":"https:\/\/antykomunistyczni.pl\/index.php\/wp-json\/wp\/v2\/users\/1"}],"replies":[{"embeddable":true,"href":"https:\/\/antykomunistyczni.pl\/index.php\/wp-json\/wp\/v2\/comments?post=1970"}],"wp:attachment":[{"href":"https:\/\/antykomunistyczni.pl\/index.php\/wp-json\/wp\/v2\/media?parent=1970"}],"wp:term":[{"taxonomy":"komunisci_dir_tag","embeddable":true,"href":"https:\/\/antykomunistyczni.pl\/index.php\/wp-json\/wp\/v2\/komunisci_dir_tag?post=1970"},{"taxonomy":"komunisci_loc_loc","embeddable":true,"href":"https:\/\/antykomunistyczni.pl\/index.php\/wp-json\/wp\/v2\/komunisci_loc_loc?post=1970"}],"curies":[{"name":"wp","href":"https:\/\/api.w.org\/{rel}","templated":true}]}}

<!-- This site is optimized with the Yoast SEO plugin v28.4 - https://yoast.com/product/yoast-seo-wordpress/ -->
<title>Unia Pracy - Antykomunistyczni.pl</title>
<meta name="robots" content="index, follow, max-snippet:-1, max-image-preview:large, max-video-preview:-1" />
<link rel="canonical" href="https://antykomunistyczni.pl/index.php/directory-komunisci/organizacje_komunistyczne/unia-pracy/" />
<meta property="og:locale" content="pl_PL" />
<meta property="og:type" content="article" />
<meta property="og:title" content="Unia Pracy - Antykomunistyczni.pl" />
<meta property="og:description" content="Unia Pracy to jedna z najstarszych działających partii lewicowych w Polsce, powstała w 1992 roku jako fuzja kilku organizacji lewicowych, w tym środowisk wywodzących się z reformatorskiego skrzydła PZPR (m.in. Wielkopolska Unia Socjaldemokratyczna) oraz części dawnej „Solidarności” (Solidarność Pracy i Ruch Demokratyczno-Społeczny Zbigniewa Bujaka). Partia ma charakter socjaldemokratyczny z silnymi akcentami proeuropejskimi i progresywnymi. Od [&hellip;]" />
<meta property="og:url" content="https://antykomunistyczni.pl/index.php/directory-komunisci/organizacje_komunistyczne/unia-pracy/" />
<meta property="og:site_name" content="Antykomunistyczni.pl" />
<meta property="article:publisher" content="https://www.facebook.com/antykomunistyczni/" />
<meta property="article:modified_time" content="2026-03-31T19:41:25+00:00" />
<meta property="og:image" content="https://antykomunistyczni.pl/wp-content/uploads/2026/02/AntykomunistyczniLogoSquare.png" />
	<meta property="og:image:width" content="1024" />
	<meta property="og:image:height" content="1024" />
	<meta property="og:image:type" content="image/png" />
<meta name="twitter:card" content="summary_large_image" />
<meta name="twitter:site" content="@anty_komunisci" />
<meta name="twitter:label1" content="Szacowany czas czytania" />
	<meta name="twitter:data1" content="1 minuta" />
<script type="application/ld+json" class="yoast-schema-graph">{"@context":"https:\/\/schema.org","@graph":[{"@type":"WebPage","@id":"https:\/\/antykomunistyczni.pl\/index.php\/directory-komunisci\/organizacje_komunistyczne\/unia-pracy\/","url":"https:\/\/antykomunistyczni.pl\/index.php\/directory-komunisci\/organizacje_komunistyczne\/unia-pracy\/","name":"Unia Pracy - Antykomunistyczni.pl","isPartOf":{"@id":"https:\/\/antykomunistyczni.pl\/#website"},"datePublished":"2026-03-31T19:40:27+00:00","dateModified":"2026-03-31T19:41:25+00:00","breadcrumb":{"@id":"https:\/\/antykomunistyczni.pl\/index.php\/directory-komunisci\/organizacje_komunistyczne\/unia-pracy\/#breadcrumb"},"inLanguage":"pl-PL","potentialAction":[{"@type":"ReadAction","target":["https:\/\/antykomunistyczni.pl\/index.php\/directory-komunisci\/organizacje_komunistyczne\/unia-pracy\/"]}]},{"@type":"BreadcrumbList","@id":"https:\/\/antykomunistyczni.pl\/index.php\/directory-komunisci\/organizacje_komunistyczne\/unia-pracy\/#breadcrumb","itemListElement":[{"@type":"ListItem","position":1,"name":"Strona główna","item":"https:\/\/antykomunistyczni.pl\/"},{"@type":"ListItem","position":2,"name":"Unia Pracy"}]},{"@type":"WebSite","@id":"https:\/\/antykomunistyczni.pl\/#website","url":"https:\/\/antykomunistyczni.pl\/","name":"Antykomunistyczni.pl","description":"","publisher":{"@id":"https:\/\/antykomunistyczni.pl\/#organization"},"alternateName":"Historia PRL, zbrodnie komunistyczne w Polsce i na świecie","potentialAction":[{"@type":"SearchAction","target":{"@type":"EntryPoint","urlTemplate":"https:\/\/antykomunistyczni.pl\/?s={search_term_string}"},"query-input":{"@type":"PropertyValueSpecification","valueRequired":true,"valueName":"search_term_string"}}],"inLanguage":"pl-PL"},{"@type":"Organization","@id":"https:\/\/antykomunistyczni.pl\/#organization","name":"Antykomunistyczni.pl","url":"https:\/\/antykomunistyczni.pl\/","logo":{"@type":"ImageObject","inLanguage":"pl-PL","@id":"https:\/\/antykomunistyczni.pl\/#\/schema\/logo\/image\/","url":"https:\/\/antykomunistyczni.pl\/wp-content\/uploads\/2026\/02\/cropped-AntykomunistyczniLogoSquare150x150-2.png","contentUrl":"https:\/\/antykomunistyczni.pl\/wp-content\/uploads\/2026\/02\/cropped-AntykomunistyczniLogoSquare150x150-2.png","width":150,"height":150,"caption":"Antykomunistyczni.pl"},"image":{"@id":"https:\/\/antykomunistyczni.pl\/#\/schema\/logo\/image\/"},"sameAs":["https:\/\/www.facebook.com\/antykomunistyczni\/","https:\/\/x.com\/anty_komunisci"]}]}</script>
<!-- / Yoast SEO plugin. -->

Unia Pracy to jedna z najstarszych działających partii lewicowych w Polsce, powstała w 1992 roku jako fuzja kilku organizacji lewicowych, w tym środowisk wywodzących się z reformatorskiego skrzydła PZPR (m.in. Wielkopolska Unia Socjaldemokratyczna) oraz części dawnej „Solidarności” (Solidarność Pracy i Ruch Demokratyczno-Społeczny Zbigniewa Bujaka). Partia ma charakter socjaldemokratyczny z silnymi akcentami proeuropejskimi i progresywnymi. Od [&hellip;]

Strona główna

Historia PRL, zbrodnie komunistyczne w Polsce i na świecie

Propaguje ideologię totalitarną

- 1992 – Założenie partii przez byłych działaczy PZPR i środowiska post-„Solidarności”.
- 2001–2005 – Wejście do koalicji rządowej SLD–UP–PSL. Unia Pracy otrzymała m.in. resort pracy (Jerzy Hausner) i aktywnego uczestnictwa w rządach postkomunistycznej lewicy.
- 2007–2015 – Okres marginalizacji po klęsce wyborczej SLD. Partia utrzymywała się głównie dzięki koalicjom lokalnym i regionalnym.
- 2019–2023 – Ponowne wejście do szerszego bloku Lewicy i start w wyborach z list SLD/Nowej Lewicy.
- 2023 – Wsparcie koalicji KO–Trzecia Droga–Lewica i wejście do trzeciego rządu Donalda Tuska poprzez klub parlamentarny Lewicy.
- 2024–2026 – Regularne wypowiedzi Waldemara Witkowskiego broniące „osiągnięć społecznych PRL-u” i krytykujące „antykomunistyczny rewanżyzm”.

50, Zwycięzców, Saska Kępa, Praga-Południe, Warszawa, województwo mazowieckie, 03-938, Polska

województwo mazowieckie
